{"id":7304,"date":"2024-06-27T15:19:37","date_gmt":"2024-06-27T13:19:37","guid":{"rendered":"https:\/\/catholiques17.fr\/jonzac\/?page_id=7304"},"modified":"2025-08-23T18:35:56","modified_gmt":"2025-08-23T16:35:56","slug":"cate-des-adultes","status":"publish","type":"page","link":"https:\/\/catholiques17.fr\/jonzac\/grandir-dans-la-foi-2\/cate-des-adultes\/","title":{"rendered":"Cat\u00e9 des adultes"},"content":{"rendered":"<p>[et_pb_section fb_built=\u00a0\u00bb1&Prime; _builder_version=\u00a0\u00bb4.16&Prime; _module_preset=\u00a0\u00bbdefault\u00a0\u00bb custom_padding=\u00a0\u00bb5px|||||\u00a0\u00bb global_colors_info=\u00a0\u00bb{}\u00a0\u00bb theme_builder_area=\u00a0\u00bbpost_content\u00a0\u00bb][et_pb_row column_structure=\u00a0\u00bb2_5,3_5&Prime; _builder_version=\u00a0\u00bb4.21.0&Prime; _module_preset=\u00a0\u00bbdefault\u00a0\u00bb custom_padding=\u00a0\u00bb6px|||||\u00a0\u00bb global_colors_info=\u00a0\u00bb{}\u00a0\u00bb theme_builder_area=\u00a0\u00bbpost_content\u00a0\u00bb][et_pb_column type=\u00a0\u00bb2_5&Prime; _builder_version=\u00a0\u00bb4.21.0&Prime; _module_preset=\u00a0\u00bbdefault\u00a0\u00bb global_colors_info=\u00a0\u00bb{}\u00a0\u00bb theme_builder_area=\u00a0\u00bbpost_content\u00a0\u00bb][et_pb_image src=\u00a0\u00bbhttps:\/\/catholiques17.fr\/jonzac\/wp-content\/uploads\/sites\/39\/2024\/12\/Planning-Parcours-catechisme-adultes.jpg\u00a0\u00bb title_text=\u00a0\u00bbPlanning Parcours cat\u00e9chisme adultes\u00a0\u00bb url=\u00a0\u00bbhttps:\/\/catholiques17.fr\/jonzac\/wp-content\/uploads\/sites\/39\/2024\/12\/Planning-Parcours-catechisme-adultes.jpg\u00a0\u00bb _builder_version=\u00a0\u00bb4.21.0&Prime; _module_preset=\u00a0\u00bbdefault\u00a0\u00bb global_colors_info=\u00a0\u00bb{}\u00a0\u00bb theme_builder_area=\u00a0\u00bbpost_content\u00a0\u00bb][\/et_pb_image][\/et_pb_column][et_pb_column type=\u00a0\u00bb3_5&Prime; _builder_version=\u00a0\u00bb4.21.0&Prime; _module_preset=\u00a0\u00bbdefault\u00a0\u00bb global_colors_info=\u00a0\u00bb{}\u00a0\u00bb theme_builder_area=\u00a0\u00bbpost_content\u00a0\u00bb][et_pb_text _builder_version=\u00a0\u00bb4.21.0&Prime; _module_preset=\u00a0\u00bbdefault\u00a0\u00bb global_colors_info=\u00a0\u00bb{}\u00a0\u00bb theme_builder_area=\u00a0\u00bbpost_content\u00a0\u00bb]<\/p>\n<h2 class=\"titre\">Le baptis\u00e9: un Porte-Parole.<\/h2>\n<div class=\"spip_doc_descriptif2\">\n<p>De nombreuses paroisses se lancent dans une nouvelle aventure : la cat\u00e9ch\u00e8se ! Quoi la cat\u00e9ch\u00e8se ? Mais cela fait des ann\u00e9es que l\u2019on fait du cat\u00e9chisme chez nous me direz-vous\u2026 Des ann\u00e9es justement, des ann\u00e9es qui ont pass\u00e9 et nous voyons bien que durant ces ann\u00e9es, bien des choses ont boug\u00e9 dans la culture et dans la soci\u00e9t\u00e9. Des ann\u00e9es durant lesquelles nous avons quitt\u00e9 une certaine forme d\u2019Eglise o\u00f9 pratiquement tous les gamins allaient au cat\u00e9 et que ceux qui n\u2019y allaient pas, \u00e9taient l\u2019exception. Nous sommes tous \u00e0 m\u00eame de voir que maintenant dans nos communes ce sont les enfants qui vont au cat\u00e9 qui finissent par \u00eatre l\u2019exception.<\/p>\n<p>Une mutation de plus, cela ne doit pas nous affoler. La m\u00e9moire longue de l\u2019Eglise se souvient de crises bien plus dures \u00e0 traverser. Cependant il s\u2019agit de bien prendre en compte cette mutation et de ne pas jouer \u00e0 l\u2019autruche. Aussi les \u00e9v\u00eaques de France lors de leur conf\u00e9rence nationale \u00e0 Lourdes en novembre 2006 ont invit\u00e9 tous les catholiques \u00e0 se saisir tous ensemble du grand chantier de la cat\u00e9ch\u00e8se pour que tout baptis\u00e9 puisse approfondir sa foi et aider ses fr\u00e8res et ses s\u0153urs, en commen\u00e7ant par les jeunes g\u00e9n\u00e9rations, \u00e0 d\u00e9couvrir les tr\u00e9sors de notre tradition et le visage tr\u00e8s-aimant de notre Dieu. Tout le monde est concern\u00e9 car il est vital pour l\u2019Eglise et pour les baptis\u00e9s de pouvoir dire dans nos mots d\u2019aujourd\u2019hui qui est J\u00e9sus-Christ, pourquoi c\u2019est si important pour nous de croire, qu\u2019est-ce que \u00e7a change\u2026 comme le rappelait d\u00e9j\u00e0 Pierre aux chr\u00e9tiens de son \u00e9poque\u00a0: \u00ab\u00a0Tenez-vous toujours pr\u00eats \u00e0 rendre compte de l\u2019esp\u00e9rance qui est en vous \u00e0 ceux qui vous en demandent compte\u00a0\u00bb (1 Pi 3, 15).<\/p>\n<p>Les \u00e9v\u00eaques de France nous invitent \u00e0 \u00eatre pleinement des communaut\u00e9s missionnaires o\u00f9 tous, des enfants aux adultes et papis et mamies, pourront tout \u00e0 la fois se ressourcer dans l\u2019\u00e9coute de la Parole, la c\u00e9l\u00e9bration de la liturgie, et faire grandir l\u2019amiti\u00e9 et le partage joyeux et fraternel d\u2019un bon moment pass\u00e9 ensemble. Et les \u00e9v\u00eaques de nous laisser les ingr\u00e9dients pour bien doser ce grand \u00ab bain eccl\u00e9sial \u00bb et le rendre tonique et revigorant : que cette exp\u00e9rience eccl\u00e9siale se vive au plus proche de nos communaut\u00e9s de vies, adapt\u00e9e aux \u00e2ges de l\u2019existence, en suivant le rythme de l\u2019ann\u00e9e liturgique, \u00e9clair\u00e9e par la c\u00e9l\u00e9bration des sacrements qui nourrissent et transfigurent notre humble et beau quotidien.<\/p>\n<\/div>\n<p>[\/et_pb_text][\/et_pb_column][\/et_pb_row][et_pb_row _builder_version=\u00a0\u00bb4.21.0&Prime; _module_preset=\u00a0\u00bbdefault\u00a0\u00bb global_colors_info=\u00a0\u00bb{}\u00a0\u00bb theme_builder_area=\u00a0\u00bbpost_content\u00a0\u00bb][et_pb_column type=\u00a0\u00bb4_4&Prime; _builder_version=\u00a0\u00bb4.21.0&Prime; _module_preset=\u00a0\u00bbdefault\u00a0\u00bb global_colors_info=\u00a0\u00bb{}\u00a0\u00bb theme_builder_area=\u00a0\u00bbpost_content\u00a0\u00bb][et_pb_divider color=\u00a0\u00bb#F49A24&Prime; divider_weight=\u00a0\u00bb2px\u00a0\u00bb _builder_version=\u00a0\u00bb4.21.0&Prime; _module_preset=\u00a0\u00bbdefault\u00a0\u00bb global_colors_info=\u00a0\u00bb{}\u00a0\u00bb theme_builder_area=\u00a0\u00bbpost_content\u00a0\u00bb][\/et_pb_divider][\/et_pb_column][\/et_pb_row][et_pb_row _builder_version=\u00a0\u00bb4.21.0&Prime; _module_preset=\u00a0\u00bbdefault\u00a0\u00bb global_colors_info=\u00a0\u00bb{}\u00a0\u00bb theme_builder_area=\u00a0\u00bbpost_content\u00a0\u00bb][et_pb_column type=\u00a0\u00bb4_4&Prime; _builder_version=\u00a0\u00bb4.21.0&Prime; _module_preset=\u00a0\u00bbdefault\u00a0\u00bb global_colors_info=\u00a0\u00bb{}\u00a0\u00bb theme_builder_area=\u00a0\u00bbpost_content\u00a0\u00bb][et_pb_text _builder_version=\u00a0\u00bb4.21.0&Prime; _module_preset=\u00a0\u00bbdefault\u00a0\u00bb global_colors_info=\u00a0\u00bb{}\u00a0\u00bb theme_builder_area=\u00a0\u00bbpost_content\u00a0\u00bb]<\/p>\n<h4 style=\"text-align: center\"><span>Dans notre paroisse, le cat\u00e9 adulte est le mardi soir <\/span><\/h4>\n<h4 style=\"text-align: center\"><span>les 2\u00e8me et 4\u00e8me mardis du mois <\/span><\/h4>\n<h4 style=\"text-align: center\"><span>\u00e0 18h dans les salles paroissiales<\/span><span><\/span><\/h4>\n<h4 style=\"text-align: center\"><span>Si vous \u00eates int\u00e9ress\u00e9, c<\/span>ontactez- nous :<\/h4>\n<p style=\"text-align: center\">09 52 17 13 86<\/p>\n<p>[\/et_pb_text][\/et_pb_column][\/et_pb_row][\/et_pb_section]<\/p>\n","protected":false},"excerpt":{"rendered":"<p>Le baptis\u00e9: un Porte-Parole. De nombreuses paroisses se lancent dans une nouvelle aventure : la cat\u00e9ch\u00e8se ! Quoi la cat\u00e9ch\u00e8se ? Mais cela fait des ann\u00e9es que l\u2019on fait du [&hellip;]<\/p>\n","protected":false},"author":4,"featured_media":0,"parent":7310,"menu_order":0,"comment_status":"closed","ping_status":"closed","template":"","meta":{"_et_pb_use_builder":"on","_et_pb_old_content":"","_et_gb_content_width":"","footnotes":""},"class_list":["post-7304","page","type-page","status-publish","hentry"],"_links":{"self":[{"href":"https:\/\/catholiques17.fr\/jonzac\/wp-json\/wp\/v2\/pages\/7304","targetHints":{"allow":["GET"]}}],"collection":[{"href":"https:\/\/catholiques17.fr\/jonzac\/wp-json\/wp\/v2\/pages"}],"about":[{"href":"https:\/\/catholiques17.fr\/jonzac\/wp-json\/wp\/v2\/types\/page"}],"author":[{"embeddable":true,"href":"https:\/\/catholiques17.fr\/jonzac\/wp-json\/wp\/v2\/users\/4"}],"replies":[{"embeddable":true,"href":"https:\/\/catholiques17.fr\/jonzac\/wp-json\/wp\/v2\/comments?post=7304"}],"version-history":[{"count":13,"href":"https:\/\/catholiques17.fr\/jonzac\/wp-json\/wp\/v2\/pages\/7304\/revisions"}],"predecessor-version":[{"id":11082,"href":"https:\/\/catholiques17.fr\/jonzac\/wp-json\/wp\/v2\/pages\/7304\/revisions\/11082"}],"up":[{"embeddable":true,"href":"https:\/\/catholiques17.fr\/jonzac\/wp-json\/wp\/v2\/pages\/7310"}],"wp:attachment":[{"href":"https:\/\/catholiques17.fr\/jonzac\/wp-json\/wp\/v2\/media?parent=7304"}],"curies":[{"name":"wp","href":"https:\/\/api.w.org\/{rel}","templated":true}]}}