{"id":7300,"date":"2024-06-27T15:19:09","date_gmt":"2024-06-27T13:19:09","guid":{"rendered":"https:\/\/catholiques17.fr\/jonzac\/?page_id=7300"},"modified":"2024-12-20T14:21:02","modified_gmt":"2024-12-20T13:21:02","slug":"catechese","status":"publish","type":"page","link":"https:\/\/catholiques17.fr\/jonzac\/grandir-dans-la-foi-2\/catechese\/","title":{"rendered":"Cat\u00e9ch\u00e8se"},"content":{"rendered":"<p>[et_pb_section fb_built=\u00a0\u00bb1&Prime; _builder_version=\u00a0\u00bb4.16&Prime; _module_preset=\u00a0\u00bbdefault\u00a0\u00bb custom_padding=\u00a0\u00bb5px|||||\u00a0\u00bb global_colors_info=\u00a0\u00bb{}\u00a0\u00bb theme_builder_area=\u00a0\u00bbpost_content\u00a0\u00bb][et_pb_row _builder_version=\u00a0\u00bb4.21.0&Prime; _module_preset=\u00a0\u00bbdefault\u00a0\u00bb custom_padding=\u00a0\u00bb6px|||||\u00a0\u00bb global_colors_info=\u00a0\u00bb{}\u00a0\u00bb theme_builder_area=\u00a0\u00bbpost_content\u00a0\u00bb][et_pb_column type=\u00a0\u00bb4_4&Prime; _builder_version=\u00a0\u00bb4.21.0&Prime; _module_preset=\u00a0\u00bbdefault\u00a0\u00bb global_colors_info=\u00a0\u00bb{}\u00a0\u00bb theme_builder_area=\u00a0\u00bbpost_content\u00a0\u00bb][et_pb_image src=\u00a0\u00bbhttps:\/\/catholiques17.fr\/jonzac\/wp-content\/uploads\/sites\/39\/2024\/09\/Cate-nature.jpg\u00a0\u00bb title_text=\u00a0\u00bbCat\u00e9 nature\u00a0\u00bb _builder_version=\u00a0\u00bb4.21.0&Prime; _module_preset=\u00a0\u00bbdefault\u00a0\u00bb animation_style=\u00a0\u00bbslide\u00a0\u00bb border_radii=\u00a0\u00bbon|20px|20px|20px|20px\u00a0\u00bb global_colors_info=\u00a0\u00bb{}\u00a0\u00bb theme_builder_area=\u00a0\u00bbpost_content\u00a0\u00bb][\/et_pb_image][\/et_pb_column][\/et_pb_row][et_pb_row _builder_version=\u00a0\u00bb4.16&Prime; _module_preset=\u00a0\u00bbdefault\u00a0\u00bb global_colors_info=\u00a0\u00bb{}\u00a0\u00bb column_structure=\u00a0\u00bb1_2,1_2&Prime; theme_builder_area=\u00a0\u00bbpost_content\u00a0\u00bb][et_pb_column type=\u00a0\u00bb1_2&Prime; _builder_version=\u00a0\u00bb4.16&Prime; _module_preset=\u00a0\u00bbdefault\u00a0\u00bb global_colors_info=\u00a0\u00bb{}\u00a0\u00bb theme_builder_area=\u00a0\u00bbpost_content\u00a0\u00bb][et_pb_text _builder_version=\u00a0\u00bb4.21.0&Prime; _module_preset=\u00a0\u00bbdefault\u00a0\u00bb hover_enabled=\u00a0\u00bb0&Prime; global_colors_info=\u00a0\u00bb{}\u00a0\u00bb theme_builder_area=\u00a0\u00bbpost_content\u00a0\u00bb sticky_enabled=\u00a0\u00bb0&Prime;]<\/p>\n<div class=\"et_pb_module et_pb_text et_pb_text_0  et_pb_text_align_left et_pb_bg_layout_light\">\n<div class=\"et_pb_text_inner\">\n<p align=\"justify\" style=\"text-align: center\"><strong>Votre enfant est curieux de tout ce qui l\u2019entoure. Il vous pose plein de questions\u00a0: d\u2019o\u00f9 je viens\u00a0? Pourquoi la guerre, la maladie\u00a0? Qui est Dieu\u00a0? &#8230; Vous d\u00e9sirez lui r\u00e9pondre. Qu\u2019il soit baptis\u00e9 ou non le cat\u00e9 peut vous aider dans cette recherche.<\/strong><\/p>\n<p>Quel que soit son \u00e2ge, il peut venir rejoindre une \u00e9quipe d\u2019enfants de son \u00e2ge. Pour vous, vous trouverez avec les autres parents un lieu d\u2019\u00e9change et d\u2019amiti\u00e9.<\/p>\n<p align=\"justify\">A partir du CE2, pour les enfants de 7 \u00e0 11 ans, les \u00e9quipes de cat\u00e9 se retrouvent le dimanche matin de 9h30 \u00e0 midi, tous les 1er et 3\u00e8me dimanche de chaque mois.<\/p>\n<p align=\"justify\">A la Toussaint et pendant les vacances d&rsquo;\u00e9t\u00e9 ils se retrouvent pour des activit\u00e9s ludiques et sportives pendant lesquelles les enfants apprennent \u00e0 vivre ensemble \u00e0 la lumi\u00e8re de l&rsquo;Evangile. Ces activit\u00e9s appel\u00e9es aussi patronage sont l&rsquo;occasion de monter un spectacle et aussi de pr\u00e9parer les repas ensemble.<\/p>\n<\/div>\n<\/div>\n<div class=\"et_pb_module et_pb_text et_pb_text_1  et_pb_text_align_left et_pb_bg_layout_light\">\n<div class=\"et_pb_text_inner\">\n<p>&nbsp;<\/p>\n<\/div>\n<\/div>\n<p>[\/et_pb_text][et_pb_image src=\u00a0\u00bbhttps:\/\/catholiques17.fr\/jonzac\/wp-content\/uploads\/sites\/39\/2024\/09\/cate-bricolage.jpg\u00a0\u00bb title_text=\u00a0\u00bbcat\u00e9 bricolage\u00a0\u00bb _builder_version=\u00a0\u00bb4.21.0&Prime; _module_preset=\u00a0\u00bbdefault\u00a0\u00bb global_colors_info=\u00a0\u00bb{}\u00a0\u00bb theme_builder_area=\u00a0\u00bbpost_content\u00a0\u00bb][\/et_pb_image][\/et_pb_column][et_pb_column type=\u00a0\u00bb1_2&Prime; _builder_version=\u00a0\u00bb4.16&Prime; _module_preset=\u00a0\u00bbdefault\u00a0\u00bb global_colors_info=\u00a0\u00bb{}\u00a0\u00bb theme_builder_area=\u00a0\u00bbpost_content\u00a0\u00bb][et_pb_image src=\u00a0\u00bbhttps:\/\/catholiques17.fr\/jonzac\/wp-content\/uploads\/sites\/39\/2024\/12\/arc-en-ciel-IMG-20241219-WA0001.jpg\u00a0\u00bb _builder_version=\u00a0\u00bb4.21.0&Prime; _module_preset=\u00a0\u00bbdefault\u00a0\u00bb theme_builder_area=\u00a0\u00bbpost_content\u00a0\u00bb title_text=\u00a0\u00bbarc en ciel IMG-20241219-WA0001&Prime; hover_enabled=\u00a0\u00bb0&Prime; sticky_enabled=\u00a0\u00bb0&Prime;][\/et_pb_image][\/et_pb_column][\/et_pb_row][et_pb_row _builder_version=\u00a0\u00bb4.21.0&Prime; _module_preset=\u00a0\u00bbdefault\u00a0\u00bb global_colors_info=\u00a0\u00bb{}\u00a0\u00bb theme_builder_area=\u00a0\u00bbpost_content\u00a0\u00bb][et_pb_column type=\u00a0\u00bb4_4&Prime; _builder_version=\u00a0\u00bb4.21.0&Prime; _module_preset=\u00a0\u00bbdefault\u00a0\u00bb global_colors_info=\u00a0\u00bb{}\u00a0\u00bb theme_builder_area=\u00a0\u00bbpost_content\u00a0\u00bb][et_pb_divider color=\u00a0\u00bb#F49A24&Prime; divider_weight=\u00a0\u00bb2px\u00a0\u00bb _builder_version=\u00a0\u00bb4.21.0&Prime; _module_preset=\u00a0\u00bbdefault\u00a0\u00bb global_colors_info=\u00a0\u00bb{}\u00a0\u00bb theme_builder_area=\u00a0\u00bbpost_content\u00a0\u00bb][\/et_pb_divider][\/et_pb_column][\/et_pb_row][et_pb_row _builder_version=\u00a0\u00bb4.21.0&Prime; _module_preset=\u00a0\u00bbdefault\u00a0\u00bb global_colors_info=\u00a0\u00bb{}\u00a0\u00bb theme_builder_area=\u00a0\u00bbpost_content\u00a0\u00bb][et_pb_column type=\u00a0\u00bb4_4&Prime; _builder_version=\u00a0\u00bb4.21.0&Prime; _module_preset=\u00a0\u00bbdefault\u00a0\u00bb global_colors_info=\u00a0\u00bb{}\u00a0\u00bb theme_builder_area=\u00a0\u00bbpost_content\u00a0\u00bb][et_pb_text _builder_version=\u00a0\u00bb4.21.0&Prime; _module_preset=\u00a0\u00bbdefault\u00a0\u00bb global_colors_info=\u00a0\u00bb{}\u00a0\u00bb theme_builder_area=\u00a0\u00bbpost_content\u00a0\u00bb]<\/p>\n<h4 style=\"text-align: center\"><strong class=\"Style6\">Les inscriptions sont possibles tout au long de l\u2019ann\u00e9e.<\/strong><\/h4>\n<h4 style=\"text-align: center\"><span>Si vous \u00eates int\u00e9ress\u00e9, c<\/span>ontactez- nous :<\/h4>\n<p style=\"text-align: center\">09 52 17 13 86 &#8211;\u00a0 <a href=\"mailto:paroissedejonzac@gmail.com\" target=\"_blank\" rel=\"noopener\">paroissedejonzac@gmail.com<\/a><\/p>\n<p>[\/et_pb_text][\/et_pb_column][\/et_pb_row][\/et_pb_section]<\/p>\n","protected":false},"excerpt":{"rendered":"<p>Votre enfant est curieux de tout ce qui l\u2019entoure. Il vous pose plein de questions\u00a0: d\u2019o\u00f9 je viens\u00a0? Pourquoi la guerre, la maladie\u00a0? Qui est Dieu\u00a0? &#8230; Vous d\u00e9sirez lui [&hellip;]<\/p>\n","protected":false},"author":4,"featured_media":0,"parent":7310,"menu_order":0,"comment_status":"closed","ping_status":"closed","template":"","meta":{"_et_pb_use_builder":"on","_et_pb_old_content":"<!-- wp:divi\/placeholder \/-->","_et_gb_content_width":"","footnotes":""},"class_list":["post-7300","page","type-page","status-publish","hentry"],"_links":{"self":[{"href":"https:\/\/catholiques17.fr\/jonzac\/wp-json\/wp\/v2\/pages\/7300","targetHints":{"allow":["GET"]}}],"collection":[{"href":"https:\/\/catholiques17.fr\/jonzac\/wp-json\/wp\/v2\/pages"}],"about":[{"href":"https:\/\/catholiques17.fr\/jonzac\/wp-json\/wp\/v2\/types\/page"}],"author":[{"embeddable":true,"href":"https:\/\/catholiques17.fr\/jonzac\/wp-json\/wp\/v2\/users\/4"}],"replies":[{"embeddable":true,"href":"https:\/\/catholiques17.fr\/jonzac\/wp-json\/wp\/v2\/comments?post=7300"}],"version-history":[{"count":7,"href":"https:\/\/catholiques17.fr\/jonzac\/wp-json\/wp\/v2\/pages\/7300\/revisions"}],"predecessor-version":[{"id":9565,"href":"https:\/\/catholiques17.fr\/jonzac\/wp-json\/wp\/v2\/pages\/7300\/revisions\/9565"}],"up":[{"embeddable":true,"href":"https:\/\/catholiques17.fr\/jonzac\/wp-json\/wp\/v2\/pages\/7310"}],"wp:attachment":[{"href":"https:\/\/catholiques17.fr\/jonzac\/wp-json\/wp\/v2\/media?parent=7300"}],"curies":[{"name":"wp","href":"https:\/\/api.w.org\/{rel}","templated":true}]}}

Catéchèse

<p>[et_pb_section fb_built= »1&Prime; _builder_version= »4.16&Prime; _module_preset= »default » custom_padding= »5px||||| » global_colors_info= »{} » theme_builder_area= »post_content »][et_pb_row _builder_version= »4.21.0&Prime; _module_preset= »default » custom_padding= »6px||||| » global_colors_info= »{} » theme_builder_area= »post_content »][et_pb_column type= »4_4&Prime; _builder_version= »4.21.0&Prime; _module_preset= »default » global_colors_info= »{} » theme_builder_area= »post_content »][et_pb_image src= »https://catholiques17.fr/jonzac/wp-content/uploads/sites/39/2024/09/Cate-nature.jpg » title_text= »Caté nature » _builder_version= »4.21.0&Prime; _module_preset= »default » animation_style= »slide » border_radii= »on|20px|20px|20px|20px » global_colors_info= »{} » theme_builder_area= »post_content »][/et_pb_image][/et_pb_column][/et_pb_row][et_pb_row _builder_version= »4.16&Prime; _module_preset= »default » global_colors_info= »{} » column_structure= »1_2,1_2&Prime; theme_builder_area= »post_content »][et_pb_column type= »1_2&Prime; _builder_version= »4.16&Prime; _module_preset= »default » global_colors_info= »{} » theme_builder_area= »post_content »][et_pb_text _builder_version= »4.21.0&Prime; _module_preset= »default » hover_enabled= »0&Prime; global_colors_info= »{} » theme_builder_area= »post_content » sticky_enabled= »0&Prime;]</p>
<div class="et_pb_module et_pb_text et_pb_text_0  et_pb_text_align_left et_pb_bg_layout_light">
<div class="et_pb_text_inner">
<p align="justify" style="text-align: center"><strong>Votre enfant est curieux de tout ce qui l’entoure. Il vous pose plein de questions : d’où je viens ? Pourquoi la guerre, la maladie ? Qui est Dieu ? &#8230; Vous désirez lui répondre. Qu’il soit baptisé ou non le caté peut vous aider dans cette recherche.</strong></p>
<p>Quel que soit son âge, il peut venir rejoindre une équipe d’enfants de son âge. Pour vous, vous trouverez avec les autres parents un lieu d’échange et d’amitié.</p>
<p align="justify">A partir du CE2, pour les enfants de 7 à 11 ans, les équipes de caté se retrouvent le dimanche matin de 9h30 à midi, tous les 1er et 3ème dimanche de chaque mois.</p>
<p align="justify">A la Toussaint et pendant les vacances d&rsquo;été ils se retrouvent pour des activités ludiques et sportives pendant lesquelles les enfants apprennent à vivre ensemble à la lumière de l&rsquo;Evangile. Ces activités appelées aussi patronage sont l&rsquo;occasion de monter un spectacle et aussi de préparer les repas ensemble.</p>
</div>
</div>
<div class="et_pb_module et_pb_text et_pb_text_1  et_pb_text_align_left et_pb_bg_layout_light">
<div class="et_pb_text_inner">
<p>&nbsp;</p>
</div>
</div>
<p>[/et_pb_text][et_pb_image src= »https://catholiques17.fr/jonzac/wp-content/uploads/sites/39/2024/09/cate-bricolage.jpg » title_text= »caté bricolage » _builder_version= »4.21.0&Prime; _module_preset= »default » global_colors_info= »{} » theme_builder_area= »post_content »][/et_pb_image][/et_pb_column][et_pb_column type= »1_2&Prime; _builder_version= »4.16&Prime; _module_preset= »default » global_colors_info= »{} » theme_builder_area= »post_content »][et_pb_image src= »https://catholiques17.fr/jonzac/wp-content/uploads/sites/39/2024/12/arc-en-ciel-IMG-20241219-WA0001.jpg » _builder_version= »4.21.0&Prime; _module_preset= »default » theme_builder_area= »post_content » title_text= »arc en ciel IMG-20241219-WA0001&Prime; hover_enabled= »0&Prime; sticky_enabled= »0&Prime;][/et_pb_image][/et_pb_column][/et_pb_row][et_pb_row _builder_version= »4.21.0&Prime; _module_preset= »default » global_colors_info= »{} » theme_builder_area= »post_content »][et_pb_column type= »4_4&Prime; _builder_version= »4.21.0&Prime; _module_preset= »default » global_colors_info= »{} » theme_builder_area= »post_content »][et_pb_divider color= »#F49A24&Prime; divider_weight= »2px » _builder_version= »4.21.0&Prime; _module_preset= »default » global_colors_info= »{} » theme_builder_area= »post_content »][/et_pb_divider][/et_pb_column][/et_pb_row][et_pb_row _builder_version= »4.21.0&Prime; _module_preset= »default » global_colors_info= »{} » theme_builder_area= »post_content »][et_pb_column type= »4_4&Prime; _builder_version= »4.21.0&Prime; _module_preset= »default » global_colors_info= »{} » theme_builder_area= »post_content »][et_pb_text _builder_version= »4.21.0&Prime; _module_preset= »default » global_colors_info= »{} » theme_builder_area= »post_content »]</p>
<h4 style="text-align: center"><strong class="Style6">Les inscriptions sont possibles tout au long de l’année.</strong></h4>
<h4 style="text-align: center"><span>Si vous êtes intéressé, c</span>ontactez- nous :</h4>
<p style="text-align: center">09 52 17 13 86 &#8211;  <a href="mailto:paroissedejonzac@gmail.com" target="_blank" rel="noopener">paroissedejonzac@gmail.com</a></p>
<p>[/et_pb_text][/et_pb_column][/et_pb_row][/et_pb_section]</p>

<p>Votre enfant est curieux de tout ce qui l’entoure. Il vous pose plein de questions : d’où je viens ? Pourquoi la guerre, la maladie ? Qui est Dieu ? &#8230; Vous désirez lui [&hellip;]</p>
