{"id":7284,"date":"2024-06-27T15:04:32","date_gmt":"2024-06-27T13:04:32","guid":{"rendered":"https:\/\/catholiques17.fr\/jonzac\/?page_id=7284"},"modified":"2025-04-23T10:19:11","modified_gmt":"2025-04-23T08:19:11","slug":"cmr","status":"publish","type":"page","link":"https:\/\/catholiques17.fr\/jonzac\/services\/cmr\/","title":{"rendered":"CMR"},"content":{"rendered":"<p>[et_pb_section fb_built=\u00a0\u00bb1&Prime; _builder_version=\u00a0\u00bb4.17.6&Prime; _module_preset=\u00a0\u00bbdefault\u00a0\u00bb custom_padding=\u00a0\u00bb5px|||||\u00a0\u00bb global_colors_info=\u00a0\u00bb{}\u00a0\u00bb theme_builder_area=\u00a0\u00bbpost_content\u00a0\u00bb][et_pb_row _builder_version=\u00a0\u00bb4.17.6&Prime; _module_preset=\u00a0\u00bbdefault\u00a0\u00bb custom_padding=\u00a0\u00bb10px|||||\u00a0\u00bb global_colors_info=\u00a0\u00bb{}\u00a0\u00bb theme_builder_area=\u00a0\u00bbpost_content\u00a0\u00bb][et_pb_column type=\u00a0\u00bb4_4&Prime; _builder_version=\u00a0\u00bb4.17.6&Prime; _module_preset=\u00a0\u00bbdefault\u00a0\u00bb global_colors_info=\u00a0\u00bb{}\u00a0\u00bb theme_builder_area=\u00a0\u00bbpost_content\u00a0\u00bb][et_pb_image src=\u00a0\u00bbhttps:\/\/catholiques17.fr\/jonzac\/wp-content\/uploads\/sites\/39\/2024\/10\/CMR.jpg\u00a0\u00bb title_text=\u00a0\u00bbCMR\u00a0\u00bb align=\u00a0\u00bbcenter\u00a0\u00bb _builder_version=\u00a0\u00bb4.27.4&Prime; _module_preset=\u00a0\u00bbdefault\u00a0\u00bb global_colors_info=\u00a0\u00bb{}\u00a0\u00bb theme_builder_area=\u00a0\u00bbpost_content\u00a0\u00bb][\/et_pb_image][\/et_pb_column][\/et_pb_row][et_pb_row _builder_version=\u00a0\u00bb4.17.6&Prime; _module_preset=\u00a0\u00bbdefault\u00a0\u00bb global_colors_info=\u00a0\u00bb{}\u00a0\u00bb theme_builder_area=\u00a0\u00bbpost_content\u00a0\u00bb][et_pb_column type=\u00a0\u00bb4_4&Prime; _builder_version=\u00a0\u00bb4.17.6&Prime; _module_preset=\u00a0\u00bbdefault\u00a0\u00bb global_colors_info=\u00a0\u00bb{}\u00a0\u00bb theme_builder_area=\u00a0\u00bbpost_content\u00a0\u00bb][et_pb_text _builder_version=\u00a0\u00bb4.27.4&Prime; _module_preset=\u00a0\u00bbdefault\u00a0\u00bb hover_enabled=\u00a0\u00bb0&Prime; global_colors_info=\u00a0\u00bb{}\u00a0\u00bb theme_builder_area=\u00a0\u00bbpost_content\u00a0\u00bb sticky_enabled=\u00a0\u00bb0&Prime;]<\/p>\n<div class=\"et_pb_row et_pb_row_1\">\n<div class=\"et_pb_column et_pb_column_4_4 et_pb_column_1  et_pb_css_mix_blend_mode_passthrough et-last-child\">\n<div class=\"et_pb_module et_pb_text et_pb_text_0  et_pb_text_align_left et_pb_bg_layout_light\">\n<div class=\"et_pb_text_inner\">\n<p>Chr\u00e9tiens, partageant en \u00e9quipe notre vie et nos espoirs pour un monde plus solidaire, conscients<\/p>\n<p><strong>que nous ne sommes pas seuls \u00e0 chercher et \u00e0 donner un sens \u00e0 la vie<\/strong><\/p>\n<p><strong>que la dignit\u00e9 de l&rsquo;homme se joue dans nos choix de d\u00e9veloppement<\/strong><\/p>\n<p><strong>que le spirituel est une dimension constitutive du d\u00e9veloppement humain<\/strong><\/p>\n<p><strong>que nous ne pouvons pr\u00e9tendre croire au Dieu de J\u00e9sus-Christ sans \u00eatre pleinement solidaires des plus pauvres.<\/strong><\/p>\n<p><strong>Nous souhaitons chercher le sens de notre vie \u00e0 la suite du Christ en r\u00e9pondant \u00e0 son appel, affirmer que foi en l&rsquo;homme et foi en Dieu sont indissociables<\/strong> (extrait de la charte du CMR)<\/p>\n<p>Pour habiter l\u2019espace rural, favoriser des projets de vie citoyenne et partager la recherche de sens, des \u00e9quipes se retrouvent pour partager, \u00e9couter, comprendre, agir et c\u00e9l\u00e9brer. Pour <a href=\"https:\/\/chretiens-ruraux.fr\/\">acc\u00e9der au site du CMR<\/a><\/p>\n<p>&nbsp;<\/p>\n<\/div>\n<\/div>\n<\/div>\n<\/div>\n<p>[\/et_pb_text][et_pb_image src=\u00a0\u00bbhttps:\/\/catholiques17.fr\/jonzac\/wp-content\/uploads\/sites\/39\/2024\/10\/CMR2.jpg\u00a0\u00bb title_text=\u00a0\u00bbCMR2&Prime; align=\u00a0\u00bbcenter\u00a0\u00bb _builder_version=\u00a0\u00bb4.27.4&Prime; _module_preset=\u00a0\u00bbdefault\u00a0\u00bb global_colors_info=\u00a0\u00bb{}\u00a0\u00bb theme_builder_area=\u00a0\u00bbpost_content\u00a0\u00bb][\/et_pb_image][\/et_pb_column][\/et_pb_row][et_pb_row _builder_version=\u00a0\u00bb4.17.6&Prime; _module_preset=\u00a0\u00bbdefault\u00a0\u00bb global_colors_info=\u00a0\u00bb{}\u00a0\u00bb theme_builder_area=\u00a0\u00bbpost_content\u00a0\u00bb][et_pb_column type=\u00a0\u00bb4_4&Prime; _builder_version=\u00a0\u00bb4.17.6&Prime; _module_preset=\u00a0\u00bbdefault\u00a0\u00bb global_colors_info=\u00a0\u00bb{}\u00a0\u00bb theme_builder_area=\u00a0\u00bbpost_content\u00a0\u00bb][et_pb_divider _builder_version=\u00a0\u00bb4.17.6&Prime; _module_preset=\u00a0\u00bbdefault\u00a0\u00bb background_color=\u00a0\u00bb#FFFFFF\u00a0\u00bb global_colors_info=\u00a0\u00bb{}\u00a0\u00bb theme_builder_area=\u00a0\u00bbpost_content\u00a0\u00bb][\/et_pb_divider][\/et_pb_column][\/et_pb_row][et_pb_row _builder_version=\u00a0\u00bb4.17.6&Prime; _module_preset=\u00a0\u00bbdefault\u00a0\u00bb global_colors_info=\u00a0\u00bb{}\u00a0\u00bb theme_builder_area=\u00a0\u00bbpost_content\u00a0\u00bb][et_pb_column type=\u00a0\u00bb4_4&Prime; _builder_version=\u00a0\u00bb4.17.6&Prime; _module_preset=\u00a0\u00bbdefault\u00a0\u00bb global_colors_info=\u00a0\u00bb{}\u00a0\u00bb theme_builder_area=\u00a0\u00bbpost_content\u00a0\u00bb][et_pb_text _builder_version=\u00a0\u00bb4.21.0&Prime; _module_preset=\u00a0\u00bbdefault\u00a0\u00bb global_colors_info=\u00a0\u00bb{}\u00a0\u00bb theme_builder_area=\u00a0\u00bbpost_content\u00a0\u00bb]<\/p>\n<h4 style=\"text-align: center\"><strong><span style=\"color: #f49a24\">Dans notre paroisse :<\/span><\/strong><\/h4>\n<p style=\"text-align: center\"><strong><span style=\"color: #f49a24\">Pour tout renseignements contacter Marie Jo Gauthier<\/span><\/strong><\/p>\n<p>[\/et_pb_text][\/et_pb_column][\/et_pb_row][\/et_pb_section]<\/p>\n","protected":false},"excerpt":{"rendered":"<p>Chr\u00e9tiens, partageant en \u00e9quipe notre vie et nos espoirs pour un monde plus solidaire, conscients que nous ne sommes pas seuls \u00e0 chercher et \u00e0 donner un sens \u00e0 la [&hellip;]<\/p>\n","protected":false},"author":4,"featured_media":0,"parent":5247,"menu_order":0,"comment_status":"closed","ping_status":"closed","template":"","meta":{"_et_pb_use_builder":"on","_et_pb_old_content":"<!-- wp:divi\/placeholder \/-->","_et_gb_content_width":"","footnotes":""},"class_list":["post-7284","page","type-page","status-publish","hentry"],"_links":{"self":[{"href":"https:\/\/catholiques17.fr\/jonzac\/wp-json\/wp\/v2\/pages\/7284","targetHints":{"allow":["GET"]}}],"collection":[{"href":"https:\/\/catholiques17.fr\/jonzac\/wp-json\/wp\/v2\/pages"}],"about":[{"href":"https:\/\/catholiques17.fr\/jonzac\/wp-json\/wp\/v2\/types\/page"}],"author":[{"embeddable":true,"href":"https:\/\/catholiques17.fr\/jonzac\/wp-json\/wp\/v2\/users\/4"}],"replies":[{"embeddable":true,"href":"https:\/\/catholiques17.fr\/jonzac\/wp-json\/wp\/v2\/comments?post=7284"}],"version-history":[{"count":5,"href":"https:\/\/catholiques17.fr\/jonzac\/wp-json\/wp\/v2\/pages\/7284\/revisions"}],"predecessor-version":[{"id":10438,"href":"https:\/\/catholiques17.fr\/jonzac\/wp-json\/wp\/v2\/pages\/7284\/revisions\/10438"}],"up":[{"embeddable":true,"href":"https:\/\/catholiques17.fr\/jonzac\/wp-json\/wp\/v2\/pages\/5247"}],"wp:attachment":[{"href":"https:\/\/catholiques17.fr\/jonzac\/wp-json\/wp\/v2\/media?parent=7284"}],"curies":[{"name":"wp","href":"https:\/\/api.w.org\/{rel}","templated":true}]}}

<p>[et_pb_section fb_built= »1&Prime; _builder_version= »4.17.6&Prime; _module_preset= »default » custom_padding= »5px||||| » global_colors_info= »{} » theme_builder_area= »post_content »][et_pb_row _builder_version= »4.17.6&Prime; _module_preset= »default » custom_padding= »10px||||| » global_colors_info= »{} » theme_builder_area= »post_content »][et_pb_column type= »4_4&Prime; _builder_version= »4.17.6&Prime; _module_preset= »default » global_colors_info= »{} » theme_builder_area= »post_content »][et_pb_image src= »https://catholiques17.fr/jonzac/wp-content/uploads/sites/39/2024/10/CMR.jpg » title_text= »CMR » align= »center » _builder_version= »4.27.4&Prime; _module_preset= »default » global_colors_info= »{} » theme_builder_area= »post_content »][/et_pb_image][/et_pb_column][/et_pb_row][et_pb_row _builder_version= »4.17.6&Prime; _module_preset= »default » global_colors_info= »{} » theme_builder_area= »post_content »][et_pb_column type= »4_4&Prime; _builder_version= »4.17.6&Prime; _module_preset= »default » global_colors_info= »{} » theme_builder_area= »post_content »][et_pb_text _builder_version= »4.27.4&Prime; _module_preset= »default » hover_enabled= »0&Prime; global_colors_info= »{} » theme_builder_area= »post_content » sticky_enabled= »0&Prime;]</p>
<div class="et_pb_row et_pb_row_1">
<div class="et_pb_column et_pb_column_4_4 et_pb_column_1  et_pb_css_mix_blend_mode_passthrough et-last-child">
<div class="et_pb_module et_pb_text et_pb_text_0  et_pb_text_align_left et_pb_bg_layout_light">
<div class="et_pb_text_inner">
<p>Chrétiens, partageant en équipe notre vie et nos espoirs pour un monde plus solidaire, conscients</p>
<p><strong>que nous ne sommes pas seuls à chercher et à donner un sens à la vie</strong></p>
<p><strong>que la dignité de l&rsquo;homme se joue dans nos choix de développement</strong></p>
<p><strong>que le spirituel est une dimension constitutive du développement humain</strong></p>
<p><strong>que nous ne pouvons prétendre croire au Dieu de Jésus-Christ sans être pleinement solidaires des plus pauvres.</strong></p>
<p><strong>Nous souhaitons chercher le sens de notre vie à la suite du Christ en répondant à son appel, affirmer que foi en l&rsquo;homme et foi en Dieu sont indissociables</strong> (extrait de la charte du CMR)</p>
<p>Pour habiter l’espace rural, favoriser des projets de vie citoyenne et partager la recherche de sens, des équipes se retrouvent pour partager, écouter, comprendre, agir et célébrer. Pour <a href="https://chretiens-ruraux.fr/">accéder au site du CMR</a></p>
<p>&nbsp;</p>
</div>
</div>
</div>
</div>
<p>[/et_pb_text][et_pb_image src= »https://catholiques17.fr/jonzac/wp-content/uploads/sites/39/2024/10/CMR2.jpg » title_text= »CMR2&Prime; align= »center » _builder_version= »4.27.4&Prime; _module_preset= »default » global_colors_info= »{} » theme_builder_area= »post_content »][/et_pb_image][/et_pb_column][/et_pb_row][et_pb_row _builder_version= »4.17.6&Prime; _module_preset= »default » global_colors_info= »{} » theme_builder_area= »post_content »][et_pb_column type= »4_4&Prime; _builder_version= »4.17.6&Prime; _module_preset= »default » global_colors_info= »{} » theme_builder_area= »post_content »][et_pb_divider _builder_version= »4.17.6&Prime; _module_preset= »default » background_color= »#FFFFFF » global_colors_info= »{} » theme_builder_area= »post_content »][/et_pb_divider][/et_pb_column][/et_pb_row][et_pb_row _builder_version= »4.17.6&Prime; _module_preset= »default » global_colors_info= »{} » theme_builder_area= »post_content »][et_pb_column type= »4_4&Prime; _builder_version= »4.17.6&Prime; _module_preset= »default » global_colors_info= »{} » theme_builder_area= »post_content »][et_pb_text _builder_version= »4.21.0&Prime; _module_preset= »default » global_colors_info= »{} » theme_builder_area= »post_content »]</p>
<h4 style="text-align: center"><strong><span style="color: #f49a24">Dans notre paroisse :</span></strong></h4>
<p style="text-align: center"><strong><span style="color: #f49a24">Pour tout renseignements contacter Marie Jo Gauthier</span></strong></p>
<p>[/et_pb_text][/et_pb_column][/et_pb_row][/et_pb_section]</p>

<p>Chrétiens, partageant en équipe notre vie et nos espoirs pour un monde plus solidaire, conscients que nous ne sommes pas seuls à chercher et à donner un sens à la [&hellip;]</p>
