{"id":7280,"date":"2024-06-27T15:04:05","date_gmt":"2024-06-27T13:04:05","guid":{"rendered":"https:\/\/catholiques17.fr\/jonzac\/?page_id=7280"},"modified":"2024-12-20T14:42:38","modified_gmt":"2024-12-20T13:42:38","slug":"sem","status":"publish","type":"page","link":"https:\/\/catholiques17.fr\/jonzac\/services\/sem\/","title":{"rendered":"SEM et Aum\u00f4nerie de l&rsquo;h\u00f4pital"},"content":{"rendered":"<p>[et_pb_section fb_built=\u00a0\u00bb1&Prime; _builder_version=\u00a0\u00bb4.17.6&Prime; _module_preset=\u00a0\u00bbdefault\u00a0\u00bb custom_padding=\u00a0\u00bb5px|||||\u00a0\u00bb global_colors_info=\u00a0\u00bb{}\u00a0\u00bb theme_builder_area=\u00a0\u00bbpost_content\u00a0\u00bb][et_pb_row _builder_version=\u00a0\u00bb4.17.6&Prime; _module_preset=\u00a0\u00bbdefault\u00a0\u00bb custom_padding=\u00a0\u00bb10px|||||\u00a0\u00bb global_colors_info=\u00a0\u00bb{}\u00a0\u00bb theme_builder_area=\u00a0\u00bbpost_content\u00a0\u00bb][et_pb_column type=\u00a0\u00bb4_4&Prime; _builder_version=\u00a0\u00bb4.17.6&Prime; _module_preset=\u00a0\u00bbdefault\u00a0\u00bb global_colors_info=\u00a0\u00bb{}\u00a0\u00bb theme_builder_area=\u00a0\u00bbpost_content\u00a0\u00bb][et_pb_image src=\u00a0\u00bbhttps:\/\/catholiques17.fr\/jonzac\/wp-content\/uploads\/sites\/39\/2024\/10\/pastorale-de-la-sante.jpg\u00a0\u00bb title_text=\u00a0\u00bbpastorale de la sant\u00e9\u00a0\u00bb _builder_version=\u00a0\u00bb4.21.0&Prime; _module_preset=\u00a0\u00bbdefault\u00a0\u00bb global_colors_info=\u00a0\u00bb{}\u00a0\u00bb theme_builder_area=\u00a0\u00bbpost_content\u00a0\u00bb][\/et_pb_image][\/et_pb_column][\/et_pb_row][et_pb_row _builder_version=\u00a0\u00bb4.17.6&Prime; _module_preset=\u00a0\u00bbdefault\u00a0\u00bb global_colors_info=\u00a0\u00bb{}\u00a0\u00bb theme_builder_area=\u00a0\u00bbpost_content\u00a0\u00bb][et_pb_column type=\u00a0\u00bb4_4&Prime; _builder_version=\u00a0\u00bb4.17.6&Prime; _module_preset=\u00a0\u00bbdefault\u00a0\u00bb global_colors_info=\u00a0\u00bb{}\u00a0\u00bb theme_builder_area=\u00a0\u00bbpost_content\u00a0\u00bb][et_pb_text _builder_version=\u00a0\u00bb4.21.0&Prime; _module_preset=\u00a0\u00bbdefault\u00a0\u00bb hover_enabled=\u00a0\u00bb0&Prime; global_colors_info=\u00a0\u00bb{}\u00a0\u00bb theme_builder_area=\u00a0\u00bbpost_content\u00a0\u00bb sticky_enabled=\u00a0\u00bb0&Prime;]<\/p>\n<div class=\"et_pb_row et_pb_row_1\">\n<div class=\"et_pb_column et_pb_column_4_4 et_pb_column_1  et_pb_css_mix_blend_mode_passthrough et-last-child\">\n<div class=\"et_pb_module et_pb_text et_pb_text_0  et_pb_text_align_left et_pb_bg_layout_light\">\n<div class=\"et_pb_text_inner\">\n<p>Le <strong>Service \u00c9vang\u00e9lique des Malades<\/strong> (SEM) est un service paroissial pour l\u2019accompagnement des personnes malades, isol\u00e9es et \u00e2g\u00e9es, \u00e0 domicile et dans des \u00c9tablissements d\u2019H\u00e9bergement de Personnes \u00c2g\u00e9es D\u00e9pendantes (EHPAD).<\/p>\n<p>L\u2019\u00e9quipe SEM est anim\u00e9e par un responsable qui est en lien r\u00e9gulier avec le cur\u00e9, l\u2019\u00c9quipe Pastorale, mais aussi avec l\u2019\u00e9quipe dioc\u00e9saine du SEM gr\u00e2ce au coordinateur de son doyenn\u00e9.<\/p>\n<p>Il revient \u00e0 l\u2019\u00e9quipe\u00a0:<br \/>&#8211; de r\u00e9pondre aux appels qui lui sont faits de rencontrer les personnes malades, isol\u00e9es, fragilis\u00e9es et \u00e2g\u00e9es;<br \/>&#8211; de les accompagner dans le respect de leur histoire, de leur culture, de leurs convictions;<br \/>&#8211; d\u2019aider ceux qui partagent notre foi \u00e0 garder une place dans la communaut\u00e9 paroissiale et \u00e0 participer \u00e0 la vie sacramentelle de l\u2019\u00c9glise;<br \/>&#8211; de relire ensemble ce que chacun vit dans son engagement et d\u2019y d\u00e9couvrir Dieu \u00e0 l\u2019\u0153uvre dans le c\u0153ur des gens;<br \/>&#8211; de se former et de prier afin d\u2019y refaire ses forces en \u00c9glise.<\/p>\n<blockquote><\/blockquote>\n<\/div>\n<\/div>\n<\/div>\n<\/div>\n<p>[\/et_pb_text][\/et_pb_column][\/et_pb_row][et_pb_row _builder_version=\u00a0\u00bb4.17.6&Prime; _module_preset=\u00a0\u00bbdefault\u00a0\u00bb global_colors_info=\u00a0\u00bb{}\u00a0\u00bb theme_builder_area=\u00a0\u00bbpost_content\u00a0\u00bb][et_pb_column type=\u00a0\u00bb4_4&Prime; _builder_version=\u00a0\u00bb4.17.6&Prime; _module_preset=\u00a0\u00bbdefault\u00a0\u00bb global_colors_info=\u00a0\u00bb{}\u00a0\u00bb theme_builder_area=\u00a0\u00bbpost_content\u00a0\u00bb][et_pb_divider _builder_version=\u00a0\u00bb4.17.6&Prime; _module_preset=\u00a0\u00bbdefault\u00a0\u00bb background_color=\u00a0\u00bb#FFFFFF\u00a0\u00bb global_colors_info=\u00a0\u00bb{}\u00a0\u00bb theme_builder_area=\u00a0\u00bbpost_content\u00a0\u00bb][\/et_pb_divider][\/et_pb_column][\/et_pb_row][et_pb_row _builder_version=\u00a0\u00bb4.17.6&Prime; _module_preset=\u00a0\u00bbdefault\u00a0\u00bb global_colors_info=\u00a0\u00bb{}\u00a0\u00bb theme_builder_area=\u00a0\u00bbpost_content\u00a0\u00bb][et_pb_column type=\u00a0\u00bb4_4&Prime; _builder_version=\u00a0\u00bb4.17.6&Prime; _module_preset=\u00a0\u00bbdefault\u00a0\u00bb global_colors_info=\u00a0\u00bb{}\u00a0\u00bb theme_builder_area=\u00a0\u00bbpost_content\u00a0\u00bb][et_pb_text _builder_version=\u00a0\u00bb4.21.0&Prime; _module_preset=\u00a0\u00bbdefault\u00a0\u00bb global_colors_info=\u00a0\u00bb{}\u00a0\u00bb theme_builder_area=\u00a0\u00bbpost_content\u00a0\u00bb]<\/p>\n<h4 style=\"text-align: center\"><span style=\"color: #f49a24\">Dans notre paroisse : <\/span><\/h4>\n<h4 style=\"text-align: center\"><span style=\"color: #f49a24\">la responsable du SEM au sein de notre paroisse est Maryjo Morandi\u00e8re. <\/span><\/h4>\n<h4 style=\"text-align: center\"><span style=\"color: #f49a24\">La responsable de l&rsquo;aum\u00f4nerie de l&rsquo;h\u00f4pital est Val\u00e9rie Delcroix<\/span><\/h4>\n<h4 style=\"text-align: center\"><span style=\"color: #f49a24\">Pour tout renseignement, t\u00e9l\u00e9phoner au presbyt\u00e8re : 09 52 17 13 86<\/span><\/h4>\n<p>[\/et_pb_text][\/et_pb_column][\/et_pb_row][\/et_pb_section]<\/p>\n","protected":false},"excerpt":{"rendered":"<p>Le Service \u00c9vang\u00e9lique des Malades (SEM) est un service paroissial pour l\u2019accompagnement des personnes malades, isol\u00e9es et \u00e2g\u00e9es, \u00e0 domicile et dans des \u00c9tablissements d\u2019H\u00e9bergement de Personnes \u00c2g\u00e9es D\u00e9pendantes (EHPAD). [&hellip;]<\/p>\n","protected":false},"author":4,"featured_media":0,"parent":5247,"menu_order":0,"comment_status":"closed","ping_status":"closed","template":"","meta":{"_et_pb_use_builder":"on","_et_pb_old_content":"<!-- wp:divi\/placeholder \/-->","_et_gb_content_width":"","footnotes":""},"class_list":["post-7280","page","type-page","status-publish","hentry"],"_links":{"self":[{"href":"https:\/\/catholiques17.fr\/jonzac\/wp-json\/wp\/v2\/pages\/7280","targetHints":{"allow":["GET"]}}],"collection":[{"href":"https:\/\/catholiques17.fr\/jonzac\/wp-json\/wp\/v2\/pages"}],"about":[{"href":"https:\/\/catholiques17.fr\/jonzac\/wp-json\/wp\/v2\/types\/page"}],"author":[{"embeddable":true,"href":"https:\/\/catholiques17.fr\/jonzac\/wp-json\/wp\/v2\/users\/4"}],"replies":[{"embeddable":true,"href":"https:\/\/catholiques17.fr\/jonzac\/wp-json\/wp\/v2\/comments?post=7280"}],"version-history":[{"count":8,"href":"https:\/\/catholiques17.fr\/jonzac\/wp-json\/wp\/v2\/pages\/7280\/revisions"}],"predecessor-version":[{"id":9575,"href":"https:\/\/catholiques17.fr\/jonzac\/wp-json\/wp\/v2\/pages\/7280\/revisions\/9575"}],"up":[{"embeddable":true,"href":"https:\/\/catholiques17.fr\/jonzac\/wp-json\/wp\/v2\/pages\/5247"}],"wp:attachment":[{"href":"https:\/\/catholiques17.fr\/jonzac\/wp-json\/wp\/v2\/media?parent=7280"}],"curies":[{"name":"wp","href":"https:\/\/api.w.org\/{rel}","templated":true}]}}

SEM et Aumônerie de l&rsquo;hôpital

<p>[et_pb_section fb_built= »1&Prime; _builder_version= »4.17.6&Prime; _module_preset= »default » custom_padding= »5px||||| » global_colors_info= »{} » theme_builder_area= »post_content »][et_pb_row _builder_version= »4.17.6&Prime; _module_preset= »default » custom_padding= »10px||||| » global_colors_info= »{} » theme_builder_area= »post_content »][et_pb_column type= »4_4&Prime; _builder_version= »4.17.6&Prime; _module_preset= »default » global_colors_info= »{} » theme_builder_area= »post_content »][et_pb_image src= »https://catholiques17.fr/jonzac/wp-content/uploads/sites/39/2024/10/pastorale-de-la-sante.jpg » title_text= »pastorale de la santé » _builder_version= »4.21.0&Prime; _module_preset= »default » global_colors_info= »{} » theme_builder_area= »post_content »][/et_pb_image][/et_pb_column][/et_pb_row][et_pb_row _builder_version= »4.17.6&Prime; _module_preset= »default » global_colors_info= »{} » theme_builder_area= »post_content »][et_pb_column type= »4_4&Prime; _builder_version= »4.17.6&Prime; _module_preset= »default » global_colors_info= »{} » theme_builder_area= »post_content »][et_pb_text _builder_version= »4.21.0&Prime; _module_preset= »default » hover_enabled= »0&Prime; global_colors_info= »{} » theme_builder_area= »post_content » sticky_enabled= »0&Prime;]</p>
<div class="et_pb_row et_pb_row_1">
<div class="et_pb_column et_pb_column_4_4 et_pb_column_1  et_pb_css_mix_blend_mode_passthrough et-last-child">
<div class="et_pb_module et_pb_text et_pb_text_0  et_pb_text_align_left et_pb_bg_layout_light">
<div class="et_pb_text_inner">
<p>Le <strong>Service Évangélique des Malades</strong> (SEM) est un service paroissial pour l’accompagnement des personnes malades, isolées et âgées, à domicile et dans des Établissements d’Hébergement de Personnes Âgées Dépendantes (EHPAD).</p>
<p>L’équipe SEM est animée par un responsable qui est en lien régulier avec le curé, l’Équipe Pastorale, mais aussi avec l’équipe diocésaine du SEM grâce au coordinateur de son doyenné.</p>
<p>Il revient à l’équipe :<br />&#8211; de répondre aux appels qui lui sont faits de rencontrer les personnes malades, isolées, fragilisées et âgées;<br />&#8211; de les accompagner dans le respect de leur histoire, de leur culture, de leurs convictions;<br />&#8211; d’aider ceux qui partagent notre foi à garder une place dans la communauté paroissiale et à participer à la vie sacramentelle de l’Église;<br />&#8211; de relire ensemble ce que chacun vit dans son engagement et d’y découvrir Dieu à l’œuvre dans le cœur des gens;<br />&#8211; de se former et de prier afin d’y refaire ses forces en Église.</p>
<blockquote></blockquote>
</div>
</div>
</div>
</div>
<p>[/et_pb_text][/et_pb_column][/et_pb_row][et_pb_row _builder_version= »4.17.6&Prime; _module_preset= »default » global_colors_info= »{} » theme_builder_area= »post_content »][et_pb_column type= »4_4&Prime; _builder_version= »4.17.6&Prime; _module_preset= »default » global_colors_info= »{} » theme_builder_area= »post_content »][et_pb_divider _builder_version= »4.17.6&Prime; _module_preset= »default » background_color= »#FFFFFF » global_colors_info= »{} » theme_builder_area= »post_content »][/et_pb_divider][/et_pb_column][/et_pb_row][et_pb_row _builder_version= »4.17.6&Prime; _module_preset= »default » global_colors_info= »{} » theme_builder_area= »post_content »][et_pb_column type= »4_4&Prime; _builder_version= »4.17.6&Prime; _module_preset= »default » global_colors_info= »{} » theme_builder_area= »post_content »][et_pb_text _builder_version= »4.21.0&Prime; _module_preset= »default » global_colors_info= »{} » theme_builder_area= »post_content »]</p>
<h4 style="text-align: center"><span style="color: #f49a24">Dans notre paroisse : </span></h4>
<h4 style="text-align: center"><span style="color: #f49a24">la responsable du SEM au sein de notre paroisse est Maryjo Morandière. </span></h4>
<h4 style="text-align: center"><span style="color: #f49a24">La responsable de l&rsquo;aumônerie de l&rsquo;hôpital est Valérie Delcroix</span></h4>
<h4 style="text-align: center"><span style="color: #f49a24">Pour tout renseignement, téléphoner au presbytère : 09 52 17 13 86</span></h4>
<p>[/et_pb_text][/et_pb_column][/et_pb_row][/et_pb_section]</p>

<p>Le Service Évangélique des Malades (SEM) est un service paroissial pour l’accompagnement des personnes malades, isolées et âgées, à domicile et dans des Établissements d’Hébergement de Personnes Âgées Dépendantes (EHPAD). [&hellip;]</p>
