{"id":7272,"date":"2024-06-27T15:02:27","date_gmt":"2024-06-27T13:02:27","guid":{"rendered":"https:\/\/catholiques17.fr\/jonzac\/?page_id=7272"},"modified":"2025-08-23T18:23:53","modified_gmt":"2025-08-23T16:23:53","slug":"patronage","status":"publish","type":"page","link":"https:\/\/catholiques17.fr\/jonzac\/services\/patronage\/","title":{"rendered":"Patronage"},"content":{"rendered":"<p>[et_pb_section fb_built=\u00a0\u00bb1&Prime; _builder_version=\u00a0\u00bb4.21.0&Prime; _module_preset=\u00a0\u00bbdefault\u00a0\u00bb global_colors_info=\u00a0\u00bb{}\u00a0\u00bb theme_builder_area=\u00a0\u00bbpost_content\u00a0\u00bb][et_pb_row column_structure=\u00a0\u00bb2_5,3_5&Prime; _builder_version=\u00a0\u00bb4.21.0&Prime; _module_preset=\u00a0\u00bbdefault\u00a0\u00bb global_colors_info=\u00a0\u00bb{}\u00a0\u00bb theme_builder_area=\u00a0\u00bbpost_content\u00a0\u00bb][et_pb_column type=\u00a0\u00bb2_5&Prime; _builder_version=\u00a0\u00bb4.21.0&Prime; _module_preset=\u00a0\u00bbdefault\u00a0\u00bb global_colors_info=\u00a0\u00bb{}\u00a0\u00bb theme_builder_area=\u00a0\u00bbpost_content\u00a0\u00bb][et_pb_image src=\u00a0\u00bbhttps:\/\/catholiques17.fr\/jonzac\/wp-content\/uploads\/sites\/39\/2024\/09\/patronage-1.jpg\u00a0\u00bb title_text=\u00a0\u00bbpatronage 1&Prime; _builder_version=\u00a0\u00bb4.21.0&Prime; _module_preset=\u00a0\u00bbdefault\u00a0\u00bb global_colors_info=\u00a0\u00bb{}\u00a0\u00bb theme_builder_area=\u00a0\u00bbpost_content\u00a0\u00bb][\/et_pb_image][\/et_pb_column][et_pb_column type=\u00a0\u00bb3_5&Prime; _builder_version=\u00a0\u00bb4.21.0&Prime; _module_preset=\u00a0\u00bbdefault\u00a0\u00bb global_colors_info=\u00a0\u00bb{}\u00a0\u00bb theme_builder_area=\u00a0\u00bbpost_content\u00a0\u00bb][et_pb_text _builder_version=\u00a0\u00bb4.27.4&Prime; _module_preset=\u00a0\u00bbdefault\u00a0\u00bb global_colors_info=\u00a0\u00bb{}\u00a0\u00bb theme_builder_area=\u00a0\u00bbpost_content\u00a0\u00bb]<\/p>\n<h2 class=\"wp-block-heading\">Du 7 au 11 juillet 2025 : Activit\u00e9s ludiques et culturelles propos\u00e9es aux enfants dans le cadre de la foi et dans l\u2019esprit et p\u00e9dagogie de Saint Jean Bosco :<\/h2>\n<p>[\/et_pb_text][et_pb_text _builder_version=\u00a0\u00bb4.21.0&Prime; _module_preset=\u00a0\u00bbdefault\u00a0\u00bb global_colors_info=\u00a0\u00bb{}\u00a0\u00bb theme_builder_area=\u00a0\u00bbpost_content\u00a0\u00bb]<\/p>\n<p>\u2013 Activit\u00e9s manuelles<\/p>\n<p>\u2013 \u2060Activit\u00e9s sportives<\/p>\n<p>\u2013 \u2060jeux d\u2019int\u00e9rieur<\/p>\n<p>\u2013 \u2060Grands jeux \u00e0 l\u2019ext\u00e9rieur<\/p>\n<p>[\/et_pb_text][\/et_pb_column][\/et_pb_row][et_pb_row _builder_version=\u00a0\u00bb4.21.0&Prime; _module_preset=\u00a0\u00bbdefault\u00a0\u00bb global_colors_info=\u00a0\u00bb{}\u00a0\u00bb theme_builder_area=\u00a0\u00bbpost_content\u00a0\u00bb][et_pb_column type=\u00a0\u00bb4_4&Prime; _builder_version=\u00a0\u00bb4.21.0&Prime; _module_preset=\u00a0\u00bbdefault\u00a0\u00bb global_colors_info=\u00a0\u00bb{}\u00a0\u00bb theme_builder_area=\u00a0\u00bbpost_content\u00a0\u00bb][et_pb_text _builder_version=\u00a0\u00bb4.27.4&Prime; _module_preset=\u00a0\u00bbdefault\u00a0\u00bb hover_enabled=\u00a0\u00bb0&Prime; global_colors_info=\u00a0\u00bb{}\u00a0\u00bb theme_builder_area=\u00a0\u00bbpost_content\u00a0\u00bb sticky_enabled=\u00a0\u00bb0&Prime;]<\/p>\n<p>L\u2019accent est mis sur l\u2019esprit d\u2019\u00e9quipe, l\u2019entraide et vivre \u00e0 fond la vie et la charit\u00e9 chr\u00e9tienne.<\/p>\n<div style=\"height: 42px\" aria-hidden=\"true\" class=\"wp-block-spacer\"><\/div>\n<p><span style=\"text-decoration: underline\">Quand <\/span>? Pendant les vacances d&rsquo;\u00e9t\u00e9, du 7 au 11 juillet 2025<\/p>\n<p><span style=\"text-decoration: underline\">O\u00f9<\/span> ? dans les salles paroissiales de Jonzac avec une sortie pr\u00e9vue sur deux jours avec une nuit \u00e0 Lourdes mardi et mercredi<\/p>\n<p><span style=\"text-decoration: underline\">Horaires<\/span> ? 9h \u00e0 17h30 lundi, jeudi et vendredi<\/p>\n<p><span style=\"text-decoration: underline\">Pour qui <\/span>? Activit\u00e9s ouvertes \u00e0 tous pour les enfants de 5 \u00e0 12 ans<\/p>\n<div style=\"height: 47px\" aria-hidden=\"true\" class=\"wp-block-spacer\"><\/div>\n<hr class=\"wp-block-separator has-text-color has-luminous-vivid-orange-color has-alpha-channel-opacity has-luminous-vivid-orange-background-color has-background is-style-wide\" \/>\n<div style=\"height: 44px\" aria-hidden=\"true\" class=\"wp-block-spacer\"><\/div>\n<h2 class=\"wp-block-heading has-text-align-center\">A pr\u00e9voir :<\/h2>\n<div style=\"height: 35px\" aria-hidden=\"true\" class=\"wp-block-spacer\"><\/div>\n<p>Tenue sportive, gourde, casquette.<\/p>\n<p>pique nique pour le d\u00e9jeuner<\/p>\n<p>Prix : 10\u20ac par jour et par enfant (lundi jeudi et vendredi) 50\u20ac pour le voyage \u00e0 Lourdes avec une nuit \u00e0 Lourdes (mardi et mercredi)<\/p>\n<p>Prix sp\u00e9cial famille nombreuse : \u00e0 voir avec les cat\u00e9chistes<\/p>\n<p><strong>Renseignements :<\/strong> 09 52 17 13 86<\/p>\n<p>[\/et_pb_text][\/et_pb_column][\/et_pb_row][et_pb_row _builder_version=\u00a0\u00bb4.21.0&Prime; _module_preset=\u00a0\u00bbdefault\u00a0\u00bb global_colors_info=\u00a0\u00bb{}\u00a0\u00bb theme_builder_area=\u00a0\u00bbpost_content\u00a0\u00bb][et_pb_column type=\u00a0\u00bb4_4&Prime; _builder_version=\u00a0\u00bb4.21.0&Prime; _module_preset=\u00a0\u00bbdefault\u00a0\u00bb global_colors_info=\u00a0\u00bb{}\u00a0\u00bb theme_builder_area=\u00a0\u00bbpost_content\u00a0\u00bb][et_pb_testimonial author=\u00a0\u00bbPape Fran\u00e7ois\u00a0\u00bb portrait_url=\u00a0\u00bbhttps:\/\/catholiques17.fr\/jonzac\/wp-content\/uploads\/sites\/39\/2020\/03\/005e85.jpg\u00a0\u00bb _builder_version=\u00a0\u00bb4.21.0&Prime; _module_preset=\u00a0\u00bbdefault\u00a0\u00bb global_colors_info=\u00a0\u00bb{}\u00a0\u00bb theme_builder_area=\u00a0\u00bbpost_content\u00a0\u00bb]Le pape Fran\u00e7ois a pass\u00e9 cinq jours au Portugal \u00e0 l&rsquo;occasion des Journ\u00e9es Mondiales de la Jeunesse (JMJ) Lisbonne 2023. Plusieurs discours, hom\u00e9lies, salutations et b\u00e9n\u00e9dictions ont \u00e9t\u00e9 adress\u00e9s \u00e0 la \u00ab\u00a0vague de jeunes\u00a0\u00bb venus aux JMJ Lisbonne 2023. De ces moments, nous vous partageons dix phrases marquantes :<br \/>\n1<\/p>\n<p>\u00a0\u00bb Remplacez les peurs par les r\u00eaves : ne soyez pas administrateurs de peurs, mais des entrepreneurs de r\u00eaves ! \u00ab\u00a0(Rencontre \u00e0 l\u2019Universidade Cat\u00f3lica Portuguesa)<br \/>\n2<\/p>\n<p>\u00a0\u00bb Il y a de la place pour tout le monde dans l&rsquo;\u00c9glise, pour tout le monde ! Il y a de la place pour tout le monde. Tel que nous sommes, tout le monde. Et J\u00e9sus le dit clairement quand il envoie les ap\u00f4tres inviter au banquet de cet homme qui l\u2019avait pr\u00e9par\u00e9, il dit : \u00ab\u00a0Allez chercher tout le monde, jeunes et vieux, bien portants et malades, justes et p\u00e9cheurs : tous, tous, tous\u00a0\u00bb. Dans l&rsquo;\u00c9glise, il y a de la place pour tous. \u00ab\u00a0P\u00e8re, mais je suis un mis\u00e9rable&#8230;, je suis une mis\u00e9rable, y a-t-il de la place pour moi ?\u00a0\u00bb Il y a de la place pour tout le monde ! Tous, tous, tous ! \u00a0\u00bb (C\u00e9r\u00e9monie d\u2019accueil)<br \/>\n3<\/p>\n<p>\u00a0\u00bb Cher ami, si Dieu t&rsquo;appelle par ton nom, cela signifie que, pour Dieu, aucun d&rsquo;entre nous n&rsquo;est un num\u00e9ro, mais un visage, une figure, un c\u0153ur. \u00a0\u00bb (C\u00e9r\u00e9monie d\u2019accueil)<br \/>\n4<\/p>\n<p>\u00a0\u00bb Puissions-nous, durant ces journ\u00e9es, fixer en nos c\u0153urs le fait que nous sommes aim\u00e9s tels que nous sommes, et non pas tels que nous voudrions \u00eatre : tels que nous sommes maintenant. C&rsquo;est cela le point de d\u00e9part des JMJ, mais surtout le point de d\u00e9part de la vie. Gar\u00e7ons et filles : nous sommes aim\u00e9s tels que nous sommes, sans maquillage ! \u00a0\u00bb (C\u00e9r\u00e9monie d\u2019accueil)<br \/>\n5<\/p>\n<p>\u00a0\u00bb Le seul moment, le seul moment o\u00f9 il est permis de regarder une personne de haut, c&rsquo;est pour l&rsquo;aider \u00e0 se relever. \u00a0\u00bb (Veill\u00e9e avec les jeunes)<br \/>\n6<\/p>\n<p>\u00a0\u00bb La joie de Marie est double : elle vient de recevoir l&rsquo;annonce de l&rsquo;ange qu&rsquo;elle va accueillir le R\u00e9dempteur, et aussi la nouvelle que sa cousine est enceinte. Alors, c&rsquo;est int\u00e9ressant : au lieu de penser \u00e0 elle-m\u00eame, elle pense \u00e0 l&rsquo;autre. Pourquoi ? Parce que la joie est missionnaire, la joie n&rsquo;est pas pour un seul, elle est pour apporter quelque chose. \u00a0\u00bb (Veill\u00e9e avec les jeunes)<br \/>\n7<\/p>\n<p>\u00a0\u00bb Nous ne devenons pas lumineux lorsque nous affichons une image parfaite, bien ordonn\u00e9e, bien finie, non. Et non plus lorsque nous nous sentons forts et victorieux. Forts et victorieux mais pas lumineux. Nous brillons quand, en accueillant J\u00e9sus, nous apprenons \u00e0 aimer comme Lui. \u00a0\u00bb (Messe pour les Journ\u00e9es Mondiales de la Jeunesse)<br \/>\n8<\/p>\n<p>\u00a0\u00bb Dans la vie, rien n&rsquo;est gratuit, tout se paie. Une seule chose est gratuite : l&rsquo;amour de J\u00e9sus ! Alors, avec cette gratuit\u00e9 que nous avons &#8211; l&rsquo;amour de J\u00e9sus &#8211; et avec la volont\u00e9 de marcher, marchons dans l&rsquo;esp\u00e9rance, regardons nos racines et avan\u00e7ons, sans peur. N&rsquo;ayez pas peur. \u00a0\u00bb (Veill\u00e9e avec les jeunes)<br \/>\n9<\/p>\n<p>\u00a0\u00bb Celui qui aime ne reste pas les bras crois\u00e9s, celui qui aime sert, celui qui aime court pour servir, il court pour se mettre au service des autres. \u00a0\u00bb (Rencontre avec les volontaires des JMJ)<br \/>\n10<\/p>\n<p>\u00a0\u00bb Continuez \u00e0 surfer sur les vagues de l\u2019amour, les vagues de la charit\u00e9, soyez des surfeurs de l\u2019amour ! \u00a0\u00bb (Rencontre avec les volontaires des JMJ)[\/et_pb_testimonial][\/et_pb_column][\/et_pb_row][\/et_pb_section]<\/p>\n","protected":false},"excerpt":{"rendered":"<p>Du 7 au 11 juillet 2025 : Activit\u00e9s ludiques et culturelles propos\u00e9es aux enfants dans le cadre de la foi et dans l\u2019esprit et p\u00e9dagogie de Saint Jean Bosco :\u2013 [&hellip;]<\/p>\n","protected":false},"author":4,"featured_media":0,"parent":5247,"menu_order":0,"comment_status":"closed","ping_status":"closed","template":"","meta":{"_et_pb_use_builder":"on","_et_pb_old_content":"","_et_gb_content_width":"","footnotes":""},"class_list":["post-7272","page","type-page","status-publish","hentry"],"_links":{"self":[{"href":"https:\/\/catholiques17.fr\/jonzac\/wp-json\/wp\/v2\/pages\/7272","targetHints":{"allow":["GET"]}}],"collection":[{"href":"https:\/\/catholiques17.fr\/jonzac\/wp-json\/wp\/v2\/pages"}],"about":[{"href":"https:\/\/catholiques17.fr\/jonzac\/wp-json\/wp\/v2\/types\/page"}],"author":[{"embeddable":true,"href":"https:\/\/catholiques17.fr\/jonzac\/wp-json\/wp\/v2\/users\/4"}],"replies":[{"embeddable":true,"href":"https:\/\/catholiques17.fr\/jonzac\/wp-json\/wp\/v2\/comments?post=7272"}],"version-history":[{"count":15,"href":"https:\/\/catholiques17.fr\/jonzac\/wp-json\/wp\/v2\/pages\/7272\/revisions"}],"predecessor-version":[{"id":11073,"href":"https:\/\/catholiques17.fr\/jonzac\/wp-json\/wp\/v2\/pages\/7272\/revisions\/11073"}],"up":[{"embeddable":true,"href":"https:\/\/catholiques17.fr\/jonzac\/wp-json\/wp\/v2\/pages\/5247"}],"wp:attachment":[{"href":"https:\/\/catholiques17.fr\/jonzac\/wp-json\/wp\/v2\/media?parent=7272"}],"curies":[{"name":"wp","href":"https:\/\/api.w.org\/{rel}","templated":true}]}}

<p>[et_pb_section fb_built= »1&Prime; _builder_version= »4.21.0&Prime; _module_preset= »default » global_colors_info= »{} » theme_builder_area= »post_content »][et_pb_row column_structure= »2_5,3_5&Prime; _builder_version= »4.21.0&Prime; _module_preset= »default » global_colors_info= »{} » theme_builder_area= »post_content »][et_pb_column type= »2_5&Prime; _builder_version= »4.21.0&Prime; _module_preset= »default » global_colors_info= »{} » theme_builder_area= »post_content »][et_pb_image src= »https://catholiques17.fr/jonzac/wp-content/uploads/sites/39/2024/09/patronage-1.jpg » title_text= »patronage 1&Prime; _builder_version= »4.21.0&Prime; _module_preset= »default » global_colors_info= »{} » theme_builder_area= »post_content »][/et_pb_image][/et_pb_column][et_pb_column type= »3_5&Prime; _builder_version= »4.21.0&Prime; _module_preset= »default » global_colors_info= »{} » theme_builder_area= »post_content »][et_pb_text _builder_version= »4.27.4&Prime; _module_preset= »default » global_colors_info= »{} » theme_builder_area= »post_content »]</p>
<h2 class="wp-block-heading">Du 7 au 11 juillet 2025 : Activités ludiques et culturelles proposées aux enfants dans le cadre de la foi et dans l’esprit et pédagogie de Saint Jean Bosco :</h2>
<p>[/et_pb_text][et_pb_text _builder_version= »4.21.0&Prime; _module_preset= »default » global_colors_info= »{} » theme_builder_area= »post_content »]</p>
<p>– Activités manuelles</p>
<p>– ⁠Activités sportives</p>
<p>– ⁠jeux d’intérieur</p>
<p>– ⁠Grands jeux à l’extérieur</p>
<p>[/et_pb_text][/et_pb_column][/et_pb_row][et_pb_row _builder_version= »4.21.0&Prime; _module_preset= »default » global_colors_info= »{} » theme_builder_area= »post_content »][et_pb_column type= »4_4&Prime; _builder_version= »4.21.0&Prime; _module_preset= »default » global_colors_info= »{} » theme_builder_area= »post_content »][et_pb_text _builder_version= »4.27.4&Prime; _module_preset= »default » hover_enabled= »0&Prime; global_colors_info= »{} » theme_builder_area= »post_content » sticky_enabled= »0&Prime;]</p>
<p>L’accent est mis sur l’esprit d’équipe, l’entraide et vivre à fond la vie et la charité chrétienne.</p>
<div style="height: 42px" aria-hidden="true" class="wp-block-spacer"></div>
<p><span style="text-decoration: underline">Quand </span>? Pendant les vacances d&rsquo;été, du 7 au 11 juillet 2025</p>
<p><span style="text-decoration: underline">Où</span> ? dans les salles paroissiales de Jonzac avec une sortie prévue sur deux jours avec une nuit à Lourdes mardi et mercredi</p>
<p><span style="text-decoration: underline">Horaires</span> ? 9h à 17h30 lundi, jeudi et vendredi</p>
<p><span style="text-decoration: underline">Pour qui </span>? Activités ouvertes à tous pour les enfants de 5 à 12 ans</p>
<div style="height: 47px" aria-hidden="true" class="wp-block-spacer"></div>
<hr class="wp-block-separator has-text-color has-luminous-vivid-orange-color has-alpha-channel-opacity has-luminous-vivid-orange-background-color has-background is-style-wide" />
<div style="height: 44px" aria-hidden="true" class="wp-block-spacer"></div>
<h2 class="wp-block-heading has-text-align-center">A prévoir :</h2>
<div style="height: 35px" aria-hidden="true" class="wp-block-spacer"></div>
<p>Tenue sportive, gourde, casquette.</p>
<p>pique nique pour le déjeuner</p>
<p>Prix : 10€ par jour et par enfant (lundi jeudi et vendredi) 50€ pour le voyage à Lourdes avec une nuit à Lourdes (mardi et mercredi)</p>
<p>Prix spécial famille nombreuse : à voir avec les catéchistes</p>
<p><strong>Renseignements :</strong> 09 52 17 13 86</p>
<p>[/et_pb_text][/et_pb_column][/et_pb_row][et_pb_row _builder_version= »4.21.0&Prime; _module_preset= »default » global_colors_info= »{} » theme_builder_area= »post_content »][et_pb_column type= »4_4&Prime; _builder_version= »4.21.0&Prime; _module_preset= »default » global_colors_info= »{} » theme_builder_area= »post_content »][et_pb_testimonial author= »Pape François » portrait_url= »https://catholiques17.fr/jonzac/wp-content/uploads/sites/39/2020/03/005e85.jpg » _builder_version= »4.21.0&Prime; _module_preset= »default » global_colors_info= »{} » theme_builder_area= »post_content »]Le pape François a passé cinq jours au Portugal à l&rsquo;occasion des Journées Mondiales de la Jeunesse (JMJ) Lisbonne 2023. Plusieurs discours, homélies, salutations et bénédictions ont été adressés à la « vague de jeunes » venus aux JMJ Lisbonne 2023. De ces moments, nous vous partageons dix phrases marquantes :<br />
1</p>
<p> » Remplacez les peurs par les rêves : ne soyez pas administrateurs de peurs, mais des entrepreneurs de rêves ! « (Rencontre à l’Universidade Católica Portuguesa)<br />
2</p>
<p> » Il y a de la place pour tout le monde dans l&rsquo;Église, pour tout le monde ! Il y a de la place pour tout le monde. Tel que nous sommes, tout le monde. Et Jésus le dit clairement quand il envoie les apôtres inviter au banquet de cet homme qui l’avait préparé, il dit : « Allez chercher tout le monde, jeunes et vieux, bien portants et malades, justes et pécheurs : tous, tous, tous ». Dans l&rsquo;Église, il y a de la place pour tous. « Père, mais je suis un misérable&#8230;, je suis une misérable, y a-t-il de la place pour moi ? » Il y a de la place pour tout le monde ! Tous, tous, tous !  » (Cérémonie d’accueil)<br />
3</p>
<p> » Cher ami, si Dieu t&rsquo;appelle par ton nom, cela signifie que, pour Dieu, aucun d&rsquo;entre nous n&rsquo;est un numéro, mais un visage, une figure, un cœur.  » (Cérémonie d’accueil)<br />
4</p>
<p> » Puissions-nous, durant ces journées, fixer en nos cœurs le fait que nous sommes aimés tels que nous sommes, et non pas tels que nous voudrions être : tels que nous sommes maintenant. C&rsquo;est cela le point de départ des JMJ, mais surtout le point de départ de la vie. Garçons et filles : nous sommes aimés tels que nous sommes, sans maquillage !  » (Cérémonie d’accueil)<br />
5</p>
<p> » Le seul moment, le seul moment où il est permis de regarder une personne de haut, c&rsquo;est pour l&rsquo;aider à se relever.  » (Veillée avec les jeunes)<br />
6</p>
<p> » La joie de Marie est double : elle vient de recevoir l&rsquo;annonce de l&rsquo;ange qu&rsquo;elle va accueillir le Rédempteur, et aussi la nouvelle que sa cousine est enceinte. Alors, c&rsquo;est intéressant : au lieu de penser à elle-même, elle pense à l&rsquo;autre. Pourquoi ? Parce que la joie est missionnaire, la joie n&rsquo;est pas pour un seul, elle est pour apporter quelque chose.  » (Veillée avec les jeunes)<br />
7</p>
<p> » Nous ne devenons pas lumineux lorsque nous affichons une image parfaite, bien ordonnée, bien finie, non. Et non plus lorsque nous nous sentons forts et victorieux. Forts et victorieux mais pas lumineux. Nous brillons quand, en accueillant Jésus, nous apprenons à aimer comme Lui.  » (Messe pour les Journées Mondiales de la Jeunesse)<br />
8</p>
<p> » Dans la vie, rien n&rsquo;est gratuit, tout se paie. Une seule chose est gratuite : l&rsquo;amour de Jésus ! Alors, avec cette gratuité que nous avons &#8211; l&rsquo;amour de Jésus &#8211; et avec la volonté de marcher, marchons dans l&rsquo;espérance, regardons nos racines et avançons, sans peur. N&rsquo;ayez pas peur.  » (Veillée avec les jeunes)<br />
9</p>
<p> » Celui qui aime ne reste pas les bras croisés, celui qui aime sert, celui qui aime court pour servir, il court pour se mettre au service des autres.  » (Rencontre avec les volontaires des JMJ)<br />
10</p>
<p> » Continuez à surfer sur les vagues de l’amour, les vagues de la charité, soyez des surfeurs de l’amour !  » (Rencontre avec les volontaires des JMJ)[/et_pb_testimonial][/et_pb_column][/et_pb_row][/et_pb_section]</p>

<p>Du 7 au 11 juillet 2025 : Activités ludiques et culturelles proposées aux enfants dans le cadre de la foi et dans l’esprit et pédagogie de Saint Jean Bosco :– [&hellip;]</p>
