{"id":7261,"date":"2024-06-27T14:59:01","date_gmt":"2024-06-27T12:59:01","guid":{"rendered":"https:\/\/catholiques17.fr\/jonzac\/?page_id=7261"},"modified":"2024-09-23T23:38:39","modified_gmt":"2024-09-23T21:38:39","slug":"sacerdoce","status":"publish","type":"page","link":"https:\/\/catholiques17.fr\/jonzac\/etape-de-la-vie\/sacerdoce\/","title":{"rendered":"Sacerdoce"},"content":{"rendered":"<p>[et_pb_section fb_built=\u00a0\u00bb1&Prime; _builder_version=\u00a0\u00bb4.16&Prime; _module_preset=\u00a0\u00bbdefault\u00a0\u00bb custom_padding=\u00a0\u00bb5px|||||\u00a0\u00bb global_colors_info=\u00a0\u00bb{}\u00a0\u00bb theme_builder_area=\u00a0\u00bbpost_content\u00a0\u00bb][et_pb_row _builder_version=\u00a0\u00bb4.21.0&Prime; _module_preset=\u00a0\u00bbdefault\u00a0\u00bb custom_padding=\u00a0\u00bb6px|||||\u00a0\u00bb global_colors_info=\u00a0\u00bb{}\u00a0\u00bb theme_builder_area=\u00a0\u00bbpost_content\u00a0\u00bb][et_pb_column type=\u00a0\u00bb4_4&Prime; _builder_version=\u00a0\u00bb4.21.0&Prime; _module_preset=\u00a0\u00bbdefault\u00a0\u00bb global_colors_info=\u00a0\u00bb{}\u00a0\u00bb theme_builder_area=\u00a0\u00bbpost_content\u00a0\u00bb][et_pb_image src=\u00a0\u00bbhttps:\/\/catholiques17.fr\/jonzac\/wp-content\/uploads\/sites\/39\/2024\/09\/ordination-sacerdotale.jpg\u00a0\u00bb title_text=\u00a0\u00bbordination sacerdotale\u00a0\u00bb _builder_version=\u00a0\u00bb4.21.0&Prime; _module_preset=\u00a0\u00bbdefault\u00a0\u00bb animation_style=\u00a0\u00bbslide\u00a0\u00bb border_radii=\u00a0\u00bbon|20px|20px|20px|20px\u00a0\u00bb global_colors_info=\u00a0\u00bb{}\u00a0\u00bb theme_builder_area=\u00a0\u00bbpost_content\u00a0\u00bb][\/et_pb_image][\/et_pb_column][\/et_pb_row][et_pb_row _builder_version=\u00a0\u00bb4.16&Prime; _module_preset=\u00a0\u00bbdefault\u00a0\u00bb global_colors_info=\u00a0\u00bb{}\u00a0\u00bb theme_builder_area=\u00a0\u00bbpost_content\u00a0\u00bb][et_pb_column type=\u00a0\u00bb4_4&Prime; _builder_version=\u00a0\u00bb4.16&Prime; _module_preset=\u00a0\u00bbdefault\u00a0\u00bb global_colors_info=\u00a0\u00bb{}\u00a0\u00bb theme_builder_area=\u00a0\u00bbpost_content\u00a0\u00bb][et_pb_text _builder_version=\u00a0\u00bb4.21.0&Prime; _module_preset=\u00a0\u00bbdefault\u00a0\u00bb hover_enabled=\u00a0\u00bb0&Prime; global_colors_info=\u00a0\u00bb{}\u00a0\u00bb theme_builder_area=\u00a0\u00bbpost_content\u00a0\u00bb sticky_enabled=\u00a0\u00bb0&Prime;]<\/p>\n<p>Le terme \u201csacerdoce\u201d indique la fonction de m\u00e9diation entre Dieu et l\u2019humanit\u00e9. Toute l\u2019Eglise est un peuple de pr\u00eatres, c\u2019est-\u00e0-dire un peuple sacerdotal. Par le<span> b<\/span>apt\u00eame, tous les baptis\u00e9s participent au Sacerdoce unique du Christ. Cette participation s\u2019appelle \u00ab sacerdoce commun des fid\u00e8les \u00bb. Sur cette base et \u00e0 son service, le minist\u00e8re sacerdotal des \u00e9v\u00eaques et des pr\u00eatres, conf\u00e9r\u00e9 par le <a href=\"https:\/\/catholiques17.fr\/jonzac\/2024\/06\/22\/deux-nouveaux-pretres-pour-le-diocese\/\">sacrement de l\u2019ordre<\/a>, participe de mani\u00e8re sp\u00e9cifique \u00e0 la mission du Christ.<\/p>\n<p style=\"text-align: right\">\u00a0<span><em>Source\u00a0: www.eglise.catholique.fr<\/em><\/span><\/p>\n<p>[\/et_pb_text][\/et_pb_column][\/et_pb_row][et_pb_row column_structure=\u00a0\u00bb1_3,1_3,1_3&Prime; _builder_version=\u00a0\u00bb4.21.0&Prime; _module_preset=\u00a0\u00bbdefault\u00a0\u00bb custom_padding=\u00a0\u00bb45px|||||\u00a0\u00bb global_colors_info=\u00a0\u00bb{}\u00a0\u00bb theme_builder_area=\u00a0\u00bbpost_content\u00a0\u00bb][et_pb_column type=\u00a0\u00bb1_3&Prime; _builder_version=\u00a0\u00bb4.21.0&Prime; _module_preset=\u00a0\u00bbdefault\u00a0\u00bb global_colors_info=\u00a0\u00bb{}\u00a0\u00bb theme_builder_area=\u00a0\u00bbpost_content\u00a0\u00bb][et_pb_cta title=\u00a0\u00bbVous vous sentez appel\u00e9 \u00e0 devenir pr\u00eatre ?\u00a0\u00bb button_url=\u00a0\u00bbhttps:\/\/catholiques17.fr\/diocese\/a-quoi-suis-je-appele\/le-sacerdoce\/\u00a0\u00bb button_text=\u00a0\u00bbClics\u00a0\u00bb _builder_version=\u00a0\u00bb4.21.0&Prime; _module_preset=\u00a0\u00bbdefault\u00a0\u00bb header_text_color=\u00a0\u00bb#666666&Prime; background_color=\u00a0\u00bb#E0CCB8&Prime; custom_button=\u00a0\u00bbon\u00a0\u00bb button_text_color=\u00a0\u00bb#666666&Prime; global_colors_info=\u00a0\u00bb{}\u00a0\u00bb theme_builder_area=\u00a0\u00bbpost_content\u00a0\u00bb][\/et_pb_cta][\/et_pb_column][et_pb_column type=\u00a0\u00bb1_3&Prime; _builder_version=\u00a0\u00bb4.21.0&Prime; _module_preset=\u00a0\u00bbdefault\u00a0\u00bb global_colors_info=\u00a0\u00bb{}\u00a0\u00bb theme_builder_area=\u00a0\u00bbpost_content\u00a0\u00bb][et_pb_cta title=\u00a0\u00bbVous vous sentez appel\u00e9 \u00e0 devenir diacre permanent ?\u00a0\u00bb button_url=\u00a0\u00bbhttps:\/\/catholiques17.fr\/diocese\/a-quoi-suis-je-appele\/le-diaconat-permanent\/\u00a0\u00bb button_text=\u00a0\u00bbClics\u00a0\u00bb _builder_version=\u00a0\u00bb4.21.0&Prime; _module_preset=\u00a0\u00bbdefault\u00a0\u00bb background_color=\u00a0\u00bb#AD8F85&Prime; custom_padding=\u00a0\u00bb||19px|||\u00a0\u00bb global_colors_info=\u00a0\u00bb{}\u00a0\u00bb theme_builder_area=\u00a0\u00bbpost_content\u00a0\u00bb][\/et_pb_cta][\/et_pb_column][et_pb_column type=\u00a0\u00bb1_3&Prime; _builder_version=\u00a0\u00bb4.21.0&Prime; _module_preset=\u00a0\u00bbdefault\u00a0\u00bb global_colors_info=\u00a0\u00bb{}\u00a0\u00bb theme_builder_area=\u00a0\u00bbpost_content\u00a0\u00bb][et_pb_cta title=\u00a0\u00bbVous vous sentez appel\u00e9(e) \u00e0 la vie consacr\u00e9e ?\u00a0\u00bb button_url=\u00a0\u00bbhttps:\/\/catholiques17.fr\/diocese\/a-quoi-suis-je-appele\/le-celibat-consacre\/\u00a0\u00bb button_text=\u00a0\u00bbClics\u00a0\u00bb _builder_version=\u00a0\u00bb4.21.0&Prime; _module_preset=\u00a0\u00bbdefault\u00a0\u00bb header_text_color=\u00a0\u00bb#666666&Prime; background_color=\u00a0\u00bb#EBE3E0&Prime; custom_button=\u00a0\u00bbon\u00a0\u00bb button_text_color=\u00a0\u00bb#666666&Prime; global_colors_info=\u00a0\u00bb{}\u00a0\u00bb theme_builder_area=\u00a0\u00bbpost_content\u00a0\u00bb][\/et_pb_cta][\/et_pb_column][\/et_pb_row][et_pb_row _builder_version=\u00a0\u00bb4.21.0&Prime; _module_preset=\u00a0\u00bbdefault\u00a0\u00bb global_colors_info=\u00a0\u00bb{}\u00a0\u00bb theme_builder_area=\u00a0\u00bbpost_content\u00a0\u00bb][et_pb_column type=\u00a0\u00bb4_4&Prime; _builder_version=\u00a0\u00bb4.21.0&Prime; _module_preset=\u00a0\u00bbdefault\u00a0\u00bb global_colors_info=\u00a0\u00bb{}\u00a0\u00bb theme_builder_area=\u00a0\u00bbpost_content\u00a0\u00bb][et_pb_divider color=\u00a0\u00bb#F49A24&Prime; divider_weight=\u00a0\u00bb2px\u00a0\u00bb _builder_version=\u00a0\u00bb4.21.0&Prime; _module_preset=\u00a0\u00bbdefault\u00a0\u00bb global_colors_info=\u00a0\u00bb{}\u00a0\u00bb theme_builder_area=\u00a0\u00bbpost_content\u00a0\u00bb][\/et_pb_divider][\/et_pb_column][\/et_pb_row][et_pb_row _builder_version=\u00a0\u00bb4.21.0&Prime; _module_preset=\u00a0\u00bbdefault\u00a0\u00bb global_colors_info=\u00a0\u00bb{}\u00a0\u00bb theme_builder_area=\u00a0\u00bbpost_content\u00a0\u00bb][et_pb_column type=\u00a0\u00bb4_4&Prime; _builder_version=\u00a0\u00bb4.21.0&Prime; _module_preset=\u00a0\u00bbdefault\u00a0\u00bb global_colors_info=\u00a0\u00bb{}\u00a0\u00bb theme_builder_area=\u00a0\u00bbpost_content\u00a0\u00bb][et_pb_text _builder_version=\u00a0\u00bb4.21.0&Prime; _module_preset=\u00a0\u00bbdefault\u00a0\u00bb global_colors_info=\u00a0\u00bb{}\u00a0\u00bb theme_builder_area=\u00a0\u00bbpost_content\u00a0\u00bb]<\/p>\n<h4 style=\"text-align: center\"><span>Vous souhaitez rencontrer un pr\u00eatre, un(e) religieux(se) pour parler de votre vocation <\/span>?<\/h4>\n<h4 style=\"text-align: center\">Contactez- nous :<\/h4>\n<p style=\"text-align: center\">05 46 49 10 91 &#8211;\u00a0\u00a0<a href=\"mailto:paroissedejonzac@gmail.com\" target=\"_blank\" rel=\"noopener\">paroissedejonzac@gmail.com<\/a><\/p>\n<p>[\/et_pb_text][\/et_pb_column][\/et_pb_row][\/et_pb_section]<\/p>\n","protected":false},"excerpt":{"rendered":"<p>Le terme \u201csacerdoce\u201d indique la fonction de m\u00e9diation entre Dieu et l\u2019humanit\u00e9. Toute l\u2019Eglise est un peuple de pr\u00eatres, c\u2019est-\u00e0-dire un peuple sacerdotal. Par le bapt\u00eame, tous les baptis\u00e9s participent [&hellip;]<\/p>\n","protected":false},"author":4,"featured_media":0,"parent":7248,"menu_order":0,"comment_status":"closed","ping_status":"closed","template":"","meta":{"_et_pb_use_builder":"on","_et_pb_old_content":"<!-- wp:divi\/placeholder \/-->","_et_gb_content_width":"","footnotes":""},"class_list":["post-7261","page","type-page","status-publish","hentry"],"_links":{"self":[{"href":"https:\/\/catholiques17.fr\/jonzac\/wp-json\/wp\/v2\/pages\/7261","targetHints":{"allow":["GET"]}}],"collection":[{"href":"https:\/\/catholiques17.fr\/jonzac\/wp-json\/wp\/v2\/pages"}],"about":[{"href":"https:\/\/catholiques17.fr\/jonzac\/wp-json\/wp\/v2\/types\/page"}],"author":[{"embeddable":true,"href":"https:\/\/catholiques17.fr\/jonzac\/wp-json\/wp\/v2\/users\/4"}],"replies":[{"embeddable":true,"href":"https:\/\/catholiques17.fr\/jonzac\/wp-json\/wp\/v2\/comments?post=7261"}],"version-history":[{"count":8,"href":"https:\/\/catholiques17.fr\/jonzac\/wp-json\/wp\/v2\/pages\/7261\/revisions"}],"predecessor-version":[{"id":8053,"href":"https:\/\/catholiques17.fr\/jonzac\/wp-json\/wp\/v2\/pages\/7261\/revisions\/8053"}],"up":[{"embeddable":true,"href":"https:\/\/catholiques17.fr\/jonzac\/wp-json\/wp\/v2\/pages\/7248"}],"wp:attachment":[{"href":"https:\/\/catholiques17.fr\/jonzac\/wp-json\/wp\/v2\/media?parent=7261"}],"curies":[{"name":"wp","href":"https:\/\/api.w.org\/{rel}","templated":true}]}}

<p>[et_pb_section fb_built= »1&Prime; _builder_version= »4.16&Prime; _module_preset= »default » custom_padding= »5px||||| » global_colors_info= »{} » theme_builder_area= »post_content »][et_pb_row _builder_version= »4.21.0&Prime; _module_preset= »default » custom_padding= »6px||||| » global_colors_info= »{} » theme_builder_area= »post_content »][et_pb_column type= »4_4&Prime; _builder_version= »4.21.0&Prime; _module_preset= »default » global_colors_info= »{} » theme_builder_area= »post_content »][et_pb_image src= »https://catholiques17.fr/jonzac/wp-content/uploads/sites/39/2024/09/ordination-sacerdotale.jpg » title_text= »ordination sacerdotale » _builder_version= »4.21.0&Prime; _module_preset= »default » animation_style= »slide » border_radii= »on|20px|20px|20px|20px » global_colors_info= »{} » theme_builder_area= »post_content »][/et_pb_image][/et_pb_column][/et_pb_row][et_pb_row _builder_version= »4.16&Prime; _module_preset= »default » global_colors_info= »{} » theme_builder_area= »post_content »][et_pb_column type= »4_4&Prime; _builder_version= »4.16&Prime; _module_preset= »default » global_colors_info= »{} » theme_builder_area= »post_content »][et_pb_text _builder_version= »4.21.0&Prime; _module_preset= »default » hover_enabled= »0&Prime; global_colors_info= »{} » theme_builder_area= »post_content » sticky_enabled= »0&Prime;]</p>
<p>Le terme “sacerdoce” indique la fonction de médiation entre Dieu et l’humanité. Toute l’Eglise est un peuple de prêtres, c’est-à-dire un peuple sacerdotal. Par le<span> b</span>aptême, tous les baptisés participent au Sacerdoce unique du Christ. Cette participation s’appelle « sacerdoce commun des fidèles ». Sur cette base et à son service, le ministère sacerdotal des évêques et des prêtres, conféré par le <a href="https://catholiques17.fr/jonzac/2024/06/22/deux-nouveaux-pretres-pour-le-diocese/">sacrement de l’ordre</a>, participe de manière spécifique à la mission du Christ.</p>
<p style="text-align: right"> <span><em>Source : www.eglise.catholique.fr</em></span></p>
<p>[/et_pb_text][/et_pb_column][/et_pb_row][et_pb_row column_structure= »1_3,1_3,1_3&Prime; _builder_version= »4.21.0&Prime; _module_preset= »default » custom_padding= »45px||||| » global_colors_info= »{} » theme_builder_area= »post_content »][et_pb_column type= »1_3&Prime; _builder_version= »4.21.0&Prime; _module_preset= »default » global_colors_info= »{} » theme_builder_area= »post_content »][et_pb_cta title= »Vous vous sentez appelé à devenir prêtre ? » button_url= »https://catholiques17.fr/diocese/a-quoi-suis-je-appele/le-sacerdoce/ » button_text= »Clics » _builder_version= »4.21.0&Prime; _module_preset= »default » header_text_color= »#666666&Prime; background_color= »#E0CCB8&Prime; custom_button= »on » button_text_color= »#666666&Prime; global_colors_info= »{} » theme_builder_area= »post_content »][/et_pb_cta][/et_pb_column][et_pb_column type= »1_3&Prime; _builder_version= »4.21.0&Prime; _module_preset= »default » global_colors_info= »{} » theme_builder_area= »post_content »][et_pb_cta title= »Vous vous sentez appelé à devenir diacre permanent ? » button_url= »https://catholiques17.fr/diocese/a-quoi-suis-je-appele/le-diaconat-permanent/ » button_text= »Clics » _builder_version= »4.21.0&Prime; _module_preset= »default » background_color= »#AD8F85&Prime; custom_padding= »||19px||| » global_colors_info= »{} » theme_builder_area= »post_content »][/et_pb_cta][/et_pb_column][et_pb_column type= »1_3&Prime; _builder_version= »4.21.0&Prime; _module_preset= »default » global_colors_info= »{} » theme_builder_area= »post_content »][et_pb_cta title= »Vous vous sentez appelé(e) à la vie consacrée ? » button_url= »https://catholiques17.fr/diocese/a-quoi-suis-je-appele/le-celibat-consacre/ » button_text= »Clics » _builder_version= »4.21.0&Prime; _module_preset= »default » header_text_color= »#666666&Prime; background_color= »#EBE3E0&Prime; custom_button= »on » button_text_color= »#666666&Prime; global_colors_info= »{} » theme_builder_area= »post_content »][/et_pb_cta][/et_pb_column][/et_pb_row][et_pb_row _builder_version= »4.21.0&Prime; _module_preset= »default » global_colors_info= »{} » theme_builder_area= »post_content »][et_pb_column type= »4_4&Prime; _builder_version= »4.21.0&Prime; _module_preset= »default » global_colors_info= »{} » theme_builder_area= »post_content »][et_pb_divider color= »#F49A24&Prime; divider_weight= »2px » _builder_version= »4.21.0&Prime; _module_preset= »default » global_colors_info= »{} » theme_builder_area= »post_content »][/et_pb_divider][/et_pb_column][/et_pb_row][et_pb_row _builder_version= »4.21.0&Prime; _module_preset= »default » global_colors_info= »{} » theme_builder_area= »post_content »][et_pb_column type= »4_4&Prime; _builder_version= »4.21.0&Prime; _module_preset= »default » global_colors_info= »{} » theme_builder_area= »post_content »][et_pb_text _builder_version= »4.21.0&Prime; _module_preset= »default » global_colors_info= »{} » theme_builder_area= »post_content »]</p>
<h4 style="text-align: center"><span>Vous souhaitez rencontrer un prêtre, un(e) religieux(se) pour parler de votre vocation </span>?</h4>
<h4 style="text-align: center">Contactez- nous :</h4>
<p style="text-align: center">05 46 49 10 91 &#8211;  <a href="mailto:paroissedejonzac@gmail.com" target="_blank" rel="noopener">paroissedejonzac@gmail.com</a></p>
<p>[/et_pb_text][/et_pb_column][/et_pb_row][/et_pb_section]</p>

<p>Le terme “sacerdoce” indique la fonction de médiation entre Dieu et l’humanité. Toute l’Eglise est un peuple de prêtres, c’est-à-dire un peuple sacerdotal. Par le baptême, tous les baptisés participent [&hellip;]</p>
