{"id":5241,"date":"2022-04-07T22:35:40","date_gmt":"2022-04-07T20:35:40","guid":{"rendered":"https:\/\/catholiques17.fr\/jonzac\/?page_id=5241"},"modified":"2025-06-20T19:19:04","modified_gmt":"2025-06-20T17:19:04","slug":"equipes-liturgiques","status":"publish","type":"page","link":"https:\/\/catholiques17.fr\/jonzac\/services\/equipes-liturgiques\/","title":{"rendered":"Equipes liturgiques"},"content":{"rendered":"<p>[et_pb_section fb_built=\u00a0\u00bb1&Prime; _builder_version=\u00a0\u00bb4.17.6&Prime; _module_preset=\u00a0\u00bbdefault\u00a0\u00bb custom_padding=\u00a0\u00bb0px|||||\u00a0\u00bb global_colors_info=\u00a0\u00bb{}\u00a0\u00bb theme_builder_area=\u00a0\u00bbpost_content\u00a0\u00bb][et_pb_row _builder_version=\u00a0\u00bb4.17.6&Prime; _module_preset=\u00a0\u00bbdefault\u00a0\u00bb custom_padding=\u00a0\u00bb3px|||||\u00a0\u00bb global_colors_info=\u00a0\u00bb{}\u00a0\u00bb theme_builder_area=\u00a0\u00bbpost_content\u00a0\u00bb][et_pb_column type=\u00a0\u00bb4_4&Prime; _builder_version=\u00a0\u00bb4.17.6&Prime; _module_preset=\u00a0\u00bbdefault\u00a0\u00bb global_colors_info=\u00a0\u00bb{}\u00a0\u00bb theme_builder_area=\u00a0\u00bbpost_content\u00a0\u00bb][et_pb_image src=\u00a0\u00bbhttps:\/\/catholiques17.fr\/jonzac\/wp-content\/uploads\/sites\/39\/2023\/01\/a-book-ga4bf9892d_1920_1-1.jpg\u00a0\u00bb title_text=\u00a0\u00bba-book-ga4bf9892d_1920_1-1&Prime; _builder_version=\u00a0\u00bb4.17.6&Prime; _module_preset=\u00a0\u00bbdefault\u00a0\u00bb border_radii=\u00a0\u00bbon|20px|20px|20px|20px\u00a0\u00bb global_colors_info=\u00a0\u00bb{}\u00a0\u00bb theme_builder_area=\u00a0\u00bbpost_content\u00a0\u00bb][\/et_pb_image][\/et_pb_column][\/et_pb_row][et_pb_row _builder_version=\u00a0\u00bb4.17.6&Prime; _module_preset=\u00a0\u00bbdefault\u00a0\u00bb global_colors_info=\u00a0\u00bb{}\u00a0\u00bb theme_builder_area=\u00a0\u00bbpost_content\u00a0\u00bb][et_pb_column type=\u00a0\u00bb4_4&Prime; _builder_version=\u00a0\u00bb4.17.6&Prime; _module_preset=\u00a0\u00bbdefault\u00a0\u00bb global_colors_info=\u00a0\u00bb{}\u00a0\u00bb theme_builder_area=\u00a0\u00bbpost_content\u00a0\u00bb][et_pb_text _builder_version=\u00a0\u00bb4.17.6&Prime; _module_preset=\u00a0\u00bbdefault\u00a0\u00bb global_colors_info=\u00a0\u00bb{}\u00a0\u00bb theme_builder_area=\u00a0\u00bbpost_content\u00a0\u00bb]<\/p>\n<p>La liturgie est la fa\u00e7on dont les chr\u00e9tiens c\u00e9l\u00e8brent ensemble les sacrements ou prient ensemble. H\u00e9riti\u00e8re d\u2019une longue tradition, la liturgie catholique est \u00e0 la fois un discours et une action\u00a0: elle dit et elle fait ce qui est dit, aussi bien par des mots que par des gestes et des signes.<\/p>\n<h2><\/h2>\n<p>[\/et_pb_text][\/et_pb_column][\/et_pb_row][et_pb_row _builder_version=\u00a0\u00bb4.17.6&Prime; _module_preset=\u00a0\u00bbdefault\u00a0\u00bb global_colors_info=\u00a0\u00bb{}\u00a0\u00bb theme_builder_area=\u00a0\u00bbpost_content\u00a0\u00bb][et_pb_column type=\u00a0\u00bb4_4&Prime; _builder_version=\u00a0\u00bb4.17.6&Prime; _module_preset=\u00a0\u00bbdefault\u00a0\u00bb global_colors_info=\u00a0\u00bb{}\u00a0\u00bb theme_builder_area=\u00a0\u00bbpost_content\u00a0\u00bb][et_pb_text _builder_version=\u00a0\u00bb4.27.4&Prime; _module_preset=\u00a0\u00bbdefault\u00a0\u00bb hover_enabled=\u00a0\u00bb0&Prime; global_colors_info=\u00a0\u00bb{}\u00a0\u00bb theme_builder_area=\u00a0\u00bbpost_content\u00a0\u00bb sticky_enabled=\u00a0\u00bb0&Prime;]<\/p>\n<p><span style=\"color: #f49a24\"><strong>Les \u00e9quipes liturgiques ont pour r\u00f4le de pr\u00e9parer la messe d\u2019un dimanche.<\/strong><\/span><\/p>\n<p>C\u2019est l\u2019occasion de se retrouver en \u00e9quipe pour m\u00e9diter la Parole de DIEU et grandir spirituellement, tout en se mettant au service de la communaut\u00e9 paroissiale.<\/p>\n<p>L\u2019\u00e9quipe liturgique est compos\u00e9e de quelques personnes qui pr\u00e9parent une \u00e0 plusieurs\u00a0 fois par mois la messe du dimanche dont elles lisent et m\u00e9ditent ensemble les lectures propos\u00e9es.<\/p>\n<p>En lien avec les animateurs de chant, elles pr\u00e9voient l\u2019animation de la liturgie : en particulier la Pri\u00e8re Universelle, les chants qui seront retenus, ainsi que les gestes qui seront \u00e9ventuellement mis en valeur en accord avec le pr\u00eatre.<\/p>\n<p>[\/et_pb_text][\/et_pb_column][\/et_pb_row][et_pb_row _builder_version=\u00a0\u00bb4.17.6&Prime; _module_preset=\u00a0\u00bbdefault\u00a0\u00bb global_colors_info=\u00a0\u00bb{}\u00a0\u00bb theme_builder_area=\u00a0\u00bbpost_content\u00a0\u00bb][et_pb_column type=\u00a0\u00bb4_4&Prime; _builder_version=\u00a0\u00bb4.17.6&Prime; _module_preset=\u00a0\u00bbdefault\u00a0\u00bb global_colors_info=\u00a0\u00bb{}\u00a0\u00bb theme_builder_area=\u00a0\u00bbpost_content\u00a0\u00bb][et_pb_divider color=\u00a0\u00bb#F49A24&Prime; _builder_version=\u00a0\u00bb4.21.0&Prime; _module_preset=\u00a0\u00bbdefault\u00a0\u00bb background_color=\u00a0\u00bb#FFFFFF\u00a0\u00bb global_colors_info=\u00a0\u00bb{}\u00a0\u00bb theme_builder_area=\u00a0\u00bbpost_content\u00a0\u00bb][\/et_pb_divider][\/et_pb_column][\/et_pb_row][et_pb_row _builder_version=\u00a0\u00bb4.17.6&Prime; _module_preset=\u00a0\u00bbdefault\u00a0\u00bb global_colors_info=\u00a0\u00bb{}\u00a0\u00bb theme_builder_area=\u00a0\u00bbpost_content\u00a0\u00bb][et_pb_column type=\u00a0\u00bb4_4&Prime; _builder_version=\u00a0\u00bb4.17.6&Prime; _module_preset=\u00a0\u00bbdefault\u00a0\u00bb global_colors_info=\u00a0\u00bb{}\u00a0\u00bb theme_builder_area=\u00a0\u00bbpost_content\u00a0\u00bb][et_pb_text _builder_version=\u00a0\u00bb4.27.4&Prime; _module_preset=\u00a0\u00bbdefault\u00a0\u00bb hover_enabled=\u00a0\u00bb0&Prime; global_colors_info=\u00a0\u00bb{}\u00a0\u00bb theme_builder_area=\u00a0\u00bbpost_content\u00a0\u00bb sticky_enabled=\u00a0\u00bb0&Prime;]<\/p>\n<p><strong><span style=\"color: #f49a24\">Dans notre paroisse, les \u00e9quipes liturgiques sont r\u00e9unies par Sophie Miton, elles sont constitu\u00e9es des animateurs de chants et des chr\u00e9tiens volontaires qui se joignent aux \u00e9quipes ponctuellement ou r\u00e9guli\u00e8rement pour le partage des lectures et l&rsquo;\u00e9laboration de la pri\u00e8re universelle. Depuis le mois de septembre, une chorale paroissiale anim\u00e9e par H\u00e9l\u00e8ne embellit tous les temps forts de la paroisse, vous pouvez la rejoindre chaque vendredi \u00e0 18h aux salles paroissiales.<\/span><\/strong><\/p>\n<p>[\/et_pb_text][\/et_pb_column][\/et_pb_row][\/et_pb_section]<\/p>\n","protected":false},"excerpt":{"rendered":"<p>La liturgie est la fa\u00e7on dont les chr\u00e9tiens c\u00e9l\u00e8brent ensemble les sacrements ou prient ensemble. H\u00e9riti\u00e8re d\u2019une longue tradition, la liturgie catholique est \u00e0 la fois un discours et une [&hellip;]<\/p>\n","protected":false},"author":4,"featured_media":0,"parent":5247,"menu_order":0,"comment_status":"closed","ping_status":"closed","template":"","meta":{"_et_pb_use_builder":"on","_et_pb_old_content":"","_et_gb_content_width":"","footnotes":""},"class_list":["post-5241","page","type-page","status-publish","hentry"],"_links":{"self":[{"href":"https:\/\/catholiques17.fr\/jonzac\/wp-json\/wp\/v2\/pages\/5241","targetHints":{"allow":["GET"]}}],"collection":[{"href":"https:\/\/catholiques17.fr\/jonzac\/wp-json\/wp\/v2\/pages"}],"about":[{"href":"https:\/\/catholiques17.fr\/jonzac\/wp-json\/wp\/v2\/types\/page"}],"author":[{"embeddable":true,"href":"https:\/\/catholiques17.fr\/jonzac\/wp-json\/wp\/v2\/users\/4"}],"replies":[{"embeddable":true,"href":"https:\/\/catholiques17.fr\/jonzac\/wp-json\/wp\/v2\/comments?post=5241"}],"version-history":[{"count":7,"href":"https:\/\/catholiques17.fr\/jonzac\/wp-json\/wp\/v2\/pages\/5241\/revisions"}],"predecessor-version":[{"id":10942,"href":"https:\/\/catholiques17.fr\/jonzac\/wp-json\/wp\/v2\/pages\/5241\/revisions\/10942"}],"up":[{"embeddable":true,"href":"https:\/\/catholiques17.fr\/jonzac\/wp-json\/wp\/v2\/pages\/5247"}],"wp:attachment":[{"href":"https:\/\/catholiques17.fr\/jonzac\/wp-json\/wp\/v2\/media?parent=5241"}],"curies":[{"name":"wp","href":"https:\/\/api.w.org\/{rel}","templated":true}]}}

<p>[et_pb_section fb_built= »1&Prime; _builder_version= »4.17.6&Prime; _module_preset= »default » custom_padding= »0px||||| » global_colors_info= »{} » theme_builder_area= »post_content »][et_pb_row _builder_version= »4.17.6&Prime; _module_preset= »default » custom_padding= »3px||||| » global_colors_info= »{} » theme_builder_area= »post_content »][et_pb_column type= »4_4&Prime; _builder_version= »4.17.6&Prime; _module_preset= »default » global_colors_info= »{} » theme_builder_area= »post_content »][et_pb_image src= »https://catholiques17.fr/jonzac/wp-content/uploads/sites/39/2023/01/a-book-ga4bf9892d_1920_1-1.jpg » title_text= »a-book-ga4bf9892d_1920_1-1&Prime; _builder_version= »4.17.6&Prime; _module_preset= »default » border_radii= »on|20px|20px|20px|20px » global_colors_info= »{} » theme_builder_area= »post_content »][/et_pb_image][/et_pb_column][/et_pb_row][et_pb_row _builder_version= »4.17.6&Prime; _module_preset= »default » global_colors_info= »{} » theme_builder_area= »post_content »][et_pb_column type= »4_4&Prime; _builder_version= »4.17.6&Prime; _module_preset= »default » global_colors_info= »{} » theme_builder_area= »post_content »][et_pb_text _builder_version= »4.17.6&Prime; _module_preset= »default » global_colors_info= »{} » theme_builder_area= »post_content »]</p>
<p>La liturgie est la façon dont les chrétiens célèbrent ensemble les sacrements ou prient ensemble. Héritière d’une longue tradition, la liturgie catholique est à la fois un discours et une action : elle dit et elle fait ce qui est dit, aussi bien par des mots que par des gestes et des signes.</p>
<h2></h2>
<p>[/et_pb_text][/et_pb_column][/et_pb_row][et_pb_row _builder_version= »4.17.6&Prime; _module_preset= »default » global_colors_info= »{} » theme_builder_area= »post_content »][et_pb_column type= »4_4&Prime; _builder_version= »4.17.6&Prime; _module_preset= »default » global_colors_info= »{} » theme_builder_area= »post_content »][et_pb_text _builder_version= »4.27.4&Prime; _module_preset= »default » hover_enabled= »0&Prime; global_colors_info= »{} » theme_builder_area= »post_content » sticky_enabled= »0&Prime;]</p>
<p><span style="color: #f49a24"><strong>Les équipes liturgiques ont pour rôle de préparer la messe d’un dimanche.</strong></span></p>
<p>C’est l’occasion de se retrouver en équipe pour méditer la Parole de DIEU et grandir spirituellement, tout en se mettant au service de la communauté paroissiale.</p>
<p>L’équipe liturgique est composée de quelques personnes qui préparent une à plusieurs  fois par mois la messe du dimanche dont elles lisent et méditent ensemble les lectures proposées.</p>
<p>En lien avec les animateurs de chant, elles prévoient l’animation de la liturgie : en particulier la Prière Universelle, les chants qui seront retenus, ainsi que les gestes qui seront éventuellement mis en valeur en accord avec le prêtre.</p>
<p>[/et_pb_text][/et_pb_column][/et_pb_row][et_pb_row _builder_version= »4.17.6&Prime; _module_preset= »default » global_colors_info= »{} » theme_builder_area= »post_content »][et_pb_column type= »4_4&Prime; _builder_version= »4.17.6&Prime; _module_preset= »default » global_colors_info= »{} » theme_builder_area= »post_content »][et_pb_divider color= »#F49A24&Prime; _builder_version= »4.21.0&Prime; _module_preset= »default » background_color= »#FFFFFF » global_colors_info= »{} » theme_builder_area= »post_content »][/et_pb_divider][/et_pb_column][/et_pb_row][et_pb_row _builder_version= »4.17.6&Prime; _module_preset= »default » global_colors_info= »{} » theme_builder_area= »post_content »][et_pb_column type= »4_4&Prime; _builder_version= »4.17.6&Prime; _module_preset= »default » global_colors_info= »{} » theme_builder_area= »post_content »][et_pb_text _builder_version= »4.27.4&Prime; _module_preset= »default » hover_enabled= »0&Prime; global_colors_info= »{} » theme_builder_area= »post_content » sticky_enabled= »0&Prime;]</p>
<p><strong><span style="color: #f49a24">Dans notre paroisse, les équipes liturgiques sont réunies par Sophie Miton, elles sont constituées des animateurs de chants et des chrétiens volontaires qui se joignent aux équipes ponctuellement ou régulièrement pour le partage des lectures et l&rsquo;élaboration de la prière universelle. Depuis le mois de septembre, une chorale paroissiale animée par Hélène embellit tous les temps forts de la paroisse, vous pouvez la rejoindre chaque vendredi à 18h aux salles paroissiales.</span></strong></p>
<p>[/et_pb_text][/et_pb_column][/et_pb_row][/et_pb_section]</p>

<p>La liturgie est la façon dont les chrétiens célèbrent ensemble les sacrements ou prient ensemble. Héritière d’une longue tradition, la liturgie catholique est à la fois un discours et une [&hellip;]</p>
