{"id":5239,"date":"2022-04-07T22:35:23","date_gmt":"2022-04-07T20:35:23","guid":{"rendered":"https:\/\/catholiques17.fr\/jonzac\/?page_id=5239"},"modified":"2025-06-20T19:21:36","modified_gmt":"2025-06-20T17:21:36","slug":"ccfd","status":"publish","type":"page","link":"https:\/\/catholiques17.fr\/jonzac\/services\/ccfd\/","title":{"rendered":"CCFD"},"content":{"rendered":"<p>[et_pb_section fb_built=\u00a0\u00bb1&Prime; _builder_version=\u00a0\u00bb4.17.6&Prime; _module_preset=\u00a0\u00bbdefault\u00a0\u00bb custom_padding=\u00a0\u00bb5px|||||\u00a0\u00bb global_colors_info=\u00a0\u00bb{}\u00a0\u00bb theme_builder_area=\u00a0\u00bbpost_content\u00a0\u00bb][et_pb_row _builder_version=\u00a0\u00bb4.17.6&Prime; _module_preset=\u00a0\u00bbdefault\u00a0\u00bb custom_padding=\u00a0\u00bb4px|||||\u00a0\u00bb global_colors_info=\u00a0\u00bb{}\u00a0\u00bb theme_builder_area=\u00a0\u00bbpost_content\u00a0\u00bb][et_pb_column type=\u00a0\u00bb4_4&Prime; _builder_version=\u00a0\u00bb4.17.6&Prime; _module_preset=\u00a0\u00bbdefault\u00a0\u00bb global_colors_info=\u00a0\u00bb{}\u00a0\u00bb theme_builder_area=\u00a0\u00bbpost_content\u00a0\u00bb][et_pb_image src=\u00a0\u00bbhttps:\/\/catholiques17.fr\/jonzac\/wp-content\/uploads\/sites\/39\/2023\/01\/CCFD-Terre-Solidaire_-RVB_logodefinition.jpg\u00a0\u00bb title_text=\u00a0\u00bbCCFD-Terre-Solidaire_-RVB_logodefinition\u00a0\u00bb _builder_version=\u00a0\u00bb4.17.6&Prime; _module_preset=\u00a0\u00bbdefault\u00a0\u00bb global_colors_info=\u00a0\u00bb{}\u00a0\u00bb theme_builder_area=\u00a0\u00bbpost_content\u00a0\u00bb][\/et_pb_image][\/et_pb_column][\/et_pb_row][et_pb_row _builder_version=\u00a0\u00bb4.17.6&Prime; _module_preset=\u00a0\u00bbdefault\u00a0\u00bb global_colors_info=\u00a0\u00bb{}\u00a0\u00bb theme_builder_area=\u00a0\u00bbpost_content\u00a0\u00bb][et_pb_column type=\u00a0\u00bb4_4&Prime; _builder_version=\u00a0\u00bb4.17.6&Prime; _module_preset=\u00a0\u00bbdefault\u00a0\u00bb global_colors_info=\u00a0\u00bb{}\u00a0\u00bb theme_builder_area=\u00a0\u00bbpost_content\u00a0\u00bb][et_pb_text _builder_version=\u00a0\u00bb4.27.4&Prime; _module_preset=\u00a0\u00bbdefault\u00a0\u00bb hover_enabled=\u00a0\u00bb0&Prime; global_colors_info=\u00a0\u00bb{}\u00a0\u00bb theme_builder_area=\u00a0\u00bbpost_content\u00a0\u00bb sticky_enabled=\u00a0\u00bb0&Prime;]<\/p>\n<div class=\"et_pb_row et_pb_row_1\">\n<div class=\"et_pb_column et_pb_column_4_4 et_pb_column_1  et_pb_css_mix_blend_mode_passthrough et-last-child\">\n<div class=\"et_pb_module et_pb_text et_pb_text_0  et_pb_text_align_left et_pb_bg_layout_light\">\n<div class=\"et_pb_text_inner\">\n<div class=\"et_pb_row et_pb_row_1\">\n<div class=\"et_pb_column et_pb_column_4_4 et_pb_column_1  et_pb_css_mix_blend_mode_passthrough et-last-child\">\n<div class=\"et_pb_module et_pb_text et_pb_text_0  et_pb_text_align_left et_pb_bg_layout_light\">\n<div class=\"et_pb_text_inner\">\n<p>Le <strong>Comit\u00e9 catholique contre la faim et pour le d\u00e9veloppement<\/strong> (CCFD-Terre Solidaire) a \u00e9t\u00e9 cr\u00e9\u00e9 en 1961, \u00e0 l&rsquo;initiative des \u00e9v\u00eaques de France, pour animer et g\u00e9rer la collecte de car\u00eame au profit des populations souffrant de la faim dans le monde. Sa premi\u00e8re Assembl\u00e9e g\u00e9n\u00e9rale, compos\u00e9e par 15 Mouvements et Services d&rsquo;\u00c9glise (MSE), est une coll\u00e9gialit\u00e9 qui comprend aujourd&rsquo;hui 28 MSE.<\/p>\n<p>Le CCFD-Terre Solidaire est membre du <a href=\"https:\/\/www.diplomatie.gouv.fr\/fr\/politique-etrangere-de-la-france\/societe-civile-et-volontariat\/le-conseil-national-pour-le-developpement-et-la-solidarite-internationale-cndsi\/\">Conseil national de la Solidarit\u00e9<\/a>.<\/p>\n<p>Puisant son inspiration dans la pens\u00e9e sociale de l&rsquo;\u00c9glise, le CCFD-Terre Solidaire d\u00e9finit l&rsquo;inspiration de son action dans le texte \u00ab Identit\u00e9 et Mission \u00bb.<\/p>\n<p>Il a une double mission :<br \/>&#8211; soutenir les populations les plus pauvres, sur tous les continents, \u00e0 travers des actions de d\u00e9veloppement mises en \u0153uvre par des organisations locales-partenaires.<br \/>&#8211; mobiliser la solidarit\u00e9 des chr\u00e9tiens et sensibiliser l&rsquo;opinion publique fran\u00e7aise \u00e0 la solidarit\u00e9 internationale.<\/p>\n<p>Ses axes de travail et modalit\u00e9s d&rsquo;action sont strictement d\u00e9finis dans un Rapport d&rsquo;Orientation vot\u00e9 par les instances associatives.<\/p>\n<p>Avec un budget d&rsquo;environ 40 millions d&rsquo;euros, il soutient chaque ann\u00e9e pr\u00e8s de 500 initiatives dans plus d&rsquo;une soixantaine de pays, en Afrique, Asie, Am\u00e9rique latine, Bassin m\u00e9diterran\u00e9en, Europe centrale et orientale, et aupr\u00e8s de populations migrantes.<\/p>\n<p>En France, son r\u00e9seau de l&rsquo;ordre de 15 000 b\u00e9n\u00e9voles est organis\u00e9 en 1 100 \u00c9quipes locales, elles-m\u00eames reli\u00e9es \u00e0 99 D\u00e9l\u00e9gations dioc\u00e9saines. Ces \u00e9quipes multiplient les actions pour mobiliser le public sur les enjeux du d\u00e9veloppement et de la solidarit\u00e9 internationale, en s&rsquo;appuyant sur les pratiques et les r\u00e9flexions des partenaires du Sud et de l&rsquo;Est.<\/p>\n<p>En 50 ans, le CCFD-Terre Solidaire a acquis un savoir-faire dans le dialogue avec les soci\u00e9t\u00e9s civiles, une expertise aujourd&rsquo;hui utilis\u00e9e dans de nombreuses activit\u00e9s de plaidoyer et d&rsquo;\u00e9ducation au d\u00e9veloppement en direction du public fran\u00e7ais et des responsables politiques et \u00e9conomiques.<\/p>\n<p>Pour acc\u00e9der au site national, cliquer sur le lien <a href=\"http:\/\/ccfd-terresolidaire.org\">CCFD-Terre solidaire<\/a><\/p>\n<p>&nbsp;<\/p>\n<p>Article de la paroisse concernant le CCFD :<\/p>\n<p>&#8211; Soir\u00e9e du CCFD vendredi 28 f\u00e9vrier sur le th\u00e8me de la Palestine et Isra\u00ebl : <a href=\"https:\/\/catholiques17.fr\/jonzac\/2025\/03\/01\/soiree-ccfd-vendredi-28-fevrier-a-la-salle-des-fetes-de-fontaines-dozillac\/\">https:\/\/catholiques17.fr\/jonzac\/2025\/03\/01\/soiree-ccfd-vendredi-28-fevrier-a-la-salle-des-fetes-de-fontaines-dozillac\/<\/a><\/p>\n<\/div>\n<\/div>\n<\/div>\n<\/div>\n<\/div>\n<\/div>\n<\/div>\n<\/div>\n<p>[\/et_pb_text][\/et_pb_column][\/et_pb_row][et_pb_row _builder_version=\u00a0\u00bb4.17.6&Prime; _module_preset=\u00a0\u00bbdefault\u00a0\u00bb global_colors_info=\u00a0\u00bb{}\u00a0\u00bb theme_builder_area=\u00a0\u00bbpost_content\u00a0\u00bb][et_pb_column type=\u00a0\u00bb4_4&Prime; _builder_version=\u00a0\u00bb4.17.6&Prime; _module_preset=\u00a0\u00bbdefault\u00a0\u00bb global_colors_info=\u00a0\u00bb{}\u00a0\u00bb theme_builder_area=\u00a0\u00bbpost_content\u00a0\u00bb][et_pb_testimonial portrait_url=\u00a0\u00bbhttps:\/\/catholiques17.fr\/jonzac\/wp-content\/uploads\/sites\/39\/2023\/01\/livre1.jpg\u00a0\u00bb _builder_version=\u00a0\u00bb4.17.6&Prime; _module_preset=\u00a0\u00bbdefault\u00a0\u00bb global_colors_info=\u00a0\u00bb{}\u00a0\u00bb theme_builder_area=\u00a0\u00bbpost_content\u00a0\u00bb]<\/p>\n<p><em>\u201cL\u2019aide directe constitue une r\u00e9ponse appropri\u00e9e \u00e0 des besoins imm\u00e9diats, extraordinaires, caus\u00e9s par exemple par des catastrophes naturelles, des \u00e9pid\u00e9mies, etc. Mais elle ne suffit pas \u00e0 r\u00e9parer les graves dommages qui r\u00e9sultent des situations de d\u00e9nuement, ni \u00e0 pourvoir durablement aux besoins. Il faut aussi r\u00e9former les institutions \u00e9conomiques et financi\u00e8res internationales, pour qu\u2019elles promeuvent mieux des rapports \u00e9quitables avec les pays les moins avanc\u00e9s. Il faut soutenir l\u2019effort des pays pauvres travaillant \u00e0 leur croissance et \u00e0 leur lib\u00e9ration\u201d.<\/em> (Cat\u00e9chisme de l\u2019\u00c9glise catholique, r\u00e9f. : 2440)<\/p>\n<p>[\/et_pb_testimonial][\/et_pb_column][\/et_pb_row][et_pb_row _builder_version=\u00a0\u00bb4.17.6&Prime; _module_preset=\u00a0\u00bbdefault\u00a0\u00bb global_colors_info=\u00a0\u00bb{}\u00a0\u00bb theme_builder_area=\u00a0\u00bbpost_content\u00a0\u00bb][et_pb_column type=\u00a0\u00bb4_4&Prime; _builder_version=\u00a0\u00bb4.17.6&Prime; _module_preset=\u00a0\u00bbdefault\u00a0\u00bb global_colors_info=\u00a0\u00bb{}\u00a0\u00bb theme_builder_area=\u00a0\u00bbpost_content\u00a0\u00bb][et_pb_divider color=\u00a0\u00bb#F49A24&Prime; divider_weight=\u00a0\u00bb2px\u00a0\u00bb _builder_version=\u00a0\u00bb4.21.0&Prime; _module_preset=\u00a0\u00bbdefault\u00a0\u00bb background_color=\u00a0\u00bb#FFFFFF\u00a0\u00bb global_colors_info=\u00a0\u00bb{}\u00a0\u00bb theme_builder_area=\u00a0\u00bbpost_content\u00a0\u00bb][\/et_pb_divider][\/et_pb_column][\/et_pb_row][et_pb_row _builder_version=\u00a0\u00bb4.17.6&Prime; _module_preset=\u00a0\u00bbdefault\u00a0\u00bb custom_padding=\u00a0\u00bb9px|||||\u00a0\u00bb global_colors_info=\u00a0\u00bb{}\u00a0\u00bb theme_builder_area=\u00a0\u00bbpost_content\u00a0\u00bb][et_pb_column type=\u00a0\u00bb4_4&Prime; _builder_version=\u00a0\u00bb4.17.6&Prime; _module_preset=\u00a0\u00bbdefault\u00a0\u00bb global_colors_info=\u00a0\u00bb{}\u00a0\u00bb theme_builder_area=\u00a0\u00bbpost_content\u00a0\u00bb][et_pb_text _builder_version=\u00a0\u00bb4.21.0&Prime; _module_preset=\u00a0\u00bbdefault\u00a0\u00bb global_colors_info=\u00a0\u00bb{}\u00a0\u00bb theme_builder_area=\u00a0\u00bbpost_content\u00a0\u00bb]<\/p>\n<h4 style=\"text-align: center\"><strong><span style=\"color: #f49a24\">Dans notre paroisse : <\/span><\/strong><\/h4>\n<h4 style=\"text-align: center\"><strong><span style=\"color: #f49a24\">pour tout renseignement, contacter Marie Jo Gauthier<\/span><\/strong><strong><\/strong><\/h4>\n<p>[\/et_pb_text][\/et_pb_column][\/et_pb_row][\/et_pb_section]<\/p>\n","protected":false},"excerpt":{"rendered":"<p>Le Comit\u00e9 catholique contre la faim et pour le d\u00e9veloppement (CCFD-Terre Solidaire) a \u00e9t\u00e9 cr\u00e9\u00e9 en 1961, \u00e0 l&rsquo;initiative des \u00e9v\u00eaques de France, pour animer et g\u00e9rer la collecte de [&hellip;]<\/p>\n","protected":false},"author":4,"featured_media":0,"parent":5247,"menu_order":0,"comment_status":"closed","ping_status":"closed","template":"","meta":{"_et_pb_use_builder":"on","_et_pb_old_content":"","_et_gb_content_width":"","footnotes":""},"class_list":["post-5239","page","type-page","status-publish","hentry"],"_links":{"self":[{"href":"https:\/\/catholiques17.fr\/jonzac\/wp-json\/wp\/v2\/pages\/5239","targetHints":{"allow":["GET"]}}],"collection":[{"href":"https:\/\/catholiques17.fr\/jonzac\/wp-json\/wp\/v2\/pages"}],"about":[{"href":"https:\/\/catholiques17.fr\/jonzac\/wp-json\/wp\/v2\/types\/page"}],"author":[{"embeddable":true,"href":"https:\/\/catholiques17.fr\/jonzac\/wp-json\/wp\/v2\/users\/4"}],"replies":[{"embeddable":true,"href":"https:\/\/catholiques17.fr\/jonzac\/wp-json\/wp\/v2\/comments?post=5239"}],"version-history":[{"count":10,"href":"https:\/\/catholiques17.fr\/jonzac\/wp-json\/wp\/v2\/pages\/5239\/revisions"}],"predecessor-version":[{"id":10944,"href":"https:\/\/catholiques17.fr\/jonzac\/wp-json\/wp\/v2\/pages\/5239\/revisions\/10944"}],"up":[{"embeddable":true,"href":"https:\/\/catholiques17.fr\/jonzac\/wp-json\/wp\/v2\/pages\/5247"}],"wp:attachment":[{"href":"https:\/\/catholiques17.fr\/jonzac\/wp-json\/wp\/v2\/media?parent=5239"}],"curies":[{"name":"wp","href":"https:\/\/api.w.org\/{rel}","templated":true}]}}

<p>[et_pb_section fb_built= »1&Prime; _builder_version= »4.17.6&Prime; _module_preset= »default » custom_padding= »5px||||| » global_colors_info= »{} » theme_builder_area= »post_content »][et_pb_row _builder_version= »4.17.6&Prime; _module_preset= »default » custom_padding= »4px||||| » global_colors_info= »{} » theme_builder_area= »post_content »][et_pb_column type= »4_4&Prime; _builder_version= »4.17.6&Prime; _module_preset= »default » global_colors_info= »{} » theme_builder_area= »post_content »][et_pb_image src= »https://catholiques17.fr/jonzac/wp-content/uploads/sites/39/2023/01/CCFD-Terre-Solidaire_-RVB_logodefinition.jpg » title_text= »CCFD-Terre-Solidaire_-RVB_logodefinition » _builder_version= »4.17.6&Prime; _module_preset= »default » global_colors_info= »{} » theme_builder_area= »post_content »][/et_pb_image][/et_pb_column][/et_pb_row][et_pb_row _builder_version= »4.17.6&Prime; _module_preset= »default » global_colors_info= »{} » theme_builder_area= »post_content »][et_pb_column type= »4_4&Prime; _builder_version= »4.17.6&Prime; _module_preset= »default » global_colors_info= »{} » theme_builder_area= »post_content »][et_pb_text _builder_version= »4.27.4&Prime; _module_preset= »default » hover_enabled= »0&Prime; global_colors_info= »{} » theme_builder_area= »post_content » sticky_enabled= »0&Prime;]</p>
<div class="et_pb_row et_pb_row_1">
<div class="et_pb_column et_pb_column_4_4 et_pb_column_1  et_pb_css_mix_blend_mode_passthrough et-last-child">
<div class="et_pb_module et_pb_text et_pb_text_0  et_pb_text_align_left et_pb_bg_layout_light">
<div class="et_pb_text_inner">
<div class="et_pb_row et_pb_row_1">
<div class="et_pb_column et_pb_column_4_4 et_pb_column_1  et_pb_css_mix_blend_mode_passthrough et-last-child">
<div class="et_pb_module et_pb_text et_pb_text_0  et_pb_text_align_left et_pb_bg_layout_light">
<div class="et_pb_text_inner">
<p>Le <strong>Comité catholique contre la faim et pour le développement</strong> (CCFD-Terre Solidaire) a été créé en 1961, à l&rsquo;initiative des évêques de France, pour animer et gérer la collecte de carême au profit des populations souffrant de la faim dans le monde. Sa première Assemblée générale, composée par 15 Mouvements et Services d&rsquo;Église (MSE), est une collégialité qui comprend aujourd&rsquo;hui 28 MSE.</p>
<p>Le CCFD-Terre Solidaire est membre du <a href="https://www.diplomatie.gouv.fr/fr/politique-etrangere-de-la-france/societe-civile-et-volontariat/le-conseil-national-pour-le-developpement-et-la-solidarite-internationale-cndsi/">Conseil national de la Solidarité</a>.</p>
<p>Puisant son inspiration dans la pensée sociale de l&rsquo;Église, le CCFD-Terre Solidaire définit l&rsquo;inspiration de son action dans le texte « Identité et Mission ».</p>
<p>Il a une double mission :<br />&#8211; soutenir les populations les plus pauvres, sur tous les continents, à travers des actions de développement mises en œuvre par des organisations locales-partenaires.<br />&#8211; mobiliser la solidarité des chrétiens et sensibiliser l&rsquo;opinion publique française à la solidarité internationale.</p>
<p>Ses axes de travail et modalités d&rsquo;action sont strictement définis dans un Rapport d&rsquo;Orientation voté par les instances associatives.</p>
<p>Avec un budget d&rsquo;environ 40 millions d&rsquo;euros, il soutient chaque année près de 500 initiatives dans plus d&rsquo;une soixantaine de pays, en Afrique, Asie, Amérique latine, Bassin méditerranéen, Europe centrale et orientale, et auprès de populations migrantes.</p>
<p>En France, son réseau de l&rsquo;ordre de 15 000 bénévoles est organisé en 1 100 Équipes locales, elles-mêmes reliées à 99 Délégations diocésaines. Ces équipes multiplient les actions pour mobiliser le public sur les enjeux du développement et de la solidarité internationale, en s&rsquo;appuyant sur les pratiques et les réflexions des partenaires du Sud et de l&rsquo;Est.</p>
<p>En 50 ans, le CCFD-Terre Solidaire a acquis un savoir-faire dans le dialogue avec les sociétés civiles, une expertise aujourd&rsquo;hui utilisée dans de nombreuses activités de plaidoyer et d&rsquo;éducation au développement en direction du public français et des responsables politiques et économiques.</p>
<p>Pour accéder au site national, cliquer sur le lien <a href="http://ccfd-terresolidaire.org">CCFD-Terre solidaire</a></p>
<p>&nbsp;</p>
<p>Article de la paroisse concernant le CCFD :</p>
<p>&#8211; Soirée du CCFD vendredi 28 février sur le thème de la Palestine et Israël : <a href="https://catholiques17.fr/jonzac/2025/03/01/soiree-ccfd-vendredi-28-fevrier-a-la-salle-des-fetes-de-fontaines-dozillac/">https://catholiques17.fr/jonzac/2025/03/01/soiree-ccfd-vendredi-28-fevrier-a-la-salle-des-fetes-de-fontaines-dozillac/</a></p>
</div>
</div>
</div>
</div>
</div>
</div>
</div>
</div>
<p>[/et_pb_text][/et_pb_column][/et_pb_row][et_pb_row _builder_version= »4.17.6&Prime; _module_preset= »default » global_colors_info= »{} » theme_builder_area= »post_content »][et_pb_column type= »4_4&Prime; _builder_version= »4.17.6&Prime; _module_preset= »default » global_colors_info= »{} » theme_builder_area= »post_content »][et_pb_testimonial portrait_url= »https://catholiques17.fr/jonzac/wp-content/uploads/sites/39/2023/01/livre1.jpg » _builder_version= »4.17.6&Prime; _module_preset= »default » global_colors_info= »{} » theme_builder_area= »post_content »]</p>
<p><em>“L’aide directe constitue une réponse appropriée à des besoins immédiats, extraordinaires, causés par exemple par des catastrophes naturelles, des épidémies, etc. Mais elle ne suffit pas à réparer les graves dommages qui résultent des situations de dénuement, ni à pourvoir durablement aux besoins. Il faut aussi réformer les institutions économiques et financières internationales, pour qu’elles promeuvent mieux des rapports équitables avec les pays les moins avancés. Il faut soutenir l’effort des pays pauvres travaillant à leur croissance et à leur libération”.</em> (Catéchisme de l’Église catholique, réf. : 2440)</p>
<p>[/et_pb_testimonial][/et_pb_column][/et_pb_row][et_pb_row _builder_version= »4.17.6&Prime; _module_preset= »default » global_colors_info= »{} » theme_builder_area= »post_content »][et_pb_column type= »4_4&Prime; _builder_version= »4.17.6&Prime; _module_preset= »default » global_colors_info= »{} » theme_builder_area= »post_content »][et_pb_divider color= »#F49A24&Prime; divider_weight= »2px » _builder_version= »4.21.0&Prime; _module_preset= »default » background_color= »#FFFFFF » global_colors_info= »{} » theme_builder_area= »post_content »][/et_pb_divider][/et_pb_column][/et_pb_row][et_pb_row _builder_version= »4.17.6&Prime; _module_preset= »default » custom_padding= »9px||||| » global_colors_info= »{} » theme_builder_area= »post_content »][et_pb_column type= »4_4&Prime; _builder_version= »4.17.6&Prime; _module_preset= »default » global_colors_info= »{} » theme_builder_area= »post_content »][et_pb_text _builder_version= »4.21.0&Prime; _module_preset= »default » global_colors_info= »{} » theme_builder_area= »post_content »]</p>
<h4 style="text-align: center"><strong><span style="color: #f49a24">Dans notre paroisse : </span></strong></h4>
<h4 style="text-align: center"><strong><span style="color: #f49a24">pour tout renseignement, contacter Marie Jo Gauthier</span></strong><strong></strong></h4>
<p>[/et_pb_text][/et_pb_column][/et_pb_row][/et_pb_section]</p>

<p>Le Comité catholique contre la faim et pour le développement (CCFD-Terre Solidaire) a été créé en 1961, à l&rsquo;initiative des évêques de France, pour animer et gérer la collecte de [&hellip;]</p>
