{"id":5220,"date":"2022-04-07T20:03:49","date_gmt":"2022-04-07T18:03:49","guid":{"rendered":"https:\/\/catholiques17.fr\/jonzac\/?page_id=5220"},"modified":"2026-03-25T15:32:33","modified_gmt":"2026-03-25T14:32:33","slug":"le-conseil-economique","status":"publish","type":"page","link":"https:\/\/catholiques17.fr\/jonzac\/paroisse\/le-conseil-economique\/","title":{"rendered":"Le conseil \u00e9conomique"},"content":{"rendered":"<p>[et_pb_section fb_built=\u00a0\u00bb1&Prime; _builder_version=\u00a0\u00bb4.16&Prime; _module_preset=\u00a0\u00bbdefault\u00a0\u00bb custom_padding=\u00a0\u00bb3px|||||\u00a0\u00bb global_colors_info=\u00a0\u00bb{}\u00a0\u00bb theme_builder_area=\u00a0\u00bbpost_content\u00a0\u00bb][et_pb_row _builder_version=\u00a0\u00bb4.17.6&Prime; _module_preset=\u00a0\u00bbdefault\u00a0\u00bb global_colors_info=\u00a0\u00bb{}\u00a0\u00bb theme_builder_area=\u00a0\u00bbpost_content\u00a0\u00bb][et_pb_column type=\u00a0\u00bb4_4&Prime; _builder_version=\u00a0\u00bb4.17.6&Prime; _module_preset=\u00a0\u00bbdefault\u00a0\u00bb global_colors_info=\u00a0\u00bb{}\u00a0\u00bb theme_builder_area=\u00a0\u00bbpost_content\u00a0\u00bb][et_pb_image src=\u00a0\u00bbhttps:\/\/catholiques17.fr\/jonzac\/wp-content\/uploads\/sites\/39\/2023\/01\/money-2696228_1280.jpg\u00a0\u00bb title_text=\u00a0\u00bbmoney-2696228_1280&Prime; _builder_version=\u00a0\u00bb4.27.5&Prime; _module_preset=\u00a0\u00bbdefault\u00a0\u00bb hover_enabled=\u00a0\u00bb0&Prime; border_radii=\u00a0\u00bbon|20px|20px|20px|20px\u00a0\u00bb global_colors_info=\u00a0\u00bb{}\u00a0\u00bb theme_builder_area=\u00a0\u00bbpost_content\u00a0\u00bb align=\u00a0\u00bbcenter\u00a0\u00bb sticky_enabled=\u00a0\u00bb0&Prime;][\/et_pb_image][\/et_pb_column][\/et_pb_row][et_pb_row _builder_version=\u00a0\u00bb4.17.6&Prime; _module_preset=\u00a0\u00bbdefault\u00a0\u00bb global_colors_info=\u00a0\u00bb{}\u00a0\u00bb theme_builder_area=\u00a0\u00bbpost_content\u00a0\u00bb][et_pb_column type=\u00a0\u00bb4_4&Prime; _builder_version=\u00a0\u00bb4.17.6&Prime; _module_preset=\u00a0\u00bbdefault\u00a0\u00bb global_colors_info=\u00a0\u00bb{}\u00a0\u00bb theme_builder_area=\u00a0\u00bbpost_content\u00a0\u00bb][et_pb_text _builder_version=\u00a0\u00bb4.17.6&Prime; _module_preset=\u00a0\u00bbdefault\u00a0\u00bb global_colors_info=\u00a0\u00bb{}\u00a0\u00bb theme_builder_area=\u00a0\u00bbpost_content\u00a0\u00bb]<\/p>\n<div class=\"et_pb_row et_pb_row_2\">\n<div class=\"et_pb_column et_pb_column_4_4 et_pb_column_2  et_pb_css_mix_blend_mode_passthrough et-last-child\">\n<div class=\"et_pb_module et_pb_text et_pb_text_1  et_pb_text_align_left et_pb_bg_layout_light\">\n<div class=\"et_pb_text_inner\">\n<p class=\"\" style=\"text-align: justify\">Sous la conduite du cur\u00e9 et de l\u2019Equipe Pastorale, le Conseil \u00c9conomique a pour mission de g\u00e9rer avec la rigueur requise en ce domaine, dans l\u2019esprit de l\u2019\u00c9vangile, les biens financiers, mobiliers et immobiliers qui sont confi\u00e9s \u00e0 la paroisse pour le service de la mission. Il doit rendre compte \u00e0 l\u2019\u00e9conome dioc\u00e9sain et aux paroissiens de la gestion de la paroisse une fois l\u2019an. Il \u00e9tablit le budget en accord avec les orientations de l\u2019\u00c9quipe Pastorale et il \u00e9tudie les besoins signal\u00e9s par les communaut\u00e9s locales. Il programme les d\u00e9penses en fonction de la mission. Lorsque la paroisse poss\u00e8de canoniquement des biens immobilier , \u00a0il veille \u00e0 l\u2019entretien de ces biens.\u00a0 En lien avec le dioc\u00e8se, il organise la collecte du denier de l\u2019\u00c9glise et sensibilise les paroissiens \u00e0 leur responsabilit\u00e9 dans la vie mat\u00e9rielle de l\u2019\u00c9glise locale.<\/p>\n<p class=\"\" style=\"text-align: justify\">Le Conseil \u00e9conomique de la paroisse est constitu\u00e9 de membres b\u00e9n\u00e9voles appel\u00e9s par l\u2019Equipe Pastorale au nom de leurs comp\u00e9tences humaines et professionnelles. \u00a0<\/p>\n<\/div>\n<\/div>\n<\/div>\n<\/div>\n<p>[\/et_pb_text][\/et_pb_column][\/et_pb_row][et_pb_row _builder_version=\u00a0\u00bb4.17.6&Prime; _module_preset=\u00a0\u00bbdefault\u00a0\u00bb global_colors_info=\u00a0\u00bb{}\u00a0\u00bb theme_builder_area=\u00a0\u00bbpost_content\u00a0\u00bb][et_pb_column type=\u00a0\u00bb4_4&Prime; _builder_version=\u00a0\u00bb4.17.6&Prime; _module_preset=\u00a0\u00bbdefault\u00a0\u00bb global_colors_info=\u00a0\u00bb{}\u00a0\u00bb theme_builder_area=\u00a0\u00bbpost_content\u00a0\u00bb][et_pb_divider _builder_version=\u00a0\u00bb4.17.6&Prime; _module_preset=\u00a0\u00bbdefault\u00a0\u00bb global_colors_info=\u00a0\u00bb{}\u00a0\u00bb theme_builder_area=\u00a0\u00bbpost_content\u00a0\u00bb][\/et_pb_divider][\/et_pb_column][\/et_pb_row][et_pb_row _builder_version=\u00a0\u00bb4.17.6&Prime; _module_preset=\u00a0\u00bbdefault\u00a0\u00bb global_colors_info=\u00a0\u00bb{}\u00a0\u00bb theme_builder_area=\u00a0\u00bbpost_content\u00a0\u00bb][et_pb_column type=\u00a0\u00bb4_4&Prime; _builder_version=\u00a0\u00bb4.17.6&Prime; _module_preset=\u00a0\u00bbdefault\u00a0\u00bb global_colors_info=\u00a0\u00bb{}\u00a0\u00bb theme_builder_area=\u00a0\u00bbpost_content\u00a0\u00bb][et_pb_text _builder_version=\u00a0\u00bb4.27.5&Prime; _module_preset=\u00a0\u00bbdefault\u00a0\u00bb custom_padding=\u00a0\u00bb||9px|||\u00a0\u00bb hover_enabled=\u00a0\u00bb0&Prime; global_colors_info=\u00a0\u00bb{}\u00a0\u00bb theme_builder_area=\u00a0\u00bbpost_content\u00a0\u00bb sticky_enabled=\u00a0\u00bb0&Prime;]<\/p>\n<h3 style=\"text-align: center;\"><span style=\"color: #ff6600;\"><strong>Dans notre paroisse,<\/strong> les membres du conseil \u00e9conomique sont : <\/span><\/h3>\n<h3 style=\"text-align: center;\"><span style=\"color: #ff6600;\">Les pr\u00eatres, Mugette Andr\u00e9 et Jean-Michel Mariau<br \/><\/span><\/h3>\n<p>[\/et_pb_text][\/et_pb_column][\/et_pb_row][\/et_pb_section]<\/p>\n","protected":false},"excerpt":{"rendered":"<p>Sous la conduite du cur\u00e9 et de l\u2019Equipe Pastorale, le Conseil \u00c9conomique a pour mission de g\u00e9rer avec la rigueur requise en ce domaine, dans l\u2019esprit de l\u2019\u00c9vangile, les biens [&hellip;]<\/p>\n","protected":false},"author":4,"featured_media":0,"parent":5224,"menu_order":0,"comment_status":"closed","ping_status":"closed","template":"","meta":{"_et_pb_use_builder":"on","_et_pb_old_content":"","_et_gb_content_width":"","footnotes":""},"class_list":["post-5220","page","type-page","status-publish","hentry"],"_links":{"self":[{"href":"https:\/\/catholiques17.fr\/jonzac\/wp-json\/wp\/v2\/pages\/5220","targetHints":{"allow":["GET"]}}],"collection":[{"href":"https:\/\/catholiques17.fr\/jonzac\/wp-json\/wp\/v2\/pages"}],"about":[{"href":"https:\/\/catholiques17.fr\/jonzac\/wp-json\/wp\/v2\/types\/page"}],"author":[{"embeddable":true,"href":"https:\/\/catholiques17.fr\/jonzac\/wp-json\/wp\/v2\/users\/4"}],"replies":[{"embeddable":true,"href":"https:\/\/catholiques17.fr\/jonzac\/wp-json\/wp\/v2\/comments?post=5220"}],"version-history":[{"count":8,"href":"https:\/\/catholiques17.fr\/jonzac\/wp-json\/wp\/v2\/pages\/5220\/revisions"}],"predecessor-version":[{"id":11390,"href":"https:\/\/catholiques17.fr\/jonzac\/wp-json\/wp\/v2\/pages\/5220\/revisions\/11390"}],"up":[{"embeddable":true,"href":"https:\/\/catholiques17.fr\/jonzac\/wp-json\/wp\/v2\/pages\/5224"}],"wp:attachment":[{"href":"https:\/\/catholiques17.fr\/jonzac\/wp-json\/wp\/v2\/media?parent=5220"}],"curies":[{"name":"wp","href":"https:\/\/api.w.org\/{rel}","templated":true}]}}

Le conseil économique

<p>[et_pb_section fb_built= »1&Prime; _builder_version= »4.16&Prime; _module_preset= »default » custom_padding= »3px||||| » global_colors_info= »{} » theme_builder_area= »post_content »][et_pb_row _builder_version= »4.17.6&Prime; _module_preset= »default » global_colors_info= »{} » theme_builder_area= »post_content »][et_pb_column type= »4_4&Prime; _builder_version= »4.17.6&Prime; _module_preset= »default » global_colors_info= »{} » theme_builder_area= »post_content »][et_pb_image src= »https://catholiques17.fr/jonzac/wp-content/uploads/sites/39/2023/01/money-2696228_1280.jpg » title_text= »money-2696228_1280&Prime; _builder_version= »4.27.5&Prime; _module_preset= »default » hover_enabled= »0&Prime; border_radii= »on|20px|20px|20px|20px » global_colors_info= »{} » theme_builder_area= »post_content » align= »center » sticky_enabled= »0&Prime;][/et_pb_image][/et_pb_column][/et_pb_row][et_pb_row _builder_version= »4.17.6&Prime; _module_preset= »default » global_colors_info= »{} » theme_builder_area= »post_content »][et_pb_column type= »4_4&Prime; _builder_version= »4.17.6&Prime; _module_preset= »default » global_colors_info= »{} » theme_builder_area= »post_content »][et_pb_text _builder_version= »4.17.6&Prime; _module_preset= »default » global_colors_info= »{} » theme_builder_area= »post_content »]</p>
<div class="et_pb_row et_pb_row_2">
<div class="et_pb_column et_pb_column_4_4 et_pb_column_2  et_pb_css_mix_blend_mode_passthrough et-last-child">
<div class="et_pb_module et_pb_text et_pb_text_1  et_pb_text_align_left et_pb_bg_layout_light">
<div class="et_pb_text_inner">
<p class="" style="text-align: justify">Sous la conduite du curé et de l’Equipe Pastorale, le Conseil Économique a pour mission de gérer avec la rigueur requise en ce domaine, dans l’esprit de l’Évangile, les biens financiers, mobiliers et immobiliers qui sont confiés à la paroisse pour le service de la mission. Il doit rendre compte à l’économe diocésain et aux paroissiens de la gestion de la paroisse une fois l’an. Il établit le budget en accord avec les orientations de l’Équipe Pastorale et il étudie les besoins signalés par les communautés locales. Il programme les dépenses en fonction de la mission. Lorsque la paroisse possède canoniquement des biens immobilier ,  il veille à l’entretien de ces biens.  En lien avec le diocèse, il organise la collecte du denier de l’Église et sensibilise les paroissiens à leur responsabilité dans la vie matérielle de l’Église locale.</p>
<p class="" style="text-align: justify">Le Conseil économique de la paroisse est constitué de membres bénévoles appelés par l’Equipe Pastorale au nom de leurs compétences humaines et professionnelles.  </p>
</div>
</div>
</div>
</div>
<p>[/et_pb_text][/et_pb_column][/et_pb_row][et_pb_row _builder_version= »4.17.6&Prime; _module_preset= »default » global_colors_info= »{} » theme_builder_area= »post_content »][et_pb_column type= »4_4&Prime; _builder_version= »4.17.6&Prime; _module_preset= »default » global_colors_info= »{} » theme_builder_area= »post_content »][et_pb_divider _builder_version= »4.17.6&Prime; _module_preset= »default » global_colors_info= »{} » theme_builder_area= »post_content »][/et_pb_divider][/et_pb_column][/et_pb_row][et_pb_row _builder_version= »4.17.6&Prime; _module_preset= »default » global_colors_info= »{} » theme_builder_area= »post_content »][et_pb_column type= »4_4&Prime; _builder_version= »4.17.6&Prime; _module_preset= »default » global_colors_info= »{} » theme_builder_area= »post_content »][et_pb_text _builder_version= »4.27.5&Prime; _module_preset= »default » custom_padding= »||9px||| » hover_enabled= »0&Prime; global_colors_info= »{} » theme_builder_area= »post_content » sticky_enabled= »0&Prime;]</p>
<h3 style="text-align: center;"><span style="color: #ff6600;"><strong>Dans notre paroisse,</strong> les membres du conseil économique sont : </span></h3>
<h3 style="text-align: center;"><span style="color: #ff6600;">Les prêtres, Mugette André et Jean-Michel Mariau<br /></span></h3>
<p>[/et_pb_text][/et_pb_column][/et_pb_row][/et_pb_section]</p>

<p>Sous la conduite du curé et de l’Equipe Pastorale, le Conseil Économique a pour mission de gérer avec la rigueur requise en ce domaine, dans l’esprit de l’Évangile, les biens [&hellip;]</p>
