{"id":8263,"date":"2022-12-13T08:35:29","date_gmt":"2022-12-13T07:35:29","guid":{"rendered":"https:\/\/catholiques17.fr\/gemozac\/?page_id=8263"},"modified":"2023-05-24T10:21:56","modified_gmt":"2023-05-24T08:21:56","slug":"thaims","status":"publish","type":"page","link":"https:\/\/catholiques17.fr\/gemozac\/histoire-et-patrimoine\/thaims\/","title":{"rendered":"Thaims"},"content":{"rendered":"<p>[et_pb_section fb_built=\u00a0\u00bb1&Prime; _builder_version=\u00a0\u00bb4.17.6&Prime; _module_preset=\u00a0\u00bbdefault\u00a0\u00bb hover_enabled=\u00a0\u00bb0&Prime; global_colors_info=\u00a0\u00bb{}\u00a0\u00bb theme_builder_area=\u00a0\u00bbpost_content\u00a0\u00bb sticky_enabled=\u00a0\u00bb0&Prime;][et_pb_row _builder_version=\u00a0\u00bb4.17.6&Prime; _module_preset=\u00a0\u00bbdefault\u00a0\u00bb global_colors_info=\u00a0\u00bb{}\u00a0\u00bb theme_builder_area=\u00a0\u00bbpost_content\u00a0\u00bb][et_pb_column type=\u00a0\u00bb4_4&Prime; _builder_version=\u00a0\u00bb4.17.6&Prime; _module_preset=\u00a0\u00bbdefault\u00a0\u00bb global_colors_info=\u00a0\u00bb{}\u00a0\u00bb theme_builder_area=\u00a0\u00bbpost_content\u00a0\u00bb][et_pb_image src=\u00a0\u00bbhttps:\/\/catholiques17.fr\/gemozac\/wp-content\/uploads\/sites\/34\/2023\/05\/Thaims-2.jpg\u00a0\u00bb _builder_version=\u00a0\u00bb4.17.6&Prime; _module_preset=\u00a0\u00bbdefault\u00a0\u00bb theme_builder_area=\u00a0\u00bbpost_content\u00a0\u00bb title_text=\u00a0\u00bbThaims 2&Prime; force_fullwidth=\u00a0\u00bbon\u00a0\u00bb hover_enabled=\u00a0\u00bb0&Prime; sticky_enabled=\u00a0\u00bb0&Prime; border_radii=\u00a0\u00bbon|20px|20px|20px|20px\u00a0\u00bb][\/et_pb_image][\/et_pb_column][\/et_pb_row][et_pb_row _builder_version=\u00a0\u00bb4.17.6&Prime; _module_preset=\u00a0\u00bbdefault\u00a0\u00bb theme_builder_area=\u00a0\u00bbpost_content\u00a0\u00bb][et_pb_column _builder_version=\u00a0\u00bb4.17.6&Prime; _module_preset=\u00a0\u00bbdefault\u00a0\u00bb type=\u00a0\u00bb4_4&Prime; theme_builder_area=\u00a0\u00bbpost_content\u00a0\u00bb][et_pb_text _builder_version=\u00a0\u00bb4.17.6&Prime; _module_preset=\u00a0\u00bbdefault\u00a0\u00bb theme_builder_area=\u00a0\u00bbpost_content\u00a0\u00bb hover_enabled=\u00a0\u00bb0&Prime; sticky_enabled=\u00a0\u00bb0&Prime;]<\/p>\n<blockquote>\n<p style=\"line-height: 100%;margin-bottom: 0cm;text-align: justify\">La petite \u00e9glise Saint-Pierre de Thaims\u00a0 est un \u00e9difice tr\u00e8s composite.<br \/>Elle occupe l\u2019emplacement d\u2019une villa gallo-romaine dont l\u2019hypocauste a \u00e9t\u00e9 d\u00e9gag\u00e9 sous la nef. La premi\u00e8re trav\u00e9e du ch\u0153ur, qui porte le clocher, r\u00e9utilise m\u00eame une partie des murs de cette villa. Elle est compl\u00e9t\u00e9e par une ma\u00e7onnerie faite de petits moellons r\u00e9guliers, de haute \u00e9poque romane. Cette trav\u00e9e est couverte d\u2019une coupole barlongue sur trompes.<br \/>Le reste de l\u2019\u00e9difice, \u00e9lev\u00e9 en plusieurs campagnes, \u00e9chelonn\u00e9es de la fin du XIe aux XIIIes si\u00e8cles, reprend le plan d\u2019une \u00e9glise romane classique \u00e0 transept vo\u00fbt\u00e9 en berceau bris\u00e9;la crois\u00e9e \u00e9tant couverte d\u2019une vo\u00fbte en crois\u00e9es d\u2019ogives.<br \/>L\u2019 <a href=\"http:\/\/ch.lerolle.free.fr\/eglises17\/lexique.php#:~:text=abside\" target=\"_blank\" rel=\"noopener\">abside<\/a> est orn\u00e9e d\u2019une arcature qui poss\u00e8de quelques beaux chapiteaux o\u00f9 se voient des personnages se jouant de lions, une sc\u00e8ne de chasse \u00e0 l\u2019arc et au faucon et la visite des saintes femmes au tombeau. Les <a href=\"http:\/\/ch.lerolle.free.fr\/eglises17\/lexique.php#:~:text=absidiole\" target=\"_blank\" rel=\"noopener\">absidioles<\/a> des croisillons ont disparu.<br \/>L\u2019extr\u00e9mit\u00e9 du croisillon sud est trait\u00e9e comme une v\u00e9ritable fa\u00e7ade tripartite \u00e0 portail en plein cintre compris deux arcades aveugles.<\/p>\n<p>http:\/\/eglises-en-charente-maritime.fr.cr\/<\/p>\n<\/blockquote>\n<p>[\/et_pb_text][\/et_pb_column][\/et_pb_row][\/et_pb_section]<\/p>\n","protected":false},"excerpt":{"rendered":"<p>La petite \u00e9glise Saint-Pierre de Thaims\u00a0 est un \u00e9difice tr\u00e8s composite.Elle occupe l\u2019emplacement d\u2019une villa gallo-romaine dont l\u2019hypocauste a \u00e9t\u00e9 d\u00e9gag\u00e9 sous la nef. La premi\u00e8re trav\u00e9e du ch\u0153ur, qui [&hellip;]<\/p>\n","protected":false},"author":4,"featured_media":0,"parent":6644,"menu_order":0,"comment_status":"closed","ping_status":"closed","template":"","meta":{"_et_pb_use_builder":"on","_et_pb_old_content":"","_et_gb_content_width":"","footnotes":""},"class_list":["post-8263","page","type-page","status-publish","hentry"],"_links":{"self":[{"href":"https:\/\/catholiques17.fr\/gemozac\/wp-json\/wp\/v2\/pages\/8263","targetHints":{"allow":["GET"]}}],"collection":[{"href":"https:\/\/catholiques17.fr\/gemozac\/wp-json\/wp\/v2\/pages"}],"about":[{"href":"https:\/\/catholiques17.fr\/gemozac\/wp-json\/wp\/v2\/types\/page"}],"author":[{"embeddable":true,"href":"https:\/\/catholiques17.fr\/gemozac\/wp-json\/wp\/v2\/users\/4"}],"replies":[{"embeddable":true,"href":"https:\/\/catholiques17.fr\/gemozac\/wp-json\/wp\/v2\/comments?post=8263"}],"version-history":[{"count":3,"href":"https:\/\/catholiques17.fr\/gemozac\/wp-json\/wp\/v2\/pages\/8263\/revisions"}],"predecessor-version":[{"id":8930,"href":"https:\/\/catholiques17.fr\/gemozac\/wp-json\/wp\/v2\/pages\/8263\/revisions\/8930"}],"up":[{"embeddable":true,"href":"https:\/\/catholiques17.fr\/gemozac\/wp-json\/wp\/v2\/pages\/6644"}],"wp:attachment":[{"href":"https:\/\/catholiques17.fr\/gemozac\/wp-json\/wp\/v2\/media?parent=8263"}],"curies":[{"name":"wp","href":"https:\/\/api.w.org\/{rel}","templated":true}]}}