{"id":8261,"date":"2022-12-13T08:35:15","date_gmt":"2022-12-13T07:35:15","guid":{"rendered":"https:\/\/catholiques17.fr\/gemozac\/?page_id=8261"},"modified":"2023-05-24T10:28:27","modified_gmt":"2023-05-24T08:28:27","slug":"tesson","status":"publish","type":"page","link":"https:\/\/catholiques17.fr\/gemozac\/histoire-et-patrimoine\/tesson\/","title":{"rendered":"Tesson"},"content":{"rendered":"<p>[et_pb_section fb_built=\u00a0\u00bb1&Prime; _builder_version=\u00a0\u00bb4.17.6&Prime; _module_preset=\u00a0\u00bbdefault\u00a0\u00bb global_colors_info=\u00a0\u00bb{}\u00a0\u00bb theme_builder_area=\u00a0\u00bbpost_content\u00a0\u00bb][et_pb_row _builder_version=\u00a0\u00bb4.17.6&Prime; _module_preset=\u00a0\u00bbdefault\u00a0\u00bb global_colors_info=\u00a0\u00bb{}\u00a0\u00bb theme_builder_area=\u00a0\u00bbpost_content\u00a0\u00bb][et_pb_column type=\u00a0\u00bb4_4&Prime; _builder_version=\u00a0\u00bb4.17.6&Prime; _module_preset=\u00a0\u00bbdefault\u00a0\u00bb global_colors_info=\u00a0\u00bb{}\u00a0\u00bb theme_builder_area=\u00a0\u00bbpost_content\u00a0\u00bb][et_pb_image src=\u00a0\u00bbhttps:\/\/catholiques17.fr\/gemozac\/wp-content\/uploads\/sites\/34\/2023\/05\/Tesson-eglise.jpg\u00a0\u00bb _builder_version=\u00a0\u00bb4.17.6&Prime; _module_preset=\u00a0\u00bbdefault\u00a0\u00bb theme_builder_area=\u00a0\u00bbpost_content\u00a0\u00bb title_text=\u00a0\u00bbTesson \u00e9glise\u00a0\u00bb force_fullwidth=\u00a0\u00bbon\u00a0\u00bb hover_enabled=\u00a0\u00bb0&Prime; sticky_enabled=\u00a0\u00bb0&Prime; border_radii=\u00a0\u00bbon|20px|20px|20px|20px\u00a0\u00bb][\/et_pb_image][\/et_pb_column][\/et_pb_row][et_pb_row _builder_version=\u00a0\u00bb4.17.6&Prime; _module_preset=\u00a0\u00bbdefault\u00a0\u00bb theme_builder_area=\u00a0\u00bbpost_content\u00a0\u00bb][et_pb_column _builder_version=\u00a0\u00bb4.17.6&Prime; _module_preset=\u00a0\u00bbdefault\u00a0\u00bb type=\u00a0\u00bb4_4&Prime; theme_builder_area=\u00a0\u00bbpost_content\u00a0\u00bb][et_pb_text _builder_version=\u00a0\u00bb4.17.6&Prime; _module_preset=\u00a0\u00bbdefault\u00a0\u00bb theme_builder_area=\u00a0\u00bbpost_content\u00a0\u00bb hover_enabled=\u00a0\u00bb0&Prime; sticky_enabled=\u00a0\u00bb0&Prime;]<\/p>\n<blockquote>\n<p style=\"line-height: 100%;margin-bottom: 0cm;text-align: justify\">L\u2019\u00e9glise de Tesson, \u00e9difi\u00e9e dans la seconde moiti\u00e9 du XIIe si\u00e8cle illustre la transition du roman au gothique en Saintonge. La fa\u00e7ade, assez sobre, comprenait au-dessus du portail un rang d\u2019arcatures sur colonnettes jumel\u00e9es, dont les arcs ont disparu. Le c\u0153ur profond est couvert, comme le bras du transept, d\u2019un berceau bris\u00e9 roman.<br \/>A la crois\u00e9e du transept, d\u2019importants faisceaux de colonnes sont venus se coller aux angles pour recevoir une crois\u00e9e d\u2019ogives l\u00e0 o\u00f9 une coupole \u00e9tait sans doute initialement pr\u00e9vue.<br \/>La nef a \u00e9t\u00e9 couverte de vo\u00fbtes d\u2019ogives au d\u00e9but du XIIe si\u00e8cle. Les retomb\u00e9es de leurs nervures se fondent encore assez maladroitement sur les chapiteaux romans. \u00a0<br \/>Le mur sud de la nef, exhauss\u00e9 au moment de ce vo\u00fbtement, a \u00e9t\u00e9 perc\u00e9 sous les arcs forment de curieuses ouvertures, l\u2019une en tr\u00e8fle, l\u2019autre en croissant de lune.<br \/>Les chapiteaux de la crois\u00e9e du transept et de la nef sont caract\u00e9ristiques de l\u2019apparition du gothique en Saintonge.<br \/>Les motifs sont essentiellement v\u00e9g\u00e9taux, \u00e0 base d\u2019acanthe aux feuilles tr\u00e8s d\u00e9coup\u00e9es, parfois prises dans de petites corbeilles \u00e0 d\u00e9cor de galons perl\u00e9s, avec toutefois quelques personnages malheureusement mutil\u00e9s. Sur la fa\u00e7ade, deux \u00e9tranges sculptures en haut-relief, un p\u00e8lerin \u00e0 gauche et un homme arm\u00e9 d\u2019une hache \u00e0 droite, probablement de la fin du Moyen-\u00e2ge, pr\u00e9senterait l\u2019attaque d\u2019un p\u00e8lerin de Saint-Jacques-de-Compostelle.<br \/>Tout pr\u00e8s de l\u2019\u00e9glise, \u00e0 l\u2019emplacement de l\u2019ancien cimeti\u00e8re, est implant\u00e9e une belle croix hosanni\u00e8re du XVe si\u00e8cle.<\/p>\n<p style=\"line-height: 100%;margin-bottom: 0cm;text-align: justify\">http:\/\/eglises-en-charente-maritime.fr.cr\/<\/p>\n<\/blockquote>\n<p>[\/et_pb_text][\/et_pb_column][\/et_pb_row][\/et_pb_section]<\/p>\n","protected":false},"excerpt":{"rendered":"<p>L\u2019\u00e9glise de Tesson, \u00e9difi\u00e9e dans la seconde moiti\u00e9 du XIIe si\u00e8cle illustre la transition du roman au gothique en Saintonge. La fa\u00e7ade, assez sobre, comprenait au-dessus du portail un rang [&hellip;]<\/p>\n","protected":false},"author":4,"featured_media":0,"parent":6644,"menu_order":0,"comment_status":"closed","ping_status":"closed","template":"","meta":{"_et_pb_use_builder":"on","_et_pb_old_content":"","_et_gb_content_width":"","footnotes":""},"class_list":["post-8261","page","type-page","status-publish","hentry"],"_links":{"self":[{"href":"https:\/\/catholiques17.fr\/gemozac\/wp-json\/wp\/v2\/pages\/8261","targetHints":{"allow":["GET"]}}],"collection":[{"href":"https:\/\/catholiques17.fr\/gemozac\/wp-json\/wp\/v2\/pages"}],"about":[{"href":"https:\/\/catholiques17.fr\/gemozac\/wp-json\/wp\/v2\/types\/page"}],"author":[{"embeddable":true,"href":"https:\/\/catholiques17.fr\/gemozac\/wp-json\/wp\/v2\/users\/4"}],"replies":[{"embeddable":true,"href":"https:\/\/catholiques17.fr\/gemozac\/wp-json\/wp\/v2\/comments?post=8261"}],"version-history":[{"count":3,"href":"https:\/\/catholiques17.fr\/gemozac\/wp-json\/wp\/v2\/pages\/8261\/revisions"}],"predecessor-version":[{"id":8933,"href":"https:\/\/catholiques17.fr\/gemozac\/wp-json\/wp\/v2\/pages\/8261\/revisions\/8933"}],"up":[{"embeddable":true,"href":"https:\/\/catholiques17.fr\/gemozac\/wp-json\/wp\/v2\/pages\/6644"}],"wp:attachment":[{"href":"https:\/\/catholiques17.fr\/gemozac\/wp-json\/wp\/v2\/media?parent=8261"}],"curies":[{"name":"wp","href":"https:\/\/api.w.org\/{rel}","templated":true}]}}