{"id":7930,"date":"2022-11-07T16:09:52","date_gmt":"2022-11-07T15:09:52","guid":{"rendered":"https:\/\/catholiques17.fr\/gemozac\/?page_id=7930"},"modified":"2025-11-07T10:15:06","modified_gmt":"2025-11-07T09:15:06","slug":"groupe-de-priere","status":"publish","type":"page","link":"https:\/\/catholiques17.fr\/gemozac\/spiritualite\/groupe-de-priere\/","title":{"rendered":"Groupes de pri\u00e8re"},"content":{"rendered":"<p>[et_pb_section fb_built=\u00a0\u00bb1&Prime; _builder_version=\u00a0\u00bb4.17.6&Prime; _module_preset=\u00a0\u00bbdefault\u00a0\u00bb min_height=\u00a0\u00bb248.8px\u00a0\u00bb global_colors_info=\u00a0\u00bb{}\u00a0\u00bb theme_builder_area=\u00a0\u00bbpost_content\u00a0\u00bb][et_pb_row column_structure=\u00a0\u00bb2_5,3_5&Prime; _builder_version=\u00a0\u00bb4.21.0&Prime; _module_preset=\u00a0\u00bbdefault\u00a0\u00bb global_colors_info=\u00a0\u00bb{}\u00a0\u00bb theme_builder_area=\u00a0\u00bbpost_content\u00a0\u00bb][et_pb_column type=\u00a0\u00bb2_5&Prime; _builder_version=\u00a0\u00bb4.21.0&Prime; _module_preset=\u00a0\u00bbdefault\u00a0\u00bb global_colors_info=\u00a0\u00bb{}\u00a0\u00bb theme_builder_area=\u00a0\u00bbpost_content\u00a0\u00bb][et_pb_image src=\u00a0\u00bbhttps:\/\/catholiques17.fr\/gemozac\/wp-content\/uploads\/sites\/34\/2022\/12\/index.png\u00a0\u00bb title_text=\u00a0\u00bbindex\u00a0\u00bb align=\u00a0\u00bbcenter\u00a0\u00bb _builder_version=\u00a0\u00bb4.21.0&Prime; _module_preset=\u00a0\u00bbdefault\u00a0\u00bb global_colors_info=\u00a0\u00bb{}\u00a0\u00bb theme_builder_area=\u00a0\u00bbpost_content\u00a0\u00bb][\/et_pb_image][\/et_pb_column][et_pb_column type=\u00a0\u00bb3_5&Prime; _builder_version=\u00a0\u00bb4.21.0&Prime; _module_preset=\u00a0\u00bbdefault\u00a0\u00bb global_colors_info=\u00a0\u00bb{}\u00a0\u00bb theme_builder_area=\u00a0\u00bbpost_content\u00a0\u00bb][et_pb_text _builder_version=\u00a0\u00bb4.21.0&Prime; _module_preset=\u00a0\u00bbdefault\u00a0\u00bb global_colors_info=\u00a0\u00bb{}\u00a0\u00bb theme_builder_area=\u00a0\u00bbpost_content\u00a0\u00bb]<\/p>\n<p style=\"text-align: center\"><span style=\"text-decoration: underline;color: #ff9900\">Pri\u00e8re des M\u00e8res<\/span><\/p>\n<p style=\"text-align: center\"><span style=\"text-decoration: underline;color: #ff9900\"><\/span><\/p>\n<div class=\"et_pb_row et_pb_row_1\">\n<div class=\"et_pb_column et_pb_column_4_4 et_pb_column_2  et_pb_css_mix_blend_mode_passthrough et-last-child\">\n<div class=\"et_pb_module et_pb_text et_pb_text_1  et_pb_text_align_left et_pb_bg_layout_light\">\n<div class=\"et_pb_text_inner\">\n<p><em><span style=\"text-decoration: underline\">Deux groupes existent sur notre paroisse<\/span><\/em>.<\/p>\n<p>Celui de Solange de Salvert (le mardi matin \u00e0 10h30)<\/p>\n<p>Celui de Laurence Courtois ( le lundi matin \u00e0 9h)<\/p>\n<p>Si vous souhaitez venir dans l\u2019un des groupes, donnez vos coordonn\u00e9es au secr\u00e9tariat : 05 46 94 21 89 .<\/p>\n<p><em>N\u2019h\u00e9sitez pas \u00e0 nous confier vos intentions de pri\u00e8re \u2026<\/em><\/p>\n<\/div>\n<\/div>\n<\/div>\n<\/div>\n<p>[\/et_pb_text][\/et_pb_column][\/et_pb_row][et_pb_row _builder_version=\u00a0\u00bb4.27.4&Prime; _module_preset=\u00a0\u00bbdefault\u00a0\u00bb custom_margin=\u00a0\u00bb-40px|auto||auto||\u00a0\u00bb global_colors_info=\u00a0\u00bb{}\u00a0\u00bb theme_builder_area=\u00a0\u00bbpost_content\u00a0\u00bb][et_pb_column type=\u00a0\u00bb4_4&Prime; _builder_version=\u00a0\u00bb4.21.0&Prime; _module_preset=\u00a0\u00bbdefault\u00a0\u00bb global_colors_info=\u00a0\u00bb{}\u00a0\u00bb theme_builder_area=\u00a0\u00bbpost_content\u00a0\u00bb][et_pb_text _builder_version=\u00a0\u00bb4.27.4&Prime; _module_preset=\u00a0\u00bbdefault\u00a0\u00bb global_colors_info=\u00a0\u00bb{}\u00a0\u00bb theme_builder_area=\u00a0\u00bbpost_content\u00a0\u00bb][\/et_pb_text][\/et_pb_column][\/et_pb_row][et_pb_row _builder_version=\u00a0\u00bb4.17.6&Prime; _module_preset=\u00a0\u00bbdefault\u00a0\u00bb global_colors_info=\u00a0\u00bb{}\u00a0\u00bb theme_builder_area=\u00a0\u00bbpost_content\u00a0\u00bb][et_pb_column type=\u00a0\u00bb4_4&Prime; _builder_version=\u00a0\u00bb4.17.6&Prime; _module_preset=\u00a0\u00bbdefault\u00a0\u00bb global_colors_info=\u00a0\u00bb{}\u00a0\u00bb theme_builder_area=\u00a0\u00bbpost_content\u00a0\u00bb][et_pb_text _builder_version=\u00a0\u00bb4.21.0&Prime; _module_preset=\u00a0\u00bbdefault\u00a0\u00bb global_colors_info=\u00a0\u00bb{}\u00a0\u00bb theme_builder_area=\u00a0\u00bbpost_content\u00a0\u00bb]<\/p>\n<p>Le premier fruit de la <em>Pri\u00e8re des M\u00e8res<\/em> est vraiment une\u00a0<strong>gr\u00e2ce de paix<\/strong>\u00a0: quand on fait vraiment confiance au Seigneur, qu\u2019on Lui d\u00e9pose nos fardeaux,\u00a0<strong>Il nous donne sa paix parce qu\u2019on sait avec certitude qu\u2019Il agira<\/strong>\u00a0:<\/p>\n<p>&nbsp;<\/p>\n<blockquote class=\"wp-block-quote\">\n<p>\u00ab\u00a0Venez \u00e0 moi, vous tous qui peinez et ployez sous le fardeau, et moi je vous soulagerai\u00a0\u00bb<\/p>\n<p><cite>(Matthieu 11, verset 28).<\/cite><\/p>\n<\/blockquote>\n<p>[\/et_pb_text][\/et_pb_column][\/et_pb_row][et_pb_row _builder_version=\u00a0\u00bb4.21.0&Prime; _module_preset=\u00a0\u00bbdefault\u00a0\u00bb global_colors_info=\u00a0\u00bb{}\u00a0\u00bb theme_builder_area=\u00a0\u00bbpost_content\u00a0\u00bb][et_pb_column type=\u00a0\u00bb4_4&Prime; _builder_version=\u00a0\u00bb4.21.0&Prime; _module_preset=\u00a0\u00bbdefault\u00a0\u00bb global_colors_info=\u00a0\u00bb{}\u00a0\u00bb theme_builder_area=\u00a0\u00bbpost_content\u00a0\u00bb][et_pb_text _builder_version=\u00a0\u00bb4.21.0&Prime; _module_preset=\u00a0\u00bbdefault\u00a0\u00bb global_colors_info=\u00a0\u00bb{}\u00a0\u00bb theme_builder_area=\u00a0\u00bbpost_content\u00a0\u00bb]<\/p>\n<p>Si vous souhaitez mieux conna\u00eetre l&rsquo;origine de la pri\u00e8re des m\u00e8res, apprenez-en plus sur <span style=\"text-decoration: underline\"><strong><a href=\"https:\/\/catholiques17.fr\/gemozac\/wp-content\/uploads\/sites\/34\/2023\/08\/Veronica-Williams.pdf\" rel=\"attachment wp-att-9157\">Veronica Williams<\/a><\/strong><\/span><\/p>\n<p>[\/et_pb_text][\/et_pb_column][\/et_pb_row][et_pb_row _builder_version=\u00a0\u00bb4.17.6&Prime; _module_preset=\u00a0\u00bbdefault\u00a0\u00bb hover_enabled=\u00a0\u00bb0&Prime; global_colors_info=\u00a0\u00bb{}\u00a0\u00bb theme_builder_area=\u00a0\u00bbpost_content\u00a0\u00bb sticky_enabled=\u00a0\u00bb0&Prime;][et_pb_column _builder_version=\u00a0\u00bb4.27.4&Prime; _module_preset=\u00a0\u00bbdefault\u00a0\u00bb type=\u00a0\u00bb4_4&Prime; theme_builder_area=\u00a0\u00bbpost_content\u00a0\u00bb][et_pb_text _builder_version=\u00a0\u00bb4.27.4&Prime; _module_preset=\u00a0\u00bbdefault\u00a0\u00bb global_colors_info=\u00a0\u00bb{}\u00a0\u00bb theme_builder_area=\u00a0\u00bbpost_content\u00a0\u00bb]<\/p>\n<p style=\"text-align: center\"><span style=\"color: #00ccff\">Pri\u00e8re \u00e0 l&rsquo;Archange Saint Michel<\/span><\/p>\n<p><span id=\"lbl_001\"><br \/>Avec Saint Michel soyons des fid\u00e8les combattifs dans la pri\u00e8re.<\/span><\/p>\n<p><span id=\"lbl_001\">Le 29 Septembre 2018, notre saint P\u00e8re le Pape Fran\u00e7ois invite tous les fid\u00e8les \u00e0 prier le rosaire chaque jour pour que la Vierge Marie aide l\u2019\u00c9glise en ces temps de crise, et \u00e0 prier l\u2019Archange Saint Michel afin qu\u2019il la d\u00e9fende des attaques du d\u00e9mon.<\/span><\/p>\n<p><span id=\"lbl_001\">\u201cR\u00e9unissez-vous le 29 de chaque mois et priez notre Seigneur J\u00e9sus et moi, l\u2019Archange Michel, je serai au milieu de vous.\u201d (extrait du message du 27 septembre 2015 <\/span><span id=\"lbl_001\">\u00e0 Salvo Valenti.)<\/span><\/p>\n<p>&nbsp;<\/p>\n<p><em>Pour en savoir plus, vous pouvez regardez cette <a href=\"https:\/\/youtu.be\/obwCqbYGVxM\"><strong>vid\u00e9o<\/strong><\/a><br \/><\/em><\/p>\n<p><em><strong><\/strong><\/em><\/p>\n<p><em>N<\/em><strong>otre groupe se r\u00e9unit le 29 de chaque mois \u00e0 10h si c&rsquo;est un jour de semaine, mais si c&rsquo;est un dimanche, la pri\u00e8re est alors fix\u00e9e \u00e0 15h.<\/strong><\/p>\n<p><em>Pour avoir plus de renseignements, adressez-vous \u00e0 Elisabeth de Charette : 06 04 44 88 00. <\/em><\/p>\n<p><em>La rencontre se fait soit \u00e0 G\u00e9mozac,chez les S\u0153urs, soit \u00e0 Pons Saint Vivien, en alternance.<\/em><\/p>\n<p>Les prochaines rencontres :<\/p>\n<p>&#8211; samedi 29 novembre, 10h \u00e0 l&rsquo;\u00e9glise Saint Vivien de Pons.<\/p>\n<p>&#8211; lundi 29 d\u00e9cembre, 10h chez les S\u0153urs \u00e0 G\u00e9mozac.<\/p>\n<p>&nbsp;<\/p>\n<p>[\/et_pb_text][\/et_pb_column][\/et_pb_row][\/et_pb_section]<\/p>\n","protected":false},"excerpt":{"rendered":"<p>Pri\u00e8re des M\u00e8res Deux groupes existent sur notre paroisse. Celui de Solange de Salvert (le mardi matin \u00e0 10h30) Celui de Laurence Courtois ( le lundi matin \u00e0 9h) Si [&hellip;]<\/p>\n","protected":false},"author":4,"featured_media":0,"parent":7916,"menu_order":0,"comment_status":"closed","ping_status":"closed","template":"","meta":{"_et_pb_use_builder":"on","_et_pb_old_content":"<!-- wp:divi\/placeholder \/-->","_et_gb_content_width":"","footnotes":""},"class_list":["post-7930","page","type-page","status-publish","hentry"],"_links":{"self":[{"href":"https:\/\/catholiques17.fr\/gemozac\/wp-json\/wp\/v2\/pages\/7930","targetHints":{"allow":["GET"]}}],"collection":[{"href":"https:\/\/catholiques17.fr\/gemozac\/wp-json\/wp\/v2\/pages"}],"about":[{"href":"https:\/\/catholiques17.fr\/gemozac\/wp-json\/wp\/v2\/types\/page"}],"author":[{"embeddable":true,"href":"https:\/\/catholiques17.fr\/gemozac\/wp-json\/wp\/v2\/users\/4"}],"replies":[{"embeddable":true,"href":"https:\/\/catholiques17.fr\/gemozac\/wp-json\/wp\/v2\/comments?post=7930"}],"version-history":[{"count":43,"href":"https:\/\/catholiques17.fr\/gemozac\/wp-json\/wp\/v2\/pages\/7930\/revisions"}],"predecessor-version":[{"id":11679,"href":"https:\/\/catholiques17.fr\/gemozac\/wp-json\/wp\/v2\/pages\/7930\/revisions\/11679"}],"up":[{"embeddable":true,"href":"https:\/\/catholiques17.fr\/gemozac\/wp-json\/wp\/v2\/pages\/7916"}],"wp:attachment":[{"href":"https:\/\/catholiques17.fr\/gemozac\/wp-json\/wp\/v2\/media?parent=7930"}],"curies":[{"name":"wp","href":"https:\/\/api.w.org\/{rel}","templated":true}]}}