{"id":7826,"date":"2023-01-24T15:01:57","date_gmt":"2023-01-24T14:01:57","guid":{"rendered":"https:\/\/catholiques17.fr\/ecochretiens17\/?page_id=7826"},"modified":"2023-01-31T11:41:15","modified_gmt":"2023-01-31T10:41:15","slug":"nos-propositions-danimation","status":"publish","type":"page","link":"https:\/\/catholiques17.fr\/ecochretiens17\/notre-reseau\/nos-propositions-danimation\/","title":{"rendered":"Nos propositions d&rsquo;animation"},"content":{"rendered":"<p>[et_pb_section fb_built=\u00a0\u00bb1&Prime; _builder_version=\u00a0\u00bb4.17.6&Prime; _module_preset=\u00a0\u00bbdefault\u00a0\u00bb global_colors_info=\u00a0\u00bb{}\u00a0\u00bb theme_builder_area=\u00a0\u00bbpost_content\u00a0\u00bb][et_pb_row column_structure=\u00a0\u00bb3_5,2_5&Prime; _builder_version=\u00a0\u00bb4.17.6&Prime; _module_preset=\u00a0\u00bbdefault\u00a0\u00bb global_colors_info=\u00a0\u00bb{}\u00a0\u00bb theme_builder_area=\u00a0\u00bbpost_content\u00a0\u00bb][et_pb_column type=\u00a0\u00bb3_5&Prime; _builder_version=\u00a0\u00bb4.17.6&Prime; _module_preset=\u00a0\u00bbdefault\u00a0\u00bb global_colors_info=\u00a0\u00bb{}\u00a0\u00bb theme_builder_area=\u00a0\u00bbpost_content\u00a0\u00bb][et_pb_text _builder_version=\u00a0\u00bb4.17.6&Prime; _module_preset=\u00a0\u00bbdefault\u00a0\u00bb global_colors_info=\u00a0\u00bb{}\u00a0\u00bb theme_builder_area=\u00a0\u00bbpost_content\u00a0\u00bb]<\/p>\n<ul>\n<li>\n<h4>Animation d\u2019une \u2018Fresque du climat\u2019 pour tous groupes de 8 \u00e0 30 personnes<\/h4>\n<\/li>\n<li>\n<h4>Animation d\u2019une journ\u00e9e \u2018Tout est li\u00e9\u2019\u00a0:<\/h4>\n<ul>\n<li>Le lien \u00e0 soi,<\/li>\n<li>Le lien aux autres,<\/li>\n<li>Le lien \u00e0 Dieu,<\/li>\n<li>Le lien \u00e0 la nature.<\/li>\n<\/ul>\n<\/li>\n<li>\n<h4>Mise en r\u00e9seau de vos initiatives.<\/h4>\n<\/li>\n<li>\n<h4>R\u00e9ponse \u00e0 toute demande selon nos moyens et comp\u00e9tences<\/h4>\n<\/li>\n<\/ul>\n<p>[\/et_pb_text][\/et_pb_column][et_pb_column type=\u00a0\u00bb2_5&Prime; _builder_version=\u00a0\u00bb4.17.6&Prime; _module_preset=\u00a0\u00bbdefault\u00a0\u00bb global_colors_info=\u00a0\u00bb{}\u00a0\u00bb theme_builder_area=\u00a0\u00bbpost_content\u00a0\u00bb][et_pb_image src=\u00a0\u00bbhttps:\/\/catholiques17.fr\/ecochretiens17\/wp-content\/uploads\/sites\/31\/2023\/01\/stockvault-modern-creative-work-ideas-design-creativity275733.jpg\u00a0\u00bb title_text=\u00a0\u00bbstockvault-modern-creative-work-ideas-design-creativity275733&Prime; _builder_version=\u00a0\u00bb4.17.6&Prime; _module_preset=\u00a0\u00bbdefault\u00a0\u00bb animation_style=\u00a0\u00bbslide\u00a0\u00bb animation_duration=\u00a0\u00bb1850ms\u00a0\u00bb animation_delay=\u00a0\u00bb200ms\u00a0\u00bb animation_intensity_slide=\u00a0\u00bb90%\u00a0\u00bb animation_starting_opacity=\u00a0\u00bb76%\u00a0\u00bb hover_enabled=\u00a0\u00bb0&Prime; border_radii=\u00a0\u00bbon|12px|12px|12px|12px\u00a0\u00bb border_width_all=\u00a0\u00bb1px\u00a0\u00bb border_color_all=\u00a0\u00bb#FF8C00&Prime; global_colors_info=\u00a0\u00bb{}\u00a0\u00bb theme_builder_area=\u00a0\u00bbpost_content\u00a0\u00bb sticky_enabled=\u00a0\u00bb0&Prime;][\/et_pb_image][\/et_pb_column][\/et_pb_row][\/et_pb_section]<\/p>\n","protected":false},"excerpt":{"rendered":"<p>Animation d\u2019une \u2018Fresque du climat\u2019 pour tous groupes de 8 \u00e0 30 personnes Animation d\u2019une journ\u00e9e \u2018Tout est li\u00e9\u2019\u00a0: Le lien \u00e0 soi, Le lien aux autres, Le lien \u00e0 [&hellip;]<\/p>\n","protected":false},"author":4,"featured_media":0,"parent":7540,"menu_order":0,"comment_status":"closed","ping_status":"closed","template":"","meta":{"_et_pb_use_builder":"on","_et_pb_old_content":"","_et_gb_content_width":"","footnotes":""},"class_list":["post-7826","page","type-page","status-publish","hentry"],"_links":{"self":[{"href":"https:\/\/catholiques17.fr\/ecochretiens17\/wp-json\/wp\/v2\/pages\/7826","targetHints":{"allow":["GET"]}}],"collection":[{"href":"https:\/\/catholiques17.fr\/ecochretiens17\/wp-json\/wp\/v2\/pages"}],"about":[{"href":"https:\/\/catholiques17.fr\/ecochretiens17\/wp-json\/wp\/v2\/types\/page"}],"author":[{"embeddable":true,"href":"https:\/\/catholiques17.fr\/ecochretiens17\/wp-json\/wp\/v2\/users\/4"}],"replies":[{"embeddable":true,"href":"https:\/\/catholiques17.fr\/ecochretiens17\/wp-json\/wp\/v2\/comments?post=7826"}],"version-history":[{"count":4,"href":"https:\/\/catholiques17.fr\/ecochretiens17\/wp-json\/wp\/v2\/pages\/7826\/revisions"}],"predecessor-version":[{"id":7925,"href":"https:\/\/catholiques17.fr\/ecochretiens17\/wp-json\/wp\/v2\/pages\/7826\/revisions\/7925"}],"up":[{"embeddable":true,"href":"https:\/\/catholiques17.fr\/ecochretiens17\/wp-json\/wp\/v2\/pages\/7540"}],"wp:attachment":[{"href":"https:\/\/catholiques17.fr\/ecochretiens17\/wp-json\/wp\/v2\/media?parent=7826"}],"curies":[{"name":"wp","href":"https:\/\/api.w.org\/{rel}","templated":true}]}}

<p>[et_pb_section fb_built= »1&Prime; _builder_version= »4.17.6&Prime; _module_preset= »default » global_colors_info= »{} » theme_builder_area= »post_content »][et_pb_row column_structure= »3_5,2_5&Prime; _builder_version= »4.17.6&Prime; _module_preset= »default » global_colors_info= »{} » theme_builder_area= »post_content »][et_pb_column type= »3_5&Prime; _builder_version= »4.17.6&Prime; _module_preset= »default » global_colors_info= »{} » theme_builder_area= »post_content »][et_pb_text _builder_version= »4.17.6&Prime; _module_preset= »default » global_colors_info= »{} » theme_builder_area= »post_content »]</p>
<ul>
<li>
<h4>Animation d’une ‘Fresque du climat’ pour tous groupes de 8 à 30 personnes</h4>
</li>
<li>
<h4>Animation d’une journée ‘Tout est lié’ :</h4>
<ul>
<li>Le lien à soi,</li>
<li>Le lien aux autres,</li>
<li>Le lien à Dieu,</li>
<li>Le lien à la nature.</li>
</ul>
</li>
<li>
<h4>Mise en réseau de vos initiatives.</h4>
</li>
<li>
<h4>Réponse à toute demande selon nos moyens et compétences</h4>
</li>
</ul>
<p>[/et_pb_text][/et_pb_column][et_pb_column type= »2_5&Prime; _builder_version= »4.17.6&Prime; _module_preset= »default » global_colors_info= »{} » theme_builder_area= »post_content »][et_pb_image src= »https://catholiques17.fr/ecochretiens17/wp-content/uploads/sites/31/2023/01/stockvault-modern-creative-work-ideas-design-creativity275733.jpg » title_text= »stockvault-modern-creative-work-ideas-design-creativity275733&Prime; _builder_version= »4.17.6&Prime; _module_preset= »default » animation_style= »slide » animation_duration= »1850ms » animation_delay= »200ms » animation_intensity_slide= »90% » animation_starting_opacity= »76% » hover_enabled= »0&Prime; border_radii= »on|12px|12px|12px|12px » border_width_all= »1px » border_color_all= »#FF8C00&Prime; global_colors_info= »{} » theme_builder_area= »post_content » sticky_enabled= »0&Prime;][/et_pb_image][/et_pb_column][/et_pb_row][/et_pb_section]</p>

<p>Animation d’une ‘Fresque du climat’ pour tous groupes de 8 à 30 personnes Animation d’une journée ‘Tout est lié’ : Le lien à soi, Le lien aux autres, Le lien à [&hellip;]</p>
