{"id":7550,"date":"2022-07-02T16:25:35","date_gmt":"2022-07-02T14:25:35","guid":{"rendered":"https:\/\/catholiques17.fr\/ecochretiens17\/?page_id=7550"},"modified":"2023-01-24T15:31:13","modified_gmt":"2023-01-24T14:31:13","slug":"un-peu-dhistoire","status":"publish","type":"page","link":"https:\/\/catholiques17.fr\/ecochretiens17\/textes-fondateurs\/un-peu-dhistoire\/","title":{"rendered":"Un peu d&rsquo;histoire"},"content":{"rendered":"<p>[et_pb_section fb_built=\u00a0\u00bb1&Prime; _builder_version=\u00a0\u00bb4.17.6&Prime; _module_preset=\u00a0\u00bbdefault\u00a0\u00bb global_colors_info=\u00a0\u00bb{}\u00a0\u00bb theme_builder_area=\u00a0\u00bbpost_content\u00a0\u00bb custom_padding=\u00a0\u00bb2px||9px|||\u00a0\u00bb][et_pb_row _builder_version=\u00a0\u00bb4.17.6&Prime; _module_preset=\u00a0\u00bbdefault\u00a0\u00bb global_colors_info=\u00a0\u00bb{}\u00a0\u00bb theme_builder_area=\u00a0\u00bbpost_content\u00a0\u00bb custom_padding=\u00a0\u00bb4px|||||\u00a0\u00bb][et_pb_column type=\u00a0\u00bb4_4&Prime; _builder_version=\u00a0\u00bb4.17.6&Prime; _module_preset=\u00a0\u00bbdefault\u00a0\u00bb global_colors_info=\u00a0\u00bb{}\u00a0\u00bb theme_builder_area=\u00a0\u00bbpost_content\u00a0\u00bb][et_pb_image src=\u00a0\u00bbhttps:\/\/catholiques17.fr\/ecochretiens17\/wp-content\/uploads\/sites\/31\/2023\/01\/panorama-2154463_960_720.jpg\u00a0\u00bb title_text=\u00a0\u00bbpanorama-2154463_960_720&Prime; _builder_version=\u00a0\u00bb4.17.6&Prime; _module_preset=\u00a0\u00bbdefault\u00a0\u00bb hover_enabled=\u00a0\u00bb0&Prime; border_radii=\u00a0\u00bbon|12px|12px|12px|12px\u00a0\u00bb border_color_all=\u00a0\u00bb#FF8C00&Prime; border_style_all=\u00a0\u00bbgroove\u00a0\u00bb global_colors_info=\u00a0\u00bb{}\u00a0\u00bb theme_builder_area=\u00a0\u00bbpost_content\u00a0\u00bb sticky_enabled=\u00a0\u00bb0&Prime; align=\u00a0\u00bbcenter\u00a0\u00bb animation_style=\u00a0\u00bbslide\u00a0\u00bb][\/et_pb_image][\/et_pb_column][\/et_pb_row][et_pb_row _builder_version=\u00a0\u00bb4.17.6&Prime; _module_preset=\u00a0\u00bbdefault\u00a0\u00bb global_colors_info=\u00a0\u00bb{}\u00a0\u00bb theme_builder_area=\u00a0\u00bbpost_content\u00a0\u00bb][et_pb_column type=\u00a0\u00bb4_4&Prime; _builder_version=\u00a0\u00bb4.17.6&Prime; _module_preset=\u00a0\u00bbdefault\u00a0\u00bb global_colors_info=\u00a0\u00bb{}\u00a0\u00bb theme_builder_area=\u00a0\u00bbpost_content\u00a0\u00bb][et_pb_text _builder_version=\u00a0\u00bb4.17.6&Prime; _module_preset=\u00a0\u00bbdefault\u00a0\u00bb global_colors_info=\u00a0\u00bb{}\u00a0\u00bb theme_builder_area=\u00a0\u00bbpost_content\u00a0\u00bb]<\/p>\n<p><strong><u>\u00a0Histoire de l\u2019Eglise et de l&rsquo;\u00e9cologie<\/u><\/strong><\/p>\n<p>&nbsp;<\/p>\n<ul>\n<li>1970 Paul VI aborde le th\u00e8me de l&rsquo;\u00e9cologie dans son discours \u00e0 la FAO.<\/li>\n<li>1979 Jean Paul II proclame Fran\u00e7ois d&rsquo;Assise patron c\u00e9leste des \u00e9cologistes, son texte \u00ab\u00a0Les g\u00e9missements de la cr\u00e9ation\u00a0\u00bb seront publi\u00e9s apr\u00e8s sa mort.<\/li>\n<li>2000 La commission sociale des \u00e9v\u00eaques de France publie \u00ab\u00a0Le respect de la cr\u00e9ation\u00a0\u00bb<\/li>\n<li>2007 L&rsquo;assembl\u00e9e \u0153cum\u00e9nique europ\u00e9enne propose un \u00ab\u00a0Temps de cr\u00e9ation\u00a0\u00bb\u00a0 du 1er septembre (journ\u00e9e consacr\u00e9e \u00e0 la pr\u00e9servation de l&rsquo;environnement en 1989 par le Patriarche Dimitrios 1er) au 4 octobre, f\u00eate de St Fran\u00e7ois.<\/li>\n<li>2010 Beno\u00eet XVI lors de la journ\u00e9e de la paix adresse un message : \u00ab\u00a0Si tu veux construire la paix, prot\u00e8ge la cr\u00e9ation\u00a0\u00bb.<\/li>\n<li>2013 Lors de la messe inaugurale de son pontificat le pape Fran\u00e7ois axe son hom\u00e9lie sur le th\u00e8me : \u00ab\u00a0\u00catre gardiens de la cr\u00e9ation toute enti\u00e8re\u00a0\u00bb<\/li>\n<li>2015 avant la COP 21 parution de l&rsquo;encyclique Laudato Si&rsquo;, la sauvegarde de la maison commune,<\/li>\n<li>2016 Engagement de l&rsquo;\u00e9glise de France dans l&rsquo;\u00e9cologie int\u00e9grale et cr\u00e9ation des r\u00e9f\u00e9rents dioc\u00e9sains.<\/li>\n<li>2017 Lancement du label oecum\u00e9nique \u00ab\u00a0\u00c9glise verte\u00a0\u00bb, 5 sites labellis\u00e9s en Charente maritime.<\/li>\n<li>2019-2020-2021-2022 Conf\u00e9rences des \u00e9v\u00eaques \u00e0 Lourdes sur l&rsquo;\u00e9cologie int\u00e9grale avec des la\u00efcs (hommes et femmes) et des intervenants qualifi\u00e9s parfois non-chr\u00e9tiens.<\/li>\n<li>2020 Ann\u00e9e Laudato Si&rsquo; pour relancer l&rsquo;engagement des chr\u00e9tiens dans ce domaine.<\/li>\n<li>2025 Les dix ans de Laudato Si&rsquo;.<\/li>\n<\/ul>\n<p>[\/et_pb_text][\/et_pb_column][\/et_pb_row][\/et_pb_section]<\/p>\n","protected":false},"excerpt":{"rendered":"<p>\u00a0Histoire de l\u2019Eglise et de l&rsquo;\u00e9cologie &nbsp; 1970 Paul VI aborde le th\u00e8me de l&rsquo;\u00e9cologie dans son discours \u00e0 la FAO. 1979 Jean Paul II proclame Fran\u00e7ois d&rsquo;Assise patron c\u00e9leste [&hellip;]<\/p>\n","protected":false},"author":4,"featured_media":0,"parent":7548,"menu_order":0,"comment_status":"closed","ping_status":"closed","template":"","meta":{"_et_pb_use_builder":"on","_et_pb_old_content":"","_et_gb_content_width":"","footnotes":""},"class_list":["post-7550","page","type-page","status-publish","hentry"],"_links":{"self":[{"href":"https:\/\/catholiques17.fr\/ecochretiens17\/wp-json\/wp\/v2\/pages\/7550","targetHints":{"allow":["GET"]}}],"collection":[{"href":"https:\/\/catholiques17.fr\/ecochretiens17\/wp-json\/wp\/v2\/pages"}],"about":[{"href":"https:\/\/catholiques17.fr\/ecochretiens17\/wp-json\/wp\/v2\/types\/page"}],"author":[{"embeddable":true,"href":"https:\/\/catholiques17.fr\/ecochretiens17\/wp-json\/wp\/v2\/users\/4"}],"replies":[{"embeddable":true,"href":"https:\/\/catholiques17.fr\/ecochretiens17\/wp-json\/wp\/v2\/comments?post=7550"}],"version-history":[{"count":6,"href":"https:\/\/catholiques17.fr\/ecochretiens17\/wp-json\/wp\/v2\/pages\/7550\/revisions"}],"predecessor-version":[{"id":7844,"href":"https:\/\/catholiques17.fr\/ecochretiens17\/wp-json\/wp\/v2\/pages\/7550\/revisions\/7844"}],"up":[{"embeddable":true,"href":"https:\/\/catholiques17.fr\/ecochretiens17\/wp-json\/wp\/v2\/pages\/7548"}],"wp:attachment":[{"href":"https:\/\/catholiques17.fr\/ecochretiens17\/wp-json\/wp\/v2\/media?parent=7550"}],"curies":[{"name":"wp","href":"https:\/\/api.w.org\/{rel}","templated":true}]}}

<p>[et_pb_section fb_built= »1&Prime; _builder_version= »4.17.6&Prime; _module_preset= »default » global_colors_info= »{} » theme_builder_area= »post_content » custom_padding= »2px||9px||| »][et_pb_row _builder_version= »4.17.6&Prime; _module_preset= »default » global_colors_info= »{} » theme_builder_area= »post_content » custom_padding= »4px||||| »][et_pb_column type= »4_4&Prime; _builder_version= »4.17.6&Prime; _module_preset= »default » global_colors_info= »{} » theme_builder_area= »post_content »][et_pb_image src= »https://catholiques17.fr/ecochretiens17/wp-content/uploads/sites/31/2023/01/panorama-2154463_960_720.jpg » title_text= »panorama-2154463_960_720&Prime; _builder_version= »4.17.6&Prime; _module_preset= »default » hover_enabled= »0&Prime; border_radii= »on|12px|12px|12px|12px » border_color_all= »#FF8C00&Prime; border_style_all= »groove » global_colors_info= »{} » theme_builder_area= »post_content » sticky_enabled= »0&Prime; align= »center » animation_style= »slide »][/et_pb_image][/et_pb_column][/et_pb_row][et_pb_row _builder_version= »4.17.6&Prime; _module_preset= »default » global_colors_info= »{} » theme_builder_area= »post_content »][et_pb_column type= »4_4&Prime; _builder_version= »4.17.6&Prime; _module_preset= »default » global_colors_info= »{} » theme_builder_area= »post_content »][et_pb_text _builder_version= »4.17.6&Prime; _module_preset= »default » global_colors_info= »{} » theme_builder_area= »post_content »]</p>
<p><strong><u> Histoire de l’Eglise et de l&rsquo;écologie</u></strong></p>
<p>&nbsp;</p>
<ul>
<li>1970 Paul VI aborde le thème de l&rsquo;écologie dans son discours à la FAO.</li>
<li>1979 Jean Paul II proclame François d&rsquo;Assise patron céleste des écologistes, son texte « Les gémissements de la création » seront publiés après sa mort.</li>
<li>2000 La commission sociale des évêques de France publie « Le respect de la création »</li>
<li>2007 L&rsquo;assemblée œcuménique européenne propose un « Temps de création »  du 1er septembre (journée consacrée à la préservation de l&rsquo;environnement en 1989 par le Patriarche Dimitrios 1er) au 4 octobre, fête de St François.</li>
<li>2010 Benoît XVI lors de la journée de la paix adresse un message : « Si tu veux construire la paix, protège la création ».</li>
<li>2013 Lors de la messe inaugurale de son pontificat le pape François axe son homélie sur le thème : « Être gardiens de la création toute entière »</li>
<li>2015 avant la COP 21 parution de l&rsquo;encyclique Laudato Si&rsquo;, la sauvegarde de la maison commune,</li>
<li>2016 Engagement de l&rsquo;église de France dans l&rsquo;écologie intégrale et création des référents diocésains.</li>
<li>2017 Lancement du label oecuménique « Église verte », 5 sites labellisés en Charente maritime.</li>
<li>2019-2020-2021-2022 Conférences des évêques à Lourdes sur l&rsquo;écologie intégrale avec des laïcs (hommes et femmes) et des intervenants qualifiés parfois non-chrétiens.</li>
<li>2020 Année Laudato Si&rsquo; pour relancer l&rsquo;engagement des chrétiens dans ce domaine.</li>
<li>2025 Les dix ans de Laudato Si&rsquo;.</li>
</ul>
<p>[/et_pb_text][/et_pb_column][/et_pb_row][/et_pb_section]</p>

<p> Histoire de l’Eglise et de l&rsquo;écologie &nbsp; 1970 Paul VI aborde le thème de l&rsquo;écologie dans son discours à la FAO. 1979 Jean Paul II proclame François d&rsquo;Assise patron céleste [&hellip;]</p>
