{"id":10634,"date":"2026-04-30T14:29:10","date_gmt":"2026-04-30T12:29:10","guid":{"rendered":"https:\/\/catholiques17.fr\/chatelaillon\/?post_type=tribe_events&#038;p=10634"},"modified":"2026-04-30T16:06:06","modified_gmt":"2026-04-30T14:06:06","slug":"journee-de-retraite-de-la-premiere-communion-chez-les-soeurs-de-la-jarrie","status":"publish","type":"tribe_events","link":"https:\/\/catholiques17.fr\/chatelaillon\/event\/journee-de-retraite-de-la-premiere-communion-chez-les-soeurs-de-la-jarrie\/","title":{"rendered":"Journ\u00e9e de retraite de la Premi\u00e8re Communion chez les S\u0153urs de La Jarrie"},"content":{"rendered":"","protected":false},"excerpt":{"rendered":"","protected":false},"author":91,"featured_media":10642,"template":"","meta":{"_et_pb_use_builder":"","_et_pb_old_content":"","_et_gb_content_width":"","_tribe_events_status":"","_tribe_events_status_reason":"","footnotes":""},"tags":[],"tribe_events_cat":[],"class_list":["post-10634","tribe_events","type-tribe_events","status-publish","has-post-thumbnail","hentry"],"_links":{"self":[{"href":"https:\/\/catholiques17.fr\/chatelaillon\/wp-json\/wp\/v2\/tribe_events\/10634","targetHints":{"allow":["GET"]}}],"collection":[{"href":"https:\/\/catholiques17.fr\/chatelaillon\/wp-json\/wp\/v2\/tribe_events"}],"about":[{"href":"https:\/\/catholiques17.fr\/chatelaillon\/wp-json\/wp\/v2\/types\/tribe_events"}],"author":[{"embeddable":true,"href":"https:\/\/catholiques17.fr\/chatelaillon\/wp-json\/wp\/v2\/users\/91"}],"version-history":[{"count":1,"href":"https:\/\/catholiques17.fr\/chatelaillon\/wp-json\/wp\/v2\/tribe_events\/10634\/revisions"}],"predecessor-version":[{"id":10635,"href":"https:\/\/catholiques17.fr\/chatelaillon\/wp-json\/wp\/v2\/tribe_events\/10634\/revisions\/10635"}],"wp:featuredmedia":[{"embeddable":true,"href":"https:\/\/catholiques17.fr\/chatelaillon\/wp-json\/wp\/v2\/media\/10642"}],"wp:attachment":[{"href":"https:\/\/catholiques17.fr\/chatelaillon\/wp-json\/wp\/v2\/media?parent=10634"}],"wp:term":[{"taxonomy":"post_tag","embeddable":true,"href":"https:\/\/catholiques17.fr\/chatelaillon\/wp-json\/wp\/v2\/tags?post=10634"},{"taxonomy":"tribe_events_cat","embeddable":true,"href":"https:\/\/catholiques17.fr\/chatelaillon\/wp-json\/wp\/v2\/tribe_events_cat?post=10634"}],"curies":[{"name":"wp","href":"https:\/\/api.w.org\/{rel}","templated":true}]}}

Journée de retraite de la Première Communion chez les Sœurs de La Jarrie
