{"id":10592,"date":"2026-04-25T14:31:42","date_gmt":"2026-04-25T12:31:42","guid":{"rendered":"https:\/\/catholiques17.fr\/chatelaillon\/?post_type=tribe_events&#038;p=10592"},"modified":"2026-04-25T14:31:42","modified_gmt":"2026-04-25T12:31:42","slug":"reunion-de-preparation-de-la-kermesse-paroissiale-2","status":"publish","type":"tribe_events","link":"https:\/\/catholiques17.fr\/chatelaillon\/event\/reunion-de-preparation-de-la-kermesse-paroissiale-2\/","title":{"rendered":"R\u00e9union de pr\u00e9paration de la kermesse paroissiale"},"content":{"rendered":"<p>Cette ann\u00e9e, la kermesse se tiendra, comme d&rsquo;habitude autour de l&rsquo;\u00e9glise de Chatelaillon le samedi 18 et le dimanche 19 juillet<\/p>\n","protected":false},"excerpt":{"rendered":"<p>Cette ann\u00e9e, la kermesse se tiendra, comme d&rsquo;habitude autour de l&rsquo;\u00e9glise de Chatelaillon le samedi 18 et le dimanche 19 juillet<\/p>\n","protected":false},"author":91,"featured_media":10593,"template":"","meta":{"_et_pb_use_builder":"","_et_pb_old_content":"","_et_gb_content_width":"","_tribe_events_status":"","_tribe_events_status_reason":"","footnotes":""},"tags":[],"tribe_events_cat":[],"class_list":["post-10592","tribe_events","type-tribe_events","status-publish","has-post-thumbnail","hentry"],"_links":{"self":[{"href":"https:\/\/catholiques17.fr\/chatelaillon\/wp-json\/wp\/v2\/tribe_events\/10592","targetHints":{"allow":["GET"]}}],"collection":[{"href":"https:\/\/catholiques17.fr\/chatelaillon\/wp-json\/wp\/v2\/tribe_events"}],"about":[{"href":"https:\/\/catholiques17.fr\/chatelaillon\/wp-json\/wp\/v2\/types\/tribe_events"}],"author":[{"embeddable":true,"href":"https:\/\/catholiques17.fr\/chatelaillon\/wp-json\/wp\/v2\/users\/91"}],"version-history":[{"count":1,"href":"https:\/\/catholiques17.fr\/chatelaillon\/wp-json\/wp\/v2\/tribe_events\/10592\/revisions"}],"predecessor-version":[{"id":10594,"href":"https:\/\/catholiques17.fr\/chatelaillon\/wp-json\/wp\/v2\/tribe_events\/10592\/revisions\/10594"}],"wp:featuredmedia":[{"embeddable":true,"href":"https:\/\/catholiques17.fr\/chatelaillon\/wp-json\/wp\/v2\/media\/10593"}],"wp:attachment":[{"href":"https:\/\/catholiques17.fr\/chatelaillon\/wp-json\/wp\/v2\/media?parent=10592"}],"wp:term":[{"taxonomy":"post_tag","embeddable":true,"href":"https:\/\/catholiques17.fr\/chatelaillon\/wp-json\/wp\/v2\/tags?post=10592"},{"taxonomy":"tribe_events_cat","embeddable":true,"href":"https:\/\/catholiques17.fr\/chatelaillon\/wp-json\/wp\/v2\/tribe_events_cat?post=10592"}],"curies":[{"name":"wp","href":"https:\/\/api.w.org\/{rel}","templated":true}]}}

Réunion de préparation de la kermesse paroissiale

<p>Cette année, la kermesse se tiendra, comme d&rsquo;habitude autour de l&rsquo;église de Chatelaillon le samedi 18 et le dimanche 19 juillet</p>
