{"id":10559,"date":"2026-04-19T15:46:00","date_gmt":"2026-04-19T13:46:00","guid":{"rendered":"https:\/\/catholiques17.fr\/chatelaillon\/?post_type=tribe_events&#038;p=10559"},"modified":"2026-04-19T15:46:00","modified_gmt":"2026-04-19T13:46:00","slug":"rencontre-deveil-a-la-foi-a-salles-sur-mer","status":"publish","type":"tribe_events","link":"https:\/\/catholiques17.fr\/chatelaillon\/event\/rencontre-deveil-a-la-foi-a-salles-sur-mer\/","title":{"rendered":"Rencontre d&rsquo;Eveil \u00e0 la Foi \u00e0 Salles sur Mer"},"content":{"rendered":"<p>La r\u00e9union se tient \u00e0 la sacristie de l&rsquo;\u00e9glise<\/p>\n","protected":false},"excerpt":{"rendered":"<p>La r\u00e9union se tient \u00e0 la sacristie de l&rsquo;\u00e9glise<\/p>\n","protected":false},"author":91,"featured_media":10325,"template":"","meta":{"_et_pb_use_builder":"","_et_pb_old_content":"","_et_gb_content_width":"","_tribe_events_status":"","_tribe_events_status_reason":"","footnotes":""},"tags":[],"tribe_events_cat":[],"class_list":["post-10559","tribe_events","type-tribe_events","status-publish","has-post-thumbnail","hentry"],"_links":{"self":[{"href":"https:\/\/catholiques17.fr\/chatelaillon\/wp-json\/wp\/v2\/tribe_events\/10559","targetHints":{"allow":["GET"]}}],"collection":[{"href":"https:\/\/catholiques17.fr\/chatelaillon\/wp-json\/wp\/v2\/tribe_events"}],"about":[{"href":"https:\/\/catholiques17.fr\/chatelaillon\/wp-json\/wp\/v2\/types\/tribe_events"}],"author":[{"embeddable":true,"href":"https:\/\/catholiques17.fr\/chatelaillon\/wp-json\/wp\/v2\/users\/91"}],"version-history":[{"count":1,"href":"https:\/\/catholiques17.fr\/chatelaillon\/wp-json\/wp\/v2\/tribe_events\/10559\/revisions"}],"predecessor-version":[{"id":10560,"href":"https:\/\/catholiques17.fr\/chatelaillon\/wp-json\/wp\/v2\/tribe_events\/10559\/revisions\/10560"}],"wp:featuredmedia":[{"embeddable":true,"href":"https:\/\/catholiques17.fr\/chatelaillon\/wp-json\/wp\/v2\/media\/10325"}],"wp:attachment":[{"href":"https:\/\/catholiques17.fr\/chatelaillon\/wp-json\/wp\/v2\/media?parent=10559"}],"wp:term":[{"taxonomy":"post_tag","embeddable":true,"href":"https:\/\/catholiques17.fr\/chatelaillon\/wp-json\/wp\/v2\/tags?post=10559"},{"taxonomy":"tribe_events_cat","embeddable":true,"href":"https:\/\/catholiques17.fr\/chatelaillon\/wp-json\/wp\/v2\/tribe_events_cat?post=10559"}],"curies":[{"name":"wp","href":"https:\/\/api.w.org\/{rel}","templated":true}]}}

Rencontre d&rsquo;Eveil à la Foi à Salles sur Mer

<p>La réunion se tient à la sacristie de l&rsquo;église</p>
