{"id":10540,"date":"2026-04-19T15:22:35","date_gmt":"2026-04-19T13:22:35","guid":{"rendered":"https:\/\/catholiques17.fr\/chatelaillon\/?post_type=tribe_events&#038;p=10540"},"modified":"2026-04-19T15:22:35","modified_gmt":"2026-04-19T13:22:35","slug":"rencontre-de-preparation-au-bapteme-a-chatelaillon","status":"publish","type":"tribe_events","link":"https:\/\/catholiques17.fr\/chatelaillon\/event\/rencontre-de-preparation-au-bapteme-a-chatelaillon\/","title":{"rendered":"Rencontre de pr\u00e9paration au bapt\u00eame \u00e0 Chatelaillon"},"content":{"rendered":"","protected":false},"excerpt":{"rendered":"","protected":false},"author":91,"featured_media":4788,"template":"","meta":{"_et_pb_use_builder":"","_et_pb_old_content":"","_et_gb_content_width":"","_tribe_events_status":"","_tribe_events_status_reason":"","footnotes":""},"tags":[],"tribe_events_cat":[],"class_list":["post-10540","tribe_events","type-tribe_events","status-publish","has-post-thumbnail","hentry"],"_links":{"self":[{"href":"https:\/\/catholiques17.fr\/chatelaillon\/wp-json\/wp\/v2\/tribe_events\/10540","targetHints":{"allow":["GET"]}}],"collection":[{"href":"https:\/\/catholiques17.fr\/chatelaillon\/wp-json\/wp\/v2\/tribe_events"}],"about":[{"href":"https:\/\/catholiques17.fr\/chatelaillon\/wp-json\/wp\/v2\/types\/tribe_events"}],"author":[{"embeddable":true,"href":"https:\/\/catholiques17.fr\/chatelaillon\/wp-json\/wp\/v2\/users\/91"}],"version-history":[{"count":1,"href":"https:\/\/catholiques17.fr\/chatelaillon\/wp-json\/wp\/v2\/tribe_events\/10540\/revisions"}],"predecessor-version":[{"id":10541,"href":"https:\/\/catholiques17.fr\/chatelaillon\/wp-json\/wp\/v2\/tribe_events\/10540\/revisions\/10541"}],"wp:featuredmedia":[{"embeddable":true,"href":"https:\/\/catholiques17.fr\/chatelaillon\/wp-json\/wp\/v2\/media\/4788"}],"wp:attachment":[{"href":"https:\/\/catholiques17.fr\/chatelaillon\/wp-json\/wp\/v2\/media?parent=10540"}],"wp:term":[{"taxonomy":"post_tag","embeddable":true,"href":"https:\/\/catholiques17.fr\/chatelaillon\/wp-json\/wp\/v2\/tags?post=10540"},{"taxonomy":"tribe_events_cat","embeddable":true,"href":"https:\/\/catholiques17.fr\/chatelaillon\/wp-json\/wp\/v2\/tribe_events_cat?post=10540"}],"curies":[{"name":"wp","href":"https:\/\/api.w.org\/{rel}","templated":true}]}}

Rencontre de préparation au baptême à Chatelaillon
