{"id":4611,"date":"2021-03-22T11:19:18","date_gmt":"2021-03-22T10:19:18","guid":{"rendered":"https:\/\/catholiques17.fr\/chatelaillon\/?page_id=4611"},"modified":"2026-04-28T11:00:14","modified_gmt":"2026-04-28T09:00:14","slug":"kermesses-du-secteur-paroissial","status":"publish","type":"page","link":"https:\/\/catholiques17.fr\/chatelaillon\/services-paroissiaux\/kermesses-du-secteur-paroissial\/","title":{"rendered":"Kermesse"},"content":{"rendered":"\n<p><\/p>\n\n\n\n<p><strong>En 2025, elle a eu lieu le dimanche 27 juillet <\/strong>&#8211; Un grand merci \u00e0 tous les b\u00e9n\u00e9voles !<\/p>\n\n\n\n<p>Responsable de l&rsquo;organisation des kermesses : Carl VANDERMEERSCH 06 24 47 07 49 fonpeyroune@orange.fr<\/p>\n\n\n\n<p><strong>La prochaine kermesse aura lieu le le samedi 18 et le dimanche 19 juillet<\/strong> <strong>2026<\/strong> toujours autour de l&rsquo;\u00e9glise Sainte-Madeleine de Chatelaillon.<\/p>\n\n\n\n<p>Tous ceux qui souhaitent apporter leur aide \u00e0 cet \u00e9v\u00e8nement tr\u00e8s f\u00e9d\u00e9rateur pour notre paroisse sont bienvenus.<\/p>\n\n\n\n<h4 class=\"wp-block-heading\">             <br><\/h4>\n\n\n\n<p class=\"has-text-align-center\">\u2026\u2026<\/p>\n\n\n\n<p><\/p>\n","protected":false},"excerpt":{"rendered":"<p>En 2025, elle a eu lieu le dimanche 27 juillet &#8211; Un grand merci \u00e0 tous les b\u00e9n\u00e9voles ! Responsable de l&rsquo;organisation des kermesses : Carl VANDERMEERSCH 06 24 47 [&hellip;]<\/p>\n","protected":false},"author":5,"featured_media":10624,"parent":4593,"menu_order":0,"comment_status":"closed","ping_status":"closed","template":"","meta":{"_et_pb_use_builder":"off","_et_pb_old_content":"","_et_gb_content_width":"","footnotes":""},"class_list":["post-4611","page","type-page","status-publish","has-post-thumbnail","hentry"],"_links":{"self":[{"href":"https:\/\/catholiques17.fr\/chatelaillon\/wp-json\/wp\/v2\/pages\/4611","targetHints":{"allow":["GET"]}}],"collection":[{"href":"https:\/\/catholiques17.fr\/chatelaillon\/wp-json\/wp\/v2\/pages"}],"about":[{"href":"https:\/\/catholiques17.fr\/chatelaillon\/wp-json\/wp\/v2\/types\/page"}],"author":[{"embeddable":true,"href":"https:\/\/catholiques17.fr\/chatelaillon\/wp-json\/wp\/v2\/users\/5"}],"replies":[{"embeddable":true,"href":"https:\/\/catholiques17.fr\/chatelaillon\/wp-json\/wp\/v2\/comments?post=4611"}],"version-history":[{"count":4,"href":"https:\/\/catholiques17.fr\/chatelaillon\/wp-json\/wp\/v2\/pages\/4611\/revisions"}],"predecessor-version":[{"id":9630,"href":"https:\/\/catholiques17.fr\/chatelaillon\/wp-json\/wp\/v2\/pages\/4611\/revisions\/9630"}],"up":[{"embeddable":true,"href":"https:\/\/catholiques17.fr\/chatelaillon\/wp-json\/wp\/v2\/pages\/4593"}],"wp:featuredmedia":[{"embeddable":true,"href":"https:\/\/catholiques17.fr\/chatelaillon\/wp-json\/wp\/v2\/media\/10624"}],"wp:attachment":[{"href":"https:\/\/catholiques17.fr\/chatelaillon\/wp-json\/wp\/v2\/media?parent=4611"}],"curies":[{"name":"wp","href":"https:\/\/api.w.org\/{rel}","templated":true}]}}

<p></p>



<p><strong>En 2025, elle a eu lieu le dimanche 27 juillet </strong>&#8211; Un grand merci à tous les bénévoles !</p>



<p>Responsable de l&rsquo;organisation des kermesses : Carl VANDERMEERSCH 06 24 47 07 49 fonpeyroune@orange.fr</p>



<p><strong>La prochaine kermesse aura lieu le le samedi 18 et le dimanche 19 juillet</strong> <strong>2026</strong> toujours autour de l&rsquo;église Sainte-Madeleine de Chatelaillon.</p>



<p>Tous ceux qui souhaitent apporter leur aide à cet évènement très fédérateur pour notre paroisse sont bienvenus.</p>



<h4 class="wp-block-heading">             <br></h4>



<p class="has-text-align-center">……</p>



<p></p>

<p>En 2025, elle a eu lieu le dimanche 27 juillet &#8211; Un grand merci à tous les bénévoles ! Responsable de l&rsquo;organisation des kermesses : Carl VANDERMEERSCH 06 24 47 [&hellip;]</p>
