{"id":4609,"date":"2021-03-22T11:18:05","date_gmt":"2021-03-22T10:18:05","guid":{"rendered":"https:\/\/catholiques17.fr\/chatelaillon\/?page_id=4609"},"modified":"2026-03-18T15:23:13","modified_gmt":"2026-03-18T14:23:13","slug":"maisons-de-retraite-sur-notre-secteur","status":"publish","type":"page","link":"https:\/\/catholiques17.fr\/chatelaillon\/services-pastoraux\/service-evangelique-des-malades-sem\/maisons-de-retraite-sur-notre-secteur\/","title":{"rendered":"Maisons de retraite sur notre secteur"},"content":{"rendered":"[et_pb_section fb_built=\u00a0\u00bb1&Prime; admin_label=\u00a0\u00bbsection\u00a0\u00bb _builder_version=\u00a0\u00bb4.16&Prime; global_colors_info=\u00a0\u00bb{}\u00a0\u00bb theme_builder_area=\u00a0\u00bbpost_content\u00a0\u00bb][et_pb_row admin_label=\u00a0\u00bbrow\u00a0\u00bb _builder_version=\u00a0\u00bb4.16&Prime; background_size=\u00a0\u00bbinitial\u00a0\u00bb background_position=\u00a0\u00bbtop_left\u00a0\u00bb background_repeat=\u00a0\u00bbrepeat\u00a0\u00bb global_colors_info=\u00a0\u00bb{}\u00a0\u00bb theme_builder_area=\u00a0\u00bbpost_content\u00a0\u00bb][et_pb_column type=\u00a0\u00bb4_4&Prime; _builder_version=\u00a0\u00bb4.16&Prime; custom_padding=\u00a0\u00bb|||\u00a0\u00bb global_colors_info=\u00a0\u00bb{}\u00a0\u00bb custom_padding__hover=\u00a0\u00bb|||\u00a0\u00bb theme_builder_area=\u00a0\u00bbpost_content\u00a0\u00bb][et_pb_text admin_label=\u00a0\u00bbText\u00a0\u00bb _builder_version=\u00a0\u00bb4.27.4&Prime; background_size=\u00a0\u00bbinitial\u00a0\u00bb background_position=\u00a0\u00bbtop_left\u00a0\u00bb background_repeat=\u00a0\u00bbrepeat\u00a0\u00bb global_colors_info=\u00a0\u00bb{}\u00a0\u00bb theme_builder_area=\u00a0\u00bbpost_content\u00a0\u00bb]<p><\/p>\n<h5 class=\"wp-block-heading\"><strong>Notre secteur paroissial comporte quatre maisons de retraite :<\/strong><\/h5>\n<p><\/p>\n<p><strong>\u201cLe M\u00f4le\u2019\u2019 \u00e0 Angoulins\u00a0 \u00a0 \u00a0 \u00a0 \u00a0 \u00a0 \u00a0 \u00a0<\/strong><br \/>Responsable pour le secteur paroissial : Nicole DISCLYN 05 46 56 87 98\u00a0<\/p>\n<p><strong>\u201cLes Petites Vignes\u2019\u2019 \u00e0 La Jarne\u00a0 \u00a0 \u00a0 \u00a0 \u00a0 \u00a0 \u00a0 \u00a0 \u00a0 \u00a0<\/strong><br \/>Responsable pour le secteur paroissial : Bernadette PRYSMICKI 05 46 56 62 39\u00a0<\/p>\n<p><strong>\u201cLes Boucholeurs\u2019\u2019 \u00e0 Ch\u00e2telaillon \u00a0 \u00a0 \u00a0 \u00a0<\/strong><br \/>Responsable pour le secteur paroissial : N&#8230;<\/p>\n<p><strong>Le Foyer Logement \u201cL\u2019Age d\u2019Or\u2019\u2019 \u00e0 Ch\u00e2telaillon<\/strong> <br \/>Responsable pour le secteur paroissial : N&#8230;<\/p>\n<p><\/p>\n<p><\/p>\n<hr class=\"wp-block-separator has-css-opacity\" \/>\n<p><\/p>\n<p>&nbsp;<\/p>\n<p><strong>Dans chaque \u00e9tablissement, \u00e0 l&rsquo;exception du Foyer logement \u00ab\u00a0L&rsquo;Age d&rsquo;Or\u00a0\u00bb, une messe est c\u00e9l\u00e9br\u00e9e une fois par mois,<\/strong> <strong>assurant un lien avec la communaut\u00e9 chr\u00e9tienne du secteur paroissial de Ch\u00e2telaillon :\u00a0<\/strong><\/p>\n<p><\/p>\n<p><\/p>\n<ul class=\"wp-block-list\">\n<ul><\/p>\n<li>1er vendredi du mois \u00e0 16 heures messe au M\u00f4le d\u2019Angoulins<\/li>\n<\/ul>\n<\/ul>\n<p><\/p>\n<p><\/p>\n<ul>\n<ul>\n<li>2\u00e8me vendredi du mois \u00e0 16 heures messe aux Boucholeurs Ch\u00e2telaillon<\/li>\n<\/ul>\n<\/ul>\n<p><\/p>\n<p><\/p>\n<ul>\n<ul>\n<li>4\u00e8me vendredi du mois \u00e0 16 heures messe aux Petites Vignes La Jarne<\/li>\n<\/ul>\n<\/ul>\n<p><\/p>\n<p><\/p>\n<p>\u00a0 Le\u00a0<strong><a href=\"https:\/\/catholiques17.fr\/chatelaillon\/service-evangelique-des-malades-s-e-m\/\">Service Evang\u00e9lique des Malades<\/a><\/strong>\u00a0vous invite \u00e0 le rejoindre \u00e0 ces messes anticip\u00e9es du dimanche qui permettent aux pensionnaires de ces \u00e9tablissements de prier avec leurs amis, leur famille en visite, leurs anciens voisins ou coll\u00e8gues et donc de se sentir moins isol\u00e9s.<\/p>\n<p><\/p>[\/et_pb_text][\/et_pb_column][\/et_pb_row][\/et_pb_section]","protected":false},"excerpt":{"rendered":"<p>Notre secteur paroissial comporte quatre maisons de retraite : \u201cLe M\u00f4le\u2019\u2019 \u00e0 Angoulins\u00a0 \u00a0 \u00a0 \u00a0 \u00a0 \u00a0 \u00a0 \u00a0Responsable pour le secteur paroissial : Nicole DISCLYN 05 46 56 [&hellip;]<\/p>\n","protected":false},"author":5,"featured_media":0,"parent":6953,"menu_order":0,"comment_status":"closed","ping_status":"closed","template":"","meta":{"_et_pb_use_builder":"on","_et_pb_old_content":"<!-- wp:heading {\"level\":5} -->\n<h5><strong>Notre secteur paroissial comporte quatre maisons de retraite :<\/strong><\/h5>\n<!-- \/wp:heading -->\n\n<!-- wp:paragraph -->\n<p><strong>\u201cLe M\u00f4le\u2019\u2019 \u00e0 Angoulins&nbsp; &nbsp; &nbsp; &nbsp; &nbsp; &nbsp; &nbsp; &nbsp;<\/strong><br>Responsable pour le secteur paroissial : Nicole DISCLYN 05 46 56 87 98&nbsp;<br><br><strong>\u201cLes Petites Vignes\u2019\u2019 \u00e0 La Jarne&nbsp; &nbsp; &nbsp; &nbsp; &nbsp; &nbsp; &nbsp; &nbsp; &nbsp; &nbsp;<\/strong><br>Responsable pour le secteur paroissial : Bernadette PRYSMICKI 05 46 56 62 39&nbsp;<br><br><strong>\u201cLes Boucholeurs\u2019\u2019 \u00e0 Ch\u00e2telaillon &nbsp; &nbsp; &nbsp; &nbsp;<\/strong><br>Responsable pour le secteur paroissial : Louis PAJOT 05 46 07 06 37<br><br><strong>Le Foyer Logement \u201cL\u2019Age d\u2019Or\u2019\u2019 \u00e0 Ch\u00e2telaillon &nbsp; &nbsp; &nbsp; &nbsp; &nbsp; &nbsp; &nbsp; &nbsp; &nbsp; &nbsp;&nbsp;<\/strong><br>Responsable pour le secteur paroissial : Louis PAJOT 05 46 07 06 37<\/p>\n<!-- \/wp:paragraph -->\n\n<!-- wp:separator {\"opacity\":\"css\"} -->\n<hr class=\"wp-block-separator has-css-opacity\" \/>\n<!-- \/wp:separator -->\n\n<!-- wp:paragraph -->\n<p><strong>Dans chaque \u00e9tablissement, \u00e0 l'exception du Foyer logement \"L'Age d'Or\", une messe est c\u00e9l\u00e9br\u00e9e une fois par mois,<\/strong> <strong>assurant un lien avec la communaut\u00e9 chr\u00e9tienne du secteur paroissial de Ch\u00e2telaillon :\u00a0<\/strong><\/p>\n<!-- \/wp:paragraph -->\n\n<!-- wp:list -->\n<ul><!-- wp:list-item -->\n<li>1er vendredi du mois \u00e0 16 heures messe au M\u00f4le d\u2019Angoulins<\/li>\n<!-- \/wp:list-item -->\n\n<!-- wp:list-item -->\n<li>2\u00e8me vendredi du mois \u00e0 16 heures messe aux Boucholeurs Ch\u00e2telaillon<\/li>\n<!-- \/wp:list-item -->\n\n<!-- wp:list-item -->\n<li>4\u00e8me vendredi du mois \u00e0 16 heures messe aux Petites Vignes La Jarne<\/li>\n<!-- \/wp:list-item --><\/ul>\n<!-- \/wp:list -->\n\n<!-- wp:paragraph -->\n<p>&nbsp; Le&nbsp;<strong><a href=\"https:\/\/catholiques17.fr\/chatelaillon\/service-evangelique-des-malades-s-e-m\/\">Service Evang\u00e9lique des Malades<\/a><\/strong>&nbsp;vous invite \u00e0 le rejoindre \u00e0 ces messes anticip\u00e9es du dimanche qui permettent aux pensionnaires de ces \u00e9tablissements de prier avec leurs amis, leur famille en visite, leurs anciens voisins ou coll\u00e8gues et donc de se sentir moins isol\u00e9s. <\/p>\n<!-- \/wp:paragraph -->","_et_gb_content_width":"","footnotes":""},"class_list":["post-4609","page","type-page","status-publish","hentry"],"_links":{"self":[{"href":"https:\/\/catholiques17.fr\/chatelaillon\/wp-json\/wp\/v2\/pages\/4609","targetHints":{"allow":["GET"]}}],"collection":[{"href":"https:\/\/catholiques17.fr\/chatelaillon\/wp-json\/wp\/v2\/pages"}],"about":[{"href":"https:\/\/catholiques17.fr\/chatelaillon\/wp-json\/wp\/v2\/types\/page"}],"author":[{"embeddable":true,"href":"https:\/\/catholiques17.fr\/chatelaillon\/wp-json\/wp\/v2\/users\/5"}],"replies":[{"embeddable":true,"href":"https:\/\/catholiques17.fr\/chatelaillon\/wp-json\/wp\/v2\/comments?post=4609"}],"version-history":[{"count":9,"href":"https:\/\/catholiques17.fr\/chatelaillon\/wp-json\/wp\/v2\/pages\/4609\/revisions"}],"predecessor-version":[{"id":9695,"href":"https:\/\/catholiques17.fr\/chatelaillon\/wp-json\/wp\/v2\/pages\/4609\/revisions\/9695"}],"up":[{"embeddable":true,"href":"https:\/\/catholiques17.fr\/chatelaillon\/wp-json\/wp\/v2\/pages\/6953"}],"wp:attachment":[{"href":"https:\/\/catholiques17.fr\/chatelaillon\/wp-json\/wp\/v2\/media?parent=4609"}],"curies":[{"name":"wp","href":"https:\/\/api.w.org\/{rel}","templated":true}]}}

[et_pb_section fb_built= »1&Prime; admin_label= »section » _builder_version= »4.16&Prime; global_colors_info= »{} » theme_builder_area= »post_content »][et_pb_row admin_label= »row » _builder_version= »4.16&Prime; background_size= »initial » background_position= »top_left » background_repeat= »repeat » global_colors_info= »{} » theme_builder_area= »post_content »][et_pb_column type= »4_4&Prime; _builder_version= »4.16&Prime; custom_padding= »||| » global_colors_info= »{} » custom_padding__hover= »||| » theme_builder_area= »post_content »][et_pb_text admin_label= »Text » _builder_version= »4.27.4&Prime; background_size= »initial » background_position= »top_left » background_repeat= »repeat » global_colors_info= »{} » theme_builder_area= »post_content »]<p></p>
<h5 class="wp-block-heading"><strong>Notre secteur paroissial comporte quatre maisons de retraite :</strong></h5>
<p></p>
<p><strong>“Le Môle’’ à Angoulins               </strong><br />Responsable pour le secteur paroissial : Nicole DISCLYN 05 46 56 87 98 </p>
<p><strong>“Les Petites Vignes’’ à La Jarne                   </strong><br />Responsable pour le secteur paroissial : Bernadette PRYSMICKI 05 46 56 62 39 </p>
<p><strong>“Les Boucholeurs’’ à Châtelaillon        </strong><br />Responsable pour le secteur paroissial : N&#8230;</p>
<p><strong>Le Foyer Logement “L’Age d’Or’’ à Châtelaillon</strong> <br />Responsable pour le secteur paroissial : N&#8230;</p>
<p></p>
<p></p>
<hr class="wp-block-separator has-css-opacity" />
<p></p>
<p>&nbsp;</p>
<p><strong>Dans chaque établissement, à l&rsquo;exception du Foyer logement « L&rsquo;Age d&rsquo;Or », une messe est célébrée une fois par mois,</strong> <strong>assurant un lien avec la communauté chrétienne du secteur paroissial de Châtelaillon : </strong></p>
<p></p>
<p></p>
<ul class="wp-block-list">
<ul></p>
<li>1er vendredi du mois à 16 heures messe au Môle d’Angoulins</li>
</ul>
</ul>
<p></p>
<p></p>
<ul>
<ul>
<li>2ème vendredi du mois à 16 heures messe aux Boucholeurs Châtelaillon</li>
</ul>
</ul>
<p></p>
<p></p>
<ul>
<ul>
<li>4ème vendredi du mois à 16 heures messe aux Petites Vignes La Jarne</li>
</ul>
</ul>
<p></p>
<p></p>
<p>  Le <strong><a href="https://catholiques17.fr/chatelaillon/service-evangelique-des-malades-s-e-m/">Service Evangélique des Malades</a></strong> vous invite à le rejoindre à ces messes anticipées du dimanche qui permettent aux pensionnaires de ces établissements de prier avec leurs amis, leur famille en visite, leurs anciens voisins ou collègues et donc de se sentir moins isolés.</p>
<p></p>[/et_pb_text][/et_pb_column][/et_pb_row][/et_pb_section]

<p>Notre secteur paroissial comporte quatre maisons de retraite : “Le Môle’’ à Angoulins               Responsable pour le secteur paroissial : Nicole DISCLYN 05 46 56 [&hellip;]</p>

<!-- wp:heading {"level":5} -->
<h5><strong>Notre secteur paroissial comporte quatre maisons de retraite :</strong></h5>
<!-- /wp:heading -->

<!-- wp:paragraph -->
<p><strong>“Le Môle’’ à Angoulins&nbsp; &nbsp; &nbsp; &nbsp; &nbsp; &nbsp; &nbsp; &nbsp;</strong><br>Responsable pour le secteur paroissial : Nicole DISCLYN 05 46 56 87 98&nbsp;<br><br><strong>“Les Petites Vignes’’ à La Jarne&nbsp; &nbsp; &nbsp; &nbsp; &nbsp; &nbsp; &nbsp; &nbsp; &nbsp; &nbsp;</strong><br>Responsable pour le secteur paroissial : Bernadette PRYSMICKI 05 46 56 62 39&nbsp;<br><br><strong>“Les Boucholeurs’’ à Châtelaillon &nbsp; &nbsp; &nbsp; &nbsp;</strong><br>Responsable pour le secteur paroissial : Louis PAJOT 05 46 07 06 37<br><br><strong>Le Foyer Logement “L’Age d’Or’’ à Châtelaillon &nbsp; &nbsp; &nbsp; &nbsp; &nbsp; &nbsp; &nbsp; &nbsp; &nbsp; &nbsp;&nbsp;</strong><br>Responsable pour le secteur paroissial : Louis PAJOT 05 46 07 06 37</p>
<!-- /wp:paragraph -->

<!-- wp:separator {"opacity":"css"} -->
<hr class="wp-block-separator has-css-opacity" />
<!-- /wp:separator -->

<!-- wp:paragraph -->
<p><strong>Dans chaque établissement, à l'exception du Foyer logement "L'Age d'Or", une messe est célébrée une fois par mois,</strong> <strong>assurant un lien avec la communauté chrétienne du secteur paroissial de Châtelaillon : </strong></p>
<!-- /wp:paragraph -->

<!-- wp:list -->
<ul><!-- wp:list-item -->
<li>1er vendredi du mois à 16 heures messe au Môle d’Angoulins</li>
<!-- /wp:list-item -->

<!-- wp:list-item -->
<li>2ème vendredi du mois à 16 heures messe aux Boucholeurs Châtelaillon</li>
<!-- /wp:list-item -->

<!-- wp:list-item -->
<li>4ème vendredi du mois à 16 heures messe aux Petites Vignes La Jarne</li>
<!-- /wp:list-item --></ul>
<!-- /wp:list -->

<!-- wp:paragraph -->
<p>&nbsp; Le&nbsp;<strong><a href="https://catholiques17.fr/chatelaillon/service-evangelique-des-malades-s-e-m/">Service Evangélique des Malades</a></strong>&nbsp;vous invite à le rejoindre à ces messes anticipées du dimanche qui permettent aux pensionnaires de ces établissements de prier avec leurs amis, leur famille en visite, leurs anciens voisins ou collègues et donc de se sentir moins isolés. </p>
<!-- /wp:paragraph -->
