{"id":4605,"date":"2021-03-22T10:48:28","date_gmt":"2021-03-22T09:48:28","guid":{"rendered":"https:\/\/catholiques17.fr\/chatelaillon\/?page_id=4605"},"modified":"2026-03-18T15:21:36","modified_gmt":"2026-03-18T14:21:36","slug":"le-mouvement-chretiens-des-retraites-mcr","status":"publish","type":"page","link":"https:\/\/catholiques17.fr\/chatelaillon\/services-pastoraux\/le-mouvement-chretiens-des-retraites-mcr\/","title":{"rendered":"Le mouvement chr\u00e9tiens des retrait\u00e9s MCR"},"content":{"rendered":"[et_pb_section fb_built=\u00a0\u00bb1&Prime; admin_label=\u00a0\u00bbsection\u00a0\u00bb _builder_version=\u00a0\u00bb4.16&Prime; global_colors_info=\u00a0\u00bb{}\u00a0\u00bb theme_builder_area=\u00a0\u00bbpost_content\u00a0\u00bb][et_pb_row admin_label=\u00a0\u00bbrow\u00a0\u00bb _builder_version=\u00a0\u00bb4.16&Prime; background_size=\u00a0\u00bbinitial\u00a0\u00bb background_position=\u00a0\u00bbtop_left\u00a0\u00bb background_repeat=\u00a0\u00bbrepeat\u00a0\u00bb global_colors_info=\u00a0\u00bb{}\u00a0\u00bb theme_builder_area=\u00a0\u00bbpost_content\u00a0\u00bb custom_margin=\u00a0\u00bb|auto||101px||\u00a0\u00bb][et_pb_column type=\u00a0\u00bb4_4&Prime; _builder_version=\u00a0\u00bb4.16&Prime; custom_padding=\u00a0\u00bb|||\u00a0\u00bb global_colors_info=\u00a0\u00bb{}\u00a0\u00bb custom_padding__hover=\u00a0\u00bb|||\u00a0\u00bb theme_builder_area=\u00a0\u00bbpost_content\u00a0\u00bb][et_pb_text admin_label=\u00a0\u00bbText\u00a0\u00bb _builder_version=\u00a0\u00bb4.16&Prime; background_size=\u00a0\u00bbinitial\u00a0\u00bb background_position=\u00a0\u00bbtop_left\u00a0\u00bb background_repeat=\u00a0\u00bbrepeat\u00a0\u00bb global_colors_info=\u00a0\u00bb{}\u00a0\u00bb theme_builder_area=\u00a0\u00bbpost_content\u00a0\u00bb]<p><\/p>\n<p>Le\u00a0<strong>Mouvement chr\u00e9tien des retrait\u00e9s<\/strong>\u00a0(MCR) est un lieu de rencontre, de r\u00e9flexion et de ressourcement, o\u00f9 se retrouvent des retrait\u00e9s de tous horizons social et professionnel, pour s\u2019exprimer librement, se faire des amis et rompre la solitude..<br \/><br \/>Un th\u00e8me est propos\u00e9 chaque ann\u00e9e.<\/p>\n<p><\/p>\n<p><\/p>\n<p>Le MCR\u00a0 se r\u00e9unit \u00e0 la salle paroissiale de Ch\u00e2telaillon pr\u00e8s de l\u2019\u00e9glise une fois par mois \u00e0 14h30<br \/>On y trouve un accueil fait d\u2019entraide, de partage et de convivialit\u00e9. C\u2019est avec joie que l\u2019\u00e9quipe accueillera tous nouveaux venus.<br \/><br \/><strong>Contact<\/strong>\u00a0: Bernard GRACIET 06 80 91 14 16<\/p>\n<p><\/p>\n<p><\/p>\n<p><\/p>\n<p><\/p>\n<p>Pour plus d\u2019informations :\u00a0<a href=\"https:\/\/mcr.asso.fr\/\" target=\"_blank\" rel=\"noreferrer noopener\">https:\/\/mcr.asso.fr\/<\/a><\/p>\n<p><\/p>[\/et_pb_text][\/et_pb_column][\/et_pb_row][\/et_pb_section]","protected":false},"excerpt":{"rendered":"<p>Le\u00a0Mouvement chr\u00e9tien des retrait\u00e9s\u00a0(MCR) est un lieu de rencontre, de r\u00e9flexion et de ressourcement, o\u00f9 se retrouvent des retrait\u00e9s de tous horizons social et professionnel, pour s\u2019exprimer librement, se faire [&hellip;]<\/p>\n","protected":false},"author":5,"featured_media":0,"parent":10281,"menu_order":0,"comment_status":"closed","ping_status":"closed","template":"","meta":{"_et_pb_use_builder":"on","_et_pb_old_content":"<!-- wp:paragraph -->\n<p>Le&nbsp;<strong>Mouvement chr\u00e9tien des retrait\u00e9s<\/strong>&nbsp;(MCR) est un lieu de rencontre, de r\u00e9flexion et de ressourcement, o\u00f9 se retrouvent des retrait\u00e9s de tous horizons social et professionnel, pour s\u2019exprimer librement, se faire des amis et rompre la solitude..<br><br>Un th\u00e8me est propos\u00e9 chaque ann\u00e9e.<\/p>\n<!-- \/wp:paragraph -->\n\n<!-- wp:paragraph -->\n<p>Le MCR\u00a0 se r\u00e9unit \u00e0 la salle paroissiale de Ch\u00e2telaillon pr\u00e8s de l\u2019\u00e9glise une fois par mois \u00e0 14h30<br>On y trouve un accueil fait d\u2019entraide, de partage et de convivialit\u00e9. C\u2019est avec joie que l\u2019\u00e9quipe accueillera tous nouveaux venus.<\/p>\n<!-- \/wp:paragraph -->\n\n<!-- wp:paragraph -->\n<p><strong>DATES DES RENCONTRES 2021\/202<\/strong>2<\/p>\n<!-- \/wp:paragraph -->\n\n<!-- wp:paragraph -->\n<p>Tous les mardis, de 14h30 \u00e0 18h : 17 septembre, 12 octobre, 9 novembre, 7 d\u00e9cembre 2021, 18 janvier, 15 f\u00e9vrier, 8 mars, 5 avril, 10 mai, 14 juin 2022<br><br><strong>Contact<\/strong>\u00a0: Bernard GRACIET 06 80 91 14 16<\/p>\n<!-- \/wp:paragraph -->\n\n<!-- wp:paragraph -->\n<p>Pour plus d\u2019informations :&nbsp;<a href=\"https:\/\/mcr.asso.fr\/\" target=\"_blank\" rel=\"noreferrer noopener\">https:\/\/mcr.asso.fr\/<\/a><\/p>\n<!-- \/wp:paragraph -->","_et_gb_content_width":"","footnotes":""},"class_list":["post-4605","page","type-page","status-publish","hentry"],"_links":{"self":[{"href":"https:\/\/catholiques17.fr\/chatelaillon\/wp-json\/wp\/v2\/pages\/4605","targetHints":{"allow":["GET"]}}],"collection":[{"href":"https:\/\/catholiques17.fr\/chatelaillon\/wp-json\/wp\/v2\/pages"}],"about":[{"href":"https:\/\/catholiques17.fr\/chatelaillon\/wp-json\/wp\/v2\/types\/page"}],"author":[{"embeddable":true,"href":"https:\/\/catholiques17.fr\/chatelaillon\/wp-json\/wp\/v2\/users\/5"}],"replies":[{"embeddable":true,"href":"https:\/\/catholiques17.fr\/chatelaillon\/wp-json\/wp\/v2\/comments?post=4605"}],"version-history":[{"count":4,"href":"https:\/\/catholiques17.fr\/chatelaillon\/wp-json\/wp\/v2\/pages\/4605\/revisions"}],"predecessor-version":[{"id":6983,"href":"https:\/\/catholiques17.fr\/chatelaillon\/wp-json\/wp\/v2\/pages\/4605\/revisions\/6983"}],"up":[{"embeddable":true,"href":"https:\/\/catholiques17.fr\/chatelaillon\/wp-json\/wp\/v2\/pages\/10281"}],"wp:attachment":[{"href":"https:\/\/catholiques17.fr\/chatelaillon\/wp-json\/wp\/v2\/media?parent=4605"}],"curies":[{"name":"wp","href":"https:\/\/api.w.org\/{rel}","templated":true}]}}

Le mouvement chrétiens des retraités MCR

[et_pb_section fb_built= »1&Prime; admin_label= »section » _builder_version= »4.16&Prime; global_colors_info= »{} » theme_builder_area= »post_content »][et_pb_row admin_label= »row » _builder_version= »4.16&Prime; background_size= »initial » background_position= »top_left » background_repeat= »repeat » global_colors_info= »{} » theme_builder_area= »post_content » custom_margin= »|auto||101px|| »][et_pb_column type= »4_4&Prime; _builder_version= »4.16&Prime; custom_padding= »||| » global_colors_info= »{} » custom_padding__hover= »||| » theme_builder_area= »post_content »][et_pb_text admin_label= »Text » _builder_version= »4.16&Prime; background_size= »initial » background_position= »top_left » background_repeat= »repeat » global_colors_info= »{} » theme_builder_area= »post_content »]<p></p>
<p>Le <strong>Mouvement chrétien des retraités</strong> (MCR) est un lieu de rencontre, de réflexion et de ressourcement, où se retrouvent des retraités de tous horizons social et professionnel, pour s’exprimer librement, se faire des amis et rompre la solitude..<br /><br />Un thème est proposé chaque année.</p>
<p></p>
<p></p>
<p>Le MCR  se réunit à la salle paroissiale de Châtelaillon près de l’église une fois par mois à 14h30<br />On y trouve un accueil fait d’entraide, de partage et de convivialité. C’est avec joie que l’équipe accueillera tous nouveaux venus.<br /><br /><strong>Contact</strong> : Bernard GRACIET 06 80 91 14 16</p>
<p></p>
<p></p>
<p></p>
<p></p>
<p>Pour plus d’informations : <a href="https://mcr.asso.fr/" target="_blank" rel="noreferrer noopener">https://mcr.asso.fr/</a></p>
<p></p>[/et_pb_text][/et_pb_column][/et_pb_row][/et_pb_section]

<p>Le Mouvement chrétien des retraités (MCR) est un lieu de rencontre, de réflexion et de ressourcement, où se retrouvent des retraités de tous horizons social et professionnel, pour s’exprimer librement, se faire [&hellip;]</p>

<!-- wp:paragraph -->
<p>Le&nbsp;<strong>Mouvement chrétien des retraités</strong>&nbsp;(MCR) est un lieu de rencontre, de réflexion et de ressourcement, où se retrouvent des retraités de tous horizons social et professionnel, pour s’exprimer librement, se faire des amis et rompre la solitude..<br><br>Un thème est proposé chaque année.</p>
<!-- /wp:paragraph -->

<!-- wp:paragraph -->
<p>Le MCR  se réunit à la salle paroissiale de Châtelaillon près de l’église une fois par mois à 14h30<br>On y trouve un accueil fait d’entraide, de partage et de convivialité. C’est avec joie que l’équipe accueillera tous nouveaux venus.</p>
<!-- /wp:paragraph -->

<!-- wp:paragraph -->
<p><strong>DATES DES RENCONTRES 2021/202</strong>2</p>
<!-- /wp:paragraph -->

<!-- wp:paragraph -->
<p>Tous les mardis, de 14h30 à 18h : 17 septembre, 12 octobre, 9 novembre, 7 décembre 2021, 18 janvier, 15 février, 8 mars, 5 avril, 10 mai, 14 juin 2022<br><br><strong>Contact</strong> : Bernard GRACIET 06 80 91 14 16</p>
<!-- /wp:paragraph -->

<!-- wp:paragraph -->
<p>Pour plus d’informations :&nbsp;<a href="https://mcr.asso.fr/" target="_blank" rel="noreferrer noopener">https://mcr.asso.fr/</a></p>
<!-- /wp:paragraph -->
