{"id":10277,"date":"2026-03-18T15:12:25","date_gmt":"2026-03-18T14:12:25","guid":{"rendered":"https:\/\/catholiques17.fr\/chatelaillon\/?page_id=10277"},"modified":"2026-04-19T16:56:04","modified_gmt":"2026-04-19T14:56:04","slug":"communication","status":"publish","type":"page","link":"https:\/\/catholiques17.fr\/chatelaillon\/la-paroisse\/communication\/","title":{"rendered":"Communication"},"content":{"rendered":"<p>[et_pb_section fb_built=\u00a0\u00bb1&Prime; _builder_version=\u00a0\u00bb4.27.5&Prime; _module_preset=\u00a0\u00bbdefault\u00a0\u00bb global_colors_info=\u00a0\u00bb{}\u00a0\u00bb theme_builder_area=\u00a0\u00bbpost_content\u00a0\u00bb][et_pb_row _builder_version=\u00a0\u00bb4.27.5&Prime; _module_preset=\u00a0\u00bbdefault\u00a0\u00bb global_colors_info=\u00a0\u00bb{}\u00a0\u00bb theme_builder_area=\u00a0\u00bbpost_content\u00a0\u00bb][et_pb_column type=\u00a0\u00bb4_4&Prime; _builder_version=\u00a0\u00bb4.27.5&Prime; _module_preset=\u00a0\u00bbdefault\u00a0\u00bb global_colors_info=\u00a0\u00bb{}\u00a0\u00bb theme_builder_area=\u00a0\u00bbpost_content\u00a0\u00bb][et_pb_image src=\u00a0\u00bbhttps:\/\/catholiques17.fr\/chatelaillon\/wp-content\/uploads\/sites\/12\/2023\/01\/jeunes.jpg\u00a0\u00bb title_text=\u00a0\u00bbjeunes\u00a0\u00bb align=\u00a0\u00bbcenter\u00a0\u00bb _builder_version=\u00a0\u00bb4.27.5&Prime; _module_preset=\u00a0\u00bbdefault\u00a0\u00bb global_colors_info=\u00a0\u00bb{}\u00a0\u00bb theme_builder_area=\u00a0\u00bbpost_content\u00a0\u00bb][\/et_pb_image][\/et_pb_column][\/et_pb_row][et_pb_row _builder_version=\u00a0\u00bb4.27.5&Prime; _module_preset=\u00a0\u00bbdefault\u00a0\u00bb theme_builder_area=\u00a0\u00bbpost_content\u00a0\u00bb][et_pb_column _builder_version=\u00a0\u00bb4.27.5&Prime; _module_preset=\u00a0\u00bbdefault\u00a0\u00bb type=\u00a0\u00bb4_4&Prime; theme_builder_area=\u00a0\u00bbpost_content\u00a0\u00bb][et_pb_text _builder_version=\u00a0\u00bb4.27.5&Prime; _module_preset=\u00a0\u00bbdefault\u00a0\u00bb theme_builder_area=\u00a0\u00bbpost_content\u00a0\u00bb hover_enabled=\u00a0\u00bb0&Prime; sticky_enabled=\u00a0\u00bb0&Prime;]<\/p>\n<p>La communication est un outil essentiel pour l&rsquo;information des paroissiens et pour mieux diffuser l&rsquo;action pastorale de notre paroisse.<\/p>\n<p>L&rsquo;\u00e9quipe de communication est actuellement compos\u00e9e de 6 b\u00e9n\u00e9voles : Dominique Gibon, Sabine Crespin, Agn\u00e8s Guillot, Camille de la Rivi\u00e8re, Nathalie Ogier et Jean-Yves Auffret qui alimentent r\u00e9guli\u00e8rement les diff\u00e9rents canaux de communication utilis\u00e9s:<\/p>\n<p>Dominique et Jean-Yves ont en charge le site internet <a href=\"https:\/\/catholiques17.fr\">https:\/\/catholiques17.fr<\/a><\/p>\n<p>Camille g\u00e8re le site WhatsApp Secteur Pastoral de Chatelaillon,<\/p>\n<p>Sabine est charg\u00e9e du site Facebook<\/p>\n<p>Nathalie s&rsquo;occupe de la feuille paroissiale et des horaires et fiches contacts affich\u00e9s \u00e0 la porte des \u00e9glises de notre secteur,<\/p>\n<p>Agn\u00e8s s&#8217;emploie \u00e0 recueillir des informations cibl\u00e9es sur l&rsquo;actualit\u00e9 de notre Eglise et \u00e0 r\u00e9diger des articles mettant en lumi\u00e8re un moment fort de notre clendrier liturgique.<\/p>\n<p>La Communication ne peut vivre que si elle est r\u00e9guli\u00e8rment aliment\u00e9e. Alors, si vous avez des informations sp\u00e9cifiques \u00e0 notre paroisse \u00e0 diffuser n&rsquo;h\u00e9sitez pas \u00e0 nous les communiquer sur notre boite mail <a href=\"mailto:communicationparoissechatel@gmail.com\">communicationparoissechatel@gmail.com<\/a><\/p>\n<p>Merci<\/p>\n<p>&nbsp;<\/p>\n<p>[\/et_pb_text][\/et_pb_column][\/et_pb_row][\/et_pb_section]<\/p>\n","protected":false},"excerpt":{"rendered":"<p>La communication est un outil essentiel pour l&rsquo;information des paroissiens et pour mieux diffuser l&rsquo;action pastorale de notre paroisse. L&rsquo;\u00e9quipe de communication est actuellement compos\u00e9e de 6 b\u00e9n\u00e9voles : Dominique [&hellip;]<\/p>\n","protected":false},"author":4,"featured_media":0,"parent":4808,"menu_order":0,"comment_status":"closed","ping_status":"closed","template":"","meta":{"_et_pb_use_builder":"on","_et_pb_old_content":"<!-- wp:divi\/placeholder \/-->","_et_gb_content_width":"","footnotes":""},"class_list":["post-10277","page","type-page","status-publish","hentry"],"_links":{"self":[{"href":"https:\/\/catholiques17.fr\/chatelaillon\/wp-json\/wp\/v2\/pages\/10277","targetHints":{"allow":["GET"]}}],"collection":[{"href":"https:\/\/catholiques17.fr\/chatelaillon\/wp-json\/wp\/v2\/pages"}],"about":[{"href":"https:\/\/catholiques17.fr\/chatelaillon\/wp-json\/wp\/v2\/types\/page"}],"author":[{"embeddable":true,"href":"https:\/\/catholiques17.fr\/chatelaillon\/wp-json\/wp\/v2\/users\/4"}],"replies":[{"embeddable":true,"href":"https:\/\/catholiques17.fr\/chatelaillon\/wp-json\/wp\/v2\/comments?post=10277"}],"version-history":[{"count":6,"href":"https:\/\/catholiques17.fr\/chatelaillon\/wp-json\/wp\/v2\/pages\/10277\/revisions"}],"predecessor-version":[{"id":10581,"href":"https:\/\/catholiques17.fr\/chatelaillon\/wp-json\/wp\/v2\/pages\/10277\/revisions\/10581"}],"up":[{"embeddable":true,"href":"https:\/\/catholiques17.fr\/chatelaillon\/wp-json\/wp\/v2\/pages\/4808"}],"wp:attachment":[{"href":"https:\/\/catholiques17.fr\/chatelaillon\/wp-json\/wp\/v2\/media?parent=10277"}],"curies":[{"name":"wp","href":"https:\/\/api.w.org\/{rel}","templated":true}]}}

<p>[et_pb_section fb_built= »1&Prime; _builder_version= »4.27.5&Prime; _module_preset= »default » global_colors_info= »{} » theme_builder_area= »post_content »][et_pb_row _builder_version= »4.27.5&Prime; _module_preset= »default » global_colors_info= »{} » theme_builder_area= »post_content »][et_pb_column type= »4_4&Prime; _builder_version= »4.27.5&Prime; _module_preset= »default » global_colors_info= »{} » theme_builder_area= »post_content »][et_pb_image src= »https://catholiques17.fr/chatelaillon/wp-content/uploads/sites/12/2023/01/jeunes.jpg » title_text= »jeunes » align= »center » _builder_version= »4.27.5&Prime; _module_preset= »default » global_colors_info= »{} » theme_builder_area= »post_content »][/et_pb_image][/et_pb_column][/et_pb_row][et_pb_row _builder_version= »4.27.5&Prime; _module_preset= »default » theme_builder_area= »post_content »][et_pb_column _builder_version= »4.27.5&Prime; _module_preset= »default » type= »4_4&Prime; theme_builder_area= »post_content »][et_pb_text _builder_version= »4.27.5&Prime; _module_preset= »default » theme_builder_area= »post_content » hover_enabled= »0&Prime; sticky_enabled= »0&Prime;]</p>
<p>La communication est un outil essentiel pour l&rsquo;information des paroissiens et pour mieux diffuser l&rsquo;action pastorale de notre paroisse.</p>
<p>L&rsquo;équipe de communication est actuellement composée de 6 bénévoles : Dominique Gibon, Sabine Crespin, Agnès Guillot, Camille de la Rivière, Nathalie Ogier et Jean-Yves Auffret qui alimentent régulièrement les différents canaux de communication utilisés:</p>
<p>Dominique et Jean-Yves ont en charge le site internet <a href="https://catholiques17.fr">https://catholiques17.fr</a></p>
<p>Camille gère le site WhatsApp Secteur Pastoral de Chatelaillon,</p>
<p>Sabine est chargée du site Facebook</p>
<p>Nathalie s&rsquo;occupe de la feuille paroissiale et des horaires et fiches contacts affichés à la porte des églises de notre secteur,</p>
<p>Agnès s&#8217;emploie à recueillir des informations ciblées sur l&rsquo;actualité de notre Eglise et à rédiger des articles mettant en lumière un moment fort de notre clendrier liturgique.</p>
<p>La Communication ne peut vivre que si elle est régulièrment alimentée. Alors, si vous avez des informations spécifiques à notre paroisse à diffuser n&rsquo;hésitez pas à nous les communiquer sur notre boite mail <a href="mailto:communicationparoissechatel@gmail.com">communicationparoissechatel@gmail.com</a></p>
<p>Merci</p>
<p>&nbsp;</p>
<p>[/et_pb_text][/et_pb_column][/et_pb_row][/et_pb_section]</p>

<p>La communication est un outil essentiel pour l&rsquo;information des paroissiens et pour mieux diffuser l&rsquo;action pastorale de notre paroisse. L&rsquo;équipe de communication est actuellement composée de 6 bénévoles : Dominique [&hellip;]</p>
