{"id":8595,"date":"2026-04-01T15:33:13","date_gmt":"2026-04-01T13:33:13","guid":{"rendered":"https:\/\/catholiques17.fr\/archiac\/?post_type=tribe_events&#038;p=8595"},"modified":"2026-04-01T15:33:13","modified_gmt":"2026-04-01T13:33:13","slug":"vendredi-saint-chemin-de-croix-a-archiac","status":"publish","type":"tribe_events","link":"https:\/\/catholiques17.fr\/archiac\/event\/vendredi-saint-chemin-de-croix-a-archiac\/","title":{"rendered":"Vendredi Saint &#8211; Chemin de Croix \u00e0 Archiac"},"content":{"rendered":"<p style=\"text-align: center\"><em><strong>D\u00e9part \u00e0 15 heures depuis le cimeti\u00e8re d&rsquo;Archiac. Les 14 stations longent le chemin qui descend vers Arthenac<\/strong><\/em><\/p>\n<p><img loading=\"lazy\" decoding=\"async\" class=\"aligncenter  wp-image-8596\" src=\"https:\/\/catholiques17.fr\/archiac\/wp-content\/uploads\/sites\/26\/2026\/04\/Chemin-de-Croix-2026-150x150.jpg\" alt=\"\" width=\"339\" height=\"339\" \/><\/p>\n","protected":false},"excerpt":{"rendered":"<p>D\u00e9part \u00e0 15 heures depuis le cimeti\u00e8re d&rsquo;Archiac. Les 14 stations longent le chemin qui descend vers Arthenac<\/p>\n","protected":false},"author":39,"featured_media":0,"template":"","meta":{"_et_pb_use_builder":"","_et_pb_old_content":"","_et_gb_content_width":"","_tribe_events_status":"","_tribe_events_status_reason":"","footnotes":""},"tags":[],"tribe_events_cat":[35],"class_list":["post-8595","tribe_events","type-tribe_events","status-publish","hentry","tribe_events_cat-paroisse","cat_paroisse"],"_links":{"self":[{"href":"https:\/\/catholiques17.fr\/archiac\/wp-json\/wp\/v2\/tribe_events\/8595","targetHints":{"allow":["GET"]}}],"collection":[{"href":"https:\/\/catholiques17.fr\/archiac\/wp-json\/wp\/v2\/tribe_events"}],"about":[{"href":"https:\/\/catholiques17.fr\/archiac\/wp-json\/wp\/v2\/types\/tribe_events"}],"author":[{"embeddable":true,"href":"https:\/\/catholiques17.fr\/archiac\/wp-json\/wp\/v2\/users\/39"}],"version-history":[{"count":1,"href":"https:\/\/catholiques17.fr\/archiac\/wp-json\/wp\/v2\/tribe_events\/8595\/revisions"}],"predecessor-version":[{"id":8597,"href":"https:\/\/catholiques17.fr\/archiac\/wp-json\/wp\/v2\/tribe_events\/8595\/revisions\/8597"}],"wp:attachment":[{"href":"https:\/\/catholiques17.fr\/archiac\/wp-json\/wp\/v2\/media?parent=8595"}],"wp:term":[{"taxonomy":"post_tag","embeddable":true,"href":"https:\/\/catholiques17.fr\/archiac\/wp-json\/wp\/v2\/tags?post=8595"},{"taxonomy":"tribe_events_cat","embeddable":true,"href":"https:\/\/catholiques17.fr\/archiac\/wp-json\/wp\/v2\/tribe_events_cat?post=8595"}],"curies":[{"name":"wp","href":"https:\/\/api.w.org\/{rel}","templated":true}]}}

Vendredi Saint &#8211; Chemin de Croix à Archiac

<p style="text-align: center"><em><strong>Départ à 15 heures depuis le cimetière d&rsquo;Archiac. Les 14 stations longent le chemin qui descend vers Arthenac</strong></em></p>
<p><img loading="lazy" decoding="async" class="aligncenter  wp-image-8596" src="https://catholiques17.fr/archiac/wp-content/uploads/sites/26/2026/04/Chemin-de-Croix-2026-150x150.jpg" alt="" width="339" height="339" /></p>

<p>Départ à 15 heures depuis le cimetière d&rsquo;Archiac. Les 14 stations longent le chemin qui descend vers Arthenac</p>
