{"id":8475,"date":"2026-03-02T10:57:15","date_gmt":"2026-03-02T09:57:15","guid":{"rendered":"https:\/\/catholiques17.fr\/archiac\/?post_type=tribe_events&#038;p=8475"},"modified":"2026-03-02T17:19:52","modified_gmt":"2026-03-02T16:19:52","slug":"journee-a-labbaye-de-maumont","status":"publish","type":"tribe_events","link":"https:\/\/catholiques17.fr\/archiac\/event\/journee-a-labbaye-de-maumont\/","title":{"rendered":"Journ\u00e9e \u00e0 l&rsquo;Abbaye de Maumont"},"content":{"rendered":"<p>Chers parents,<\/p>\n<p>La date de notre journ\u00e9e \u00e0 l\u2019Abbaye de MAUMONT approche. Rendez-vous \u00e0 l Abbaye \u00e0 partir de 9h30 pour d\u00e9buter les activit\u00e9s \u00e0 10h.Pensez \u00e0 venir avec votre pique-nique, votre assiette, verre et couverts. Comme indiqu\u00e9 dans nos pr\u00e9c\u00e9dents mails,\u00a0 l\u2019abbaye demande une participation de 5 \u20ac par personne pour couvrir en partie leurs frais.<\/p>\n<p>Pour les enfants Cat\u00e9chis\u00e9s et les jeunes de l\u2019Aum\u00f4nerie la participation sera prise en charge par la paroisse.\u00a0Merci d apporter le montant de votre participation en esp\u00e8ces et de le remettre \u00e0 Marie-Bernard qui est charg\u00e9e de la collecte.<\/p>\n<p>Restant \u00e0 votre disposition,<\/p>\n<p>Cordialement.<\/p>\n<p>B\u00e9n\u00e9dicte,\u00a0 Jean-Marc,\u00a0 Marie-Bernard<\/p>\n","protected":false},"excerpt":{"rendered":"<p>Chers parents, La date de notre journ\u00e9e \u00e0 l\u2019Abbaye de MAUMONT approche. Rendez-vous \u00e0 l Abbaye \u00e0 partir de 9h30 pour d\u00e9buter les activit\u00e9s \u00e0 10h.Pensez \u00e0 venir avec votre [&hellip;]<\/p>\n","protected":false},"author":39,"featured_media":0,"template":"","meta":{"_et_pb_use_builder":"","_et_pb_old_content":"","_et_gb_content_width":"","_tribe_events_status":"","_tribe_events_status_reason":"","footnotes":""},"tags":[],"tribe_events_cat":[37,36,35],"class_list":["post-8475","tribe_events","type-tribe_events","status-publish","hentry","tribe_events_cat-aumonerie","tribe_events_cat-catechisme","tribe_events_cat-paroisse","cat_aumonerie","cat_catechisme","cat_paroisse"],"_links":{"self":[{"href":"https:\/\/catholiques17.fr\/archiac\/wp-json\/wp\/v2\/tribe_events\/8475","targetHints":{"allow":["GET"]}}],"collection":[{"href":"https:\/\/catholiques17.fr\/archiac\/wp-json\/wp\/v2\/tribe_events"}],"about":[{"href":"https:\/\/catholiques17.fr\/archiac\/wp-json\/wp\/v2\/types\/tribe_events"}],"author":[{"embeddable":true,"href":"https:\/\/catholiques17.fr\/archiac\/wp-json\/wp\/v2\/users\/39"}],"version-history":[{"count":1,"href":"https:\/\/catholiques17.fr\/archiac\/wp-json\/wp\/v2\/tribe_events\/8475\/revisions"}],"predecessor-version":[{"id":8477,"href":"https:\/\/catholiques17.fr\/archiac\/wp-json\/wp\/v2\/tribe_events\/8475\/revisions\/8477"}],"wp:attachment":[{"href":"https:\/\/catholiques17.fr\/archiac\/wp-json\/wp\/v2\/media?parent=8475"}],"wp:term":[{"taxonomy":"post_tag","embeddable":true,"href":"https:\/\/catholiques17.fr\/archiac\/wp-json\/wp\/v2\/tags?post=8475"},{"taxonomy":"tribe_events_cat","embeddable":true,"href":"https:\/\/catholiques17.fr\/archiac\/wp-json\/wp\/v2\/tribe_events_cat?post=8475"}],"curies":[{"name":"wp","href":"https:\/\/api.w.org\/{rel}","templated":true}]}}

Journée à l&rsquo;Abbaye de Maumont

<p>Chers parents,</p>
<p>La date de notre journée à l’Abbaye de MAUMONT approche. Rendez-vous à l Abbaye à partir de 9h30 pour débuter les activités à 10h.Pensez à venir avec votre pique-nique, votre assiette, verre et couverts. Comme indiqué dans nos précédents mails,  l’abbaye demande une participation de 5 € par personne pour couvrir en partie leurs frais.</p>
<p>Pour les enfants Catéchisés et les jeunes de l’Aumônerie la participation sera prise en charge par la paroisse. Merci d apporter le montant de votre participation en espèces et de le remettre à Marie-Bernard qui est chargée de la collecte.</p>
<p>Restant à votre disposition,</p>
<p>Cordialement.</p>
<p>Bénédicte,  Jean-Marc,  Marie-Bernard</p>

<p>Chers parents, La date de notre journée à l’Abbaye de MAUMONT approche. Rendez-vous à l Abbaye à partir de 9h30 pour débuter les activités à 10h.Pensez à venir avec votre [&hellip;]</p>
