{"id":8466,"date":"2026-02-03T17:56:13","date_gmt":"2026-02-03T16:56:13","guid":{"rendered":"https:\/\/catholiques17.fr\/archiac\/?post_type=tribe_events&#038;p=8466"},"modified":"2026-04-06T21:14:14","modified_gmt":"2026-04-06T19:14:14","slug":"reunion-le-rosaire-en-equipe","status":"publish","type":"tribe_events","link":"https:\/\/catholiques17.fr\/archiac\/event\/reunion-le-rosaire-en-equipe\/","title":{"rendered":"R\u00e9union Le Rosaire en Equipe \u00e0 St Martial sur N\u00e9"},"content":{"rendered":"<p><strong>Chez Monique GUERRY<\/strong><\/p>\n<p>17520 ST MARTIAL SUR NE<\/p>\n<p>T\u00e9l\u00e9phone : 06 58 20 66 08<\/p>\n","protected":false},"excerpt":{"rendered":"<p>Chez Monique GUERRY 17520 ST MARTIAL SUR NE T\u00e9l\u00e9phone : 06 58 20 66 08<\/p>\n","protected":false},"author":39,"featured_media":0,"template":"","meta":{"_et_pb_use_builder":"","_et_pb_old_content":"","_et_gb_content_width":"","_tribe_events_status":"","_tribe_events_status_reason":"","footnotes":""},"tags":[],"tribe_events_cat":[35,43,44],"class_list":["post-8466","tribe_events","type-tribe_events","status-publish","hentry","tribe_events_cat-paroisse","tribe_events_cat-reunions","tribe_events_cat-reunions-reunions","cat_paroisse","cat_reunions","cat_reunions-reunions"],"_links":{"self":[{"href":"https:\/\/catholiques17.fr\/archiac\/wp-json\/wp\/v2\/tribe_events\/8466","targetHints":{"allow":["GET"]}}],"collection":[{"href":"https:\/\/catholiques17.fr\/archiac\/wp-json\/wp\/v2\/tribe_events"}],"about":[{"href":"https:\/\/catholiques17.fr\/archiac\/wp-json\/wp\/v2\/types\/tribe_events"}],"author":[{"embeddable":true,"href":"https:\/\/catholiques17.fr\/archiac\/wp-json\/wp\/v2\/users\/39"}],"version-history":[{"count":2,"href":"https:\/\/catholiques17.fr\/archiac\/wp-json\/wp\/v2\/tribe_events\/8466\/revisions"}],"predecessor-version":[{"id":8634,"href":"https:\/\/catholiques17.fr\/archiac\/wp-json\/wp\/v2\/tribe_events\/8466\/revisions\/8634"}],"wp:attachment":[{"href":"https:\/\/catholiques17.fr\/archiac\/wp-json\/wp\/v2\/media?parent=8466"}],"wp:term":[{"taxonomy":"post_tag","embeddable":true,"href":"https:\/\/catholiques17.fr\/archiac\/wp-json\/wp\/v2\/tags?post=8466"},{"taxonomy":"tribe_events_cat","embeddable":true,"href":"https:\/\/catholiques17.fr\/archiac\/wp-json\/wp\/v2\/tribe_events_cat?post=8466"}],"curies":[{"name":"wp","href":"https:\/\/api.w.org\/{rel}","templated":true}]}}

Réunion Le Rosaire en Equipe à St Martial sur Né

<p><strong>Chez Monique GUERRY</strong></p>
<p>17520 ST MARTIAL SUR NE</p>
<p>Téléphone : 06 58 20 66 08</p>

<p>Chez Monique GUERRY 17520 ST MARTIAL SUR NE Téléphone : 06 58 20 66 08</p>
