{"id":8393,"date":"2026-01-07T17:28:43","date_gmt":"2026-01-07T16:28:43","guid":{"rendered":"https:\/\/catholiques17.fr\/archiac\/?post_type=tribe_events&#038;p=8393"},"modified":"2026-01-07T17:28:43","modified_gmt":"2026-01-07T16:28:43","slug":"conference-sur-haiti-par-le-pere-jean-rony-manoune","status":"publish","type":"tribe_events","link":"https:\/\/catholiques17.fr\/archiac\/event\/conference-sur-haiti-par-le-pere-jean-rony-manoune\/","title":{"rendered":"Conf\u00e9rence sur Ha\u00efti par le P\u00e8re Jean-Rony MANOUNE"},"content":{"rendered":"","protected":false},"excerpt":{"rendered":"","protected":false},"author":39,"featured_media":0,"template":"","meta":{"_et_pb_use_builder":"","_et_pb_old_content":"","_et_gb_content_width":"","_tribe_events_status":"","_tribe_events_status_reason":"","footnotes":""},"tags":[],"tribe_events_cat":[41,35],"class_list":["post-8393","tribe_events","type-tribe_events","status-publish","hentry","tribe_events_cat-conference","tribe_events_cat-paroisse","cat_conference","cat_paroisse"],"_links":{"self":[{"href":"https:\/\/catholiques17.fr\/archiac\/wp-json\/wp\/v2\/tribe_events\/8393","targetHints":{"allow":["GET"]}}],"collection":[{"href":"https:\/\/catholiques17.fr\/archiac\/wp-json\/wp\/v2\/tribe_events"}],"about":[{"href":"https:\/\/catholiques17.fr\/archiac\/wp-json\/wp\/v2\/types\/tribe_events"}],"author":[{"embeddable":true,"href":"https:\/\/catholiques17.fr\/archiac\/wp-json\/wp\/v2\/users\/39"}],"version-history":[{"count":2,"href":"https:\/\/catholiques17.fr\/archiac\/wp-json\/wp\/v2\/tribe_events\/8393\/revisions"}],"predecessor-version":[{"id":8395,"href":"https:\/\/catholiques17.fr\/archiac\/wp-json\/wp\/v2\/tribe_events\/8393\/revisions\/8395"}],"wp:attachment":[{"href":"https:\/\/catholiques17.fr\/archiac\/wp-json\/wp\/v2\/media?parent=8393"}],"wp:term":[{"taxonomy":"post_tag","embeddable":true,"href":"https:\/\/catholiques17.fr\/archiac\/wp-json\/wp\/v2\/tags?post=8393"},{"taxonomy":"tribe_events_cat","embeddable":true,"href":"https:\/\/catholiques17.fr\/archiac\/wp-json\/wp\/v2\/tribe_events_cat?post=8393"}],"curies":[{"name":"wp","href":"https:\/\/api.w.org\/{rel}","templated":true}]}}

Conférence sur Haïti par le Père Jean-Rony MANOUNE
