{"id":8352,"date":"2025-11-19T18:30:58","date_gmt":"2025-11-19T17:30:58","guid":{"rendered":"https:\/\/catholiques17.fr\/archiac\/?post_type=tribe_events&#038;p=8352"},"modified":"2025-11-19T18:30:58","modified_gmt":"2025-11-19T17:30:58","slug":"celebration-penitentielle-a-archiac","status":"publish","type":"tribe_events","link":"https:\/\/catholiques17.fr\/archiac\/event\/celebration-penitentielle-a-archiac\/","title":{"rendered":"C\u00e9l\u00e9bration P\u00e9nitentielle \u00e0 Archiac"},"content":{"rendered":"","protected":false},"excerpt":{"rendered":"","protected":false},"author":39,"featured_media":0,"template":"","meta":{"_et_pb_use_builder":"","_et_pb_old_content":"","_et_gb_content_width":"","_tribe_events_status":"","_tribe_events_status_reason":"","footnotes":""},"tags":[],"tribe_events_cat":[35],"class_list":["post-8352","tribe_events","type-tribe_events","status-publish","hentry","tribe_events_cat-paroisse","cat_paroisse"],"_links":{"self":[{"href":"https:\/\/catholiques17.fr\/archiac\/wp-json\/wp\/v2\/tribe_events\/8352","targetHints":{"allow":["GET"]}}],"collection":[{"href":"https:\/\/catholiques17.fr\/archiac\/wp-json\/wp\/v2\/tribe_events"}],"about":[{"href":"https:\/\/catholiques17.fr\/archiac\/wp-json\/wp\/v2\/types\/tribe_events"}],"author":[{"embeddable":true,"href":"https:\/\/catholiques17.fr\/archiac\/wp-json\/wp\/v2\/users\/39"}],"version-history":[{"count":1,"href":"https:\/\/catholiques17.fr\/archiac\/wp-json\/wp\/v2\/tribe_events\/8352\/revisions"}],"predecessor-version":[{"id":8353,"href":"https:\/\/catholiques17.fr\/archiac\/wp-json\/wp\/v2\/tribe_events\/8352\/revisions\/8353"}],"wp:attachment":[{"href":"https:\/\/catholiques17.fr\/archiac\/wp-json\/wp\/v2\/media?parent=8352"}],"wp:term":[{"taxonomy":"post_tag","embeddable":true,"href":"https:\/\/catholiques17.fr\/archiac\/wp-json\/wp\/v2\/tags?post=8352"},{"taxonomy":"tribe_events_cat","embeddable":true,"href":"https:\/\/catholiques17.fr\/archiac\/wp-json\/wp\/v2\/tribe_events_cat?post=8352"}],"curies":[{"name":"wp","href":"https:\/\/api.w.org\/{rel}","templated":true}]}}

Célébration Pénitentielle à Archiac
