{"id":7682,"date":"2025-03-24T15:34:52","date_gmt":"2025-03-24T14:34:52","guid":{"rendered":"https:\/\/catholiques17.fr\/archiac\/?post_type=tribe_events&#038;p=7682"},"modified":"2025-04-01T17:42:35","modified_gmt":"2025-04-01T15:42:35","slug":"journee-de-preparation-eucharistie-a-saintes","status":"publish","type":"tribe_events","link":"https:\/\/catholiques17.fr\/archiac\/event\/journee-de-preparation-eucharistie-a-saintes\/","title":{"rendered":"Journ\u00e9e de Pr\u00e9paration \u00e0 l&rsquo;Eucharistie \u00e0 Saintes"},"content":{"rendered":"<p><strong>Temps fort pour les enfants et les adolescents <\/strong><strong>se pr\u00e9parant \u00e0 l\u2019 Eucharistie a lieu : <\/strong><strong>Samedi 5 avril de 9h30 \u00e0 16h30 \u00e0 la maison dioc\u00e9saine<\/strong><\/p>\n<p>Cette ann\u00e9e\u00a0<strong>cette journ\u00e9e s\u2019adresse aux enfants, mais \u00e9galement aux coll\u00e9giens et lyc\u00e9ens<\/strong>\u00a0se pr\u00e9parant \u00e0 communier pour la premi\u00e8re fois. Des temps sp\u00e9cifiques leur seront propos\u00e9s durant cette journ\u00e9e inter g\u00e9n\u00e9rationnelle.<\/p>\n<p>Vous trouverez en pi\u00e8ces jointes les fiches d\u2019inscription \u00e0 faire remplir et signer aux familles.<\/p>\n<p>Attention : Pensez \u00e0 apporter un pique nique pour le repas.<\/p>\n","protected":false},"excerpt":{"rendered":"<p>Temps fort pour les enfants et les adolescents se pr\u00e9parant \u00e0 l\u2019 Eucharistie a lieu : Samedi 5 avril de 9h30 \u00e0 16h30 \u00e0 la maison dioc\u00e9saine Cette ann\u00e9e\u00a0cette journ\u00e9e [&hellip;]<\/p>\n","protected":false},"author":39,"featured_media":0,"template":"","meta":{"_et_pb_use_builder":"","_et_pb_old_content":"","_et_gb_content_width":"","_tribe_events_status":"","_tribe_events_status_reason":"","footnotes":""},"tags":[],"tribe_events_cat":[36,38,35],"class_list":["post-7682","tribe_events","type-tribe_events","status-publish","hentry","tribe_events_cat-catechisme","tribe_events_cat-doyenne","tribe_events_cat-paroisse","cat_catechisme","cat_doyenne","cat_paroisse"],"_links":{"self":[{"href":"https:\/\/catholiques17.fr\/archiac\/wp-json\/wp\/v2\/tribe_events\/7682","targetHints":{"allow":["GET"]}}],"collection":[{"href":"https:\/\/catholiques17.fr\/archiac\/wp-json\/wp\/v2\/tribe_events"}],"about":[{"href":"https:\/\/catholiques17.fr\/archiac\/wp-json\/wp\/v2\/types\/tribe_events"}],"author":[{"embeddable":true,"href":"https:\/\/catholiques17.fr\/archiac\/wp-json\/wp\/v2\/users\/39"}],"version-history":[{"count":2,"href":"https:\/\/catholiques17.fr\/archiac\/wp-json\/wp\/v2\/tribe_events\/7682\/revisions"}],"predecessor-version":[{"id":7720,"href":"https:\/\/catholiques17.fr\/archiac\/wp-json\/wp\/v2\/tribe_events\/7682\/revisions\/7720"}],"wp:attachment":[{"href":"https:\/\/catholiques17.fr\/archiac\/wp-json\/wp\/v2\/media?parent=7682"}],"wp:term":[{"taxonomy":"post_tag","embeddable":true,"href":"https:\/\/catholiques17.fr\/archiac\/wp-json\/wp\/v2\/tags?post=7682"},{"taxonomy":"tribe_events_cat","embeddable":true,"href":"https:\/\/catholiques17.fr\/archiac\/wp-json\/wp\/v2\/tribe_events_cat?post=7682"}],"curies":[{"name":"wp","href":"https:\/\/api.w.org\/{rel}","templated":true}]}}

Journée de Préparation à l&rsquo;Eucharistie à Saintes

<p><strong>Temps fort pour les enfants et les adolescents </strong><strong>se préparant à l’ Eucharistie a lieu : </strong><strong>Samedi 5 avril de 9h30 à 16h30 à la maison diocésaine</strong></p>
<p>Cette année <strong>cette journée s’adresse aux enfants, mais également aux collégiens et lycéens</strong> se préparant à communier pour la première fois. Des temps spécifiques leur seront proposés durant cette journée inter générationnelle.</p>
<p>Vous trouverez en pièces jointes les fiches d’inscription à faire remplir et signer aux familles.</p>
<p>Attention : Pensez à apporter un pique nique pour le repas.</p>

<p>Temps fort pour les enfants et les adolescents se préparant à l’ Eucharistie a lieu : Samedi 5 avril de 9h30 à 16h30 à la maison diocésaine Cette année cette journée [&hellip;]</p>
