{"id":7164,"date":"2024-05-07T14:43:32","date_gmt":"2024-05-07T12:43:32","guid":{"rendered":"https:\/\/catholiques17.fr\/archiac\/?post_type=tribe_events&#038;p=7164"},"modified":"2024-05-07T14:45:53","modified_gmt":"2024-05-07T12:45:53","slug":"1-communion-repetition-pour-la-messe-du-19-mai","status":"publish","type":"tribe_events","link":"https:\/\/catholiques17.fr\/archiac\/event\/1-communion-repetition-pour-la-messe-du-19-mai\/","title":{"rendered":"1\u00b0 Communion &#8211; R\u00e9p\u00e9tition pour la Messe du 19 Mai"},"content":{"rendered":"<div dir=\"auto\">Pour que la messe\u00a0 du 19 mai se d\u00e9roule avec les enfants dans de bonnes conditions, les enfants sont attendus \u00e0<\/div>\n<div dir=\"auto\" style=\"text-align: center\">l&rsquo;<strong><em>Eglise d&rsquo;Arthenac\u00a0Vendredi 17 Mai \u00e0 18h<\/em><\/strong><\/div>\n<div dir=\"auto\" style=\"text-align: left\">pour \u00ab\u00a0r\u00e9p\u00e9ter\u00a0\u00bb dans l&rsquo;Eglise. Pr\u00e9voir 1h.<\/div>\n<div dir=\"auto\" style=\"text-align: left\">Le jour de la messe de la Pentec\u00f4te et de la premi\u00e8re des communions nous souhaitons que les enfants arrivent \u00e0 l \u00e9glise d Arthenac pour 10h10.<\/div>\n","protected":false},"excerpt":{"rendered":"<p>Pour que la messe\u00a0 du 19 mai se d\u00e9roule avec les enfants dans de bonnes conditions, les enfants sont attendus \u00e0 l&rsquo;Eglise d&rsquo;Arthenac\u00a0Vendredi 17 Mai \u00e0 18h pour \u00ab\u00a0r\u00e9p\u00e9ter\u00a0\u00bb dans [&hellip;]<\/p>\n","protected":false},"author":39,"featured_media":0,"template":"","meta":{"_et_pb_use_builder":"","_et_pb_old_content":"","_et_gb_content_width":"","_tribe_events_status":"","_tribe_events_status_reason":"","footnotes":""},"tags":[],"tribe_events_cat":[36,26,35],"class_list":["post-7164","tribe_events","type-tribe_events","status-publish","hentry","tribe_events_cat-catechisme","tribe_events_cat-messe","tribe_events_cat-paroisse","cat_catechisme","cat_messe","cat_paroisse"],"_links":{"self":[{"href":"https:\/\/catholiques17.fr\/archiac\/wp-json\/wp\/v2\/tribe_events\/7164","targetHints":{"allow":["GET"]}}],"collection":[{"href":"https:\/\/catholiques17.fr\/archiac\/wp-json\/wp\/v2\/tribe_events"}],"about":[{"href":"https:\/\/catholiques17.fr\/archiac\/wp-json\/wp\/v2\/types\/tribe_events"}],"author":[{"embeddable":true,"href":"https:\/\/catholiques17.fr\/archiac\/wp-json\/wp\/v2\/users\/39"}],"version-history":[{"count":1,"href":"https:\/\/catholiques17.fr\/archiac\/wp-json\/wp\/v2\/tribe_events\/7164\/revisions"}],"predecessor-version":[{"id":7165,"href":"https:\/\/catholiques17.fr\/archiac\/wp-json\/wp\/v2\/tribe_events\/7164\/revisions\/7165"}],"wp:attachment":[{"href":"https:\/\/catholiques17.fr\/archiac\/wp-json\/wp\/v2\/media?parent=7164"}],"wp:term":[{"taxonomy":"post_tag","embeddable":true,"href":"https:\/\/catholiques17.fr\/archiac\/wp-json\/wp\/v2\/tags?post=7164"},{"taxonomy":"tribe_events_cat","embeddable":true,"href":"https:\/\/catholiques17.fr\/archiac\/wp-json\/wp\/v2\/tribe_events_cat?post=7164"}],"curies":[{"name":"wp","href":"https:\/\/api.w.org\/{rel}","templated":true}]}}

1° Communion &#8211; Répétition pour la Messe du 19 Mai

<div dir="auto">Pour que la messe  du 19 mai se déroule avec les enfants dans de bonnes conditions, les enfants sont attendus à</div>
<div dir="auto" style="text-align: center">l&rsquo;<strong><em>Eglise d&rsquo;Arthenac Vendredi 17 Mai à 18h</em></strong></div>
<div dir="auto" style="text-align: left">pour « répéter » dans l&rsquo;Eglise. Prévoir 1h.</div>
<div dir="auto" style="text-align: left">Le jour de la messe de la Pentecôte et de la première des communions nous souhaitons que les enfants arrivent à l église d Arthenac pour 10h10.</div>

<p>Pour que la messe  du 19 mai se déroule avec les enfants dans de bonnes conditions, les enfants sont attendus à l&rsquo;Eglise d&rsquo;Arthenac Vendredi 17 Mai à 18h pour « répéter » dans [&hellip;]</p>
