{"id":7070,"date":"2024-04-11T15:02:59","date_gmt":"2024-04-11T13:02:59","guid":{"rendered":"https:\/\/catholiques17.fr\/archiac\/?post_type=tribe_events&#038;p=7070"},"modified":"2024-04-11T15:02:59","modified_gmt":"2024-04-11T13:02:59","slug":"presence-de-la-vierge-de-fatima-a-st-pierre-darchiac","status":"publish","type":"tribe_events","link":"https:\/\/catholiques17.fr\/archiac\/event\/presence-de-la-vierge-de-fatima-a-st-pierre-darchiac\/","title":{"rendered":"Pr\u00e9sence de la Vierge de Fatima \u00e0 St Pierre d&rsquo;Archiac"},"content":{"rendered":"<p>Le Groupe de Pri\u00e8re de la Paroisse vous propose un temps de pri\u00e8res et de louanges avec la Vierge Marie de Fatima qui se d\u00e9place dans toute la France et notamment sur le secteur de Pons.<\/p>\n<p>Cette Vierge de Fatima sera le <strong><em>Jeudi<\/em><\/strong> <strong><em>18 Avril \u00e0 15 heures en l\u2019Eglise St Pierre d\u2019Archiac<\/em><\/strong>.<\/p>\n<p>Par sa pr\u00e9sence nous recevons gr\u00e2ces et protection. Nous pourrons lui confier nos familles, parents, enfants et petits-enfants, nos malades, tous ceux qui souffrent et aussi la prier pour le monde et ce qu\u2019il va devenir.<\/p>\n<p>Son passage parmi nous est exceptionnel, ne laissons pas passer cette chance<\/p>\n","protected":false},"excerpt":{"rendered":"<p>Le Groupe de Pri\u00e8re de la Paroisse vous propose un temps de pri\u00e8res et de louanges avec la Vierge Marie de Fatima qui se d\u00e9place dans toute la France et [&hellip;]<\/p>\n","protected":false},"author":39,"featured_media":0,"template":"","meta":{"_et_pb_use_builder":"","_et_pb_old_content":"","_et_gb_content_width":"","_tribe_events_status":"","_tribe_events_status_reason":"","footnotes":""},"tags":[],"tribe_events_cat":[35],"class_list":["post-7070","tribe_events","type-tribe_events","status-publish","hentry","tribe_events_cat-paroisse","cat_paroisse"],"_links":{"self":[{"href":"https:\/\/catholiques17.fr\/archiac\/wp-json\/wp\/v2\/tribe_events\/7070","targetHints":{"allow":["GET"]}}],"collection":[{"href":"https:\/\/catholiques17.fr\/archiac\/wp-json\/wp\/v2\/tribe_events"}],"about":[{"href":"https:\/\/catholiques17.fr\/archiac\/wp-json\/wp\/v2\/types\/tribe_events"}],"author":[{"embeddable":true,"href":"https:\/\/catholiques17.fr\/archiac\/wp-json\/wp\/v2\/users\/39"}],"version-history":[{"count":1,"href":"https:\/\/catholiques17.fr\/archiac\/wp-json\/wp\/v2\/tribe_events\/7070\/revisions"}],"predecessor-version":[{"id":7071,"href":"https:\/\/catholiques17.fr\/archiac\/wp-json\/wp\/v2\/tribe_events\/7070\/revisions\/7071"}],"wp:attachment":[{"href":"https:\/\/catholiques17.fr\/archiac\/wp-json\/wp\/v2\/media?parent=7070"}],"wp:term":[{"taxonomy":"post_tag","embeddable":true,"href":"https:\/\/catholiques17.fr\/archiac\/wp-json\/wp\/v2\/tags?post=7070"},{"taxonomy":"tribe_events_cat","embeddable":true,"href":"https:\/\/catholiques17.fr\/archiac\/wp-json\/wp\/v2\/tribe_events_cat?post=7070"}],"curies":[{"name":"wp","href":"https:\/\/api.w.org\/{rel}","templated":true}]}}

Présence de la Vierge de Fatima à St Pierre d&rsquo;Archiac

<p>Le Groupe de Prière de la Paroisse vous propose un temps de prières et de louanges avec la Vierge Marie de Fatima qui se déplace dans toute la France et notamment sur le secteur de Pons.</p>
<p>Cette Vierge de Fatima sera le <strong><em>Jeudi</em></strong> <strong><em>18 Avril à 15 heures en l’Eglise St Pierre d’Archiac</em></strong>.</p>
<p>Par sa présence nous recevons grâces et protection. Nous pourrons lui confier nos familles, parents, enfants et petits-enfants, nos malades, tous ceux qui souffrent et aussi la prier pour le monde et ce qu’il va devenir.</p>
<p>Son passage parmi nous est exceptionnel, ne laissons pas passer cette chance</p>

<p>Le Groupe de Prière de la Paroisse vous propose un temps de prières et de louanges avec la Vierge Marie de Fatima qui se déplace dans toute la France et [&hellip;]</p>
