{"id":7066,"date":"2024-04-11T14:57:06","date_gmt":"2024-04-11T12:57:06","guid":{"rendered":"https:\/\/catholiques17.fr\/archiac\/?post_type=tribe_events&#038;p=7066"},"modified":"2024-04-11T14:58:34","modified_gmt":"2024-04-11T12:58:34","slug":"rencontre-des-equipes-pastorales-du-doyenne","status":"publish","type":"tribe_events","link":"https:\/\/catholiques17.fr\/archiac\/event\/rencontre-des-equipes-pastorales-du-doyenne\/","title":{"rendered":"Rencontre des Equipes Pastorales du Doyenn\u00e9 \u00e0 Montendre"},"content":{"rendered":"<p>Avec Marie DEVALLET, en charge de la communication pour notre Dioc\u00e8se.<\/p>\n","protected":false},"excerpt":{"rendered":"<p>Avec Marie DEVALLET, en charge de la communication pour notre Dioc\u00e8se.<\/p>\n","protected":false},"author":39,"featured_media":0,"template":"","meta":{"_et_pb_use_builder":"","_et_pb_old_content":"","_et_gb_content_width":"","_tribe_events_status":"","_tribe_events_status_reason":"","footnotes":""},"tags":[],"tribe_events_cat":[39,38,35],"class_list":["post-7066","tribe_events","type-tribe_events","status-publish","hentry","tribe_events_cat-diocese","tribe_events_cat-doyenne","tribe_events_cat-paroisse","cat_diocese","cat_doyenne","cat_paroisse"],"_links":{"self":[{"href":"https:\/\/catholiques17.fr\/archiac\/wp-json\/wp\/v2\/tribe_events\/7066","targetHints":{"allow":["GET"]}}],"collection":[{"href":"https:\/\/catholiques17.fr\/archiac\/wp-json\/wp\/v2\/tribe_events"}],"about":[{"href":"https:\/\/catholiques17.fr\/archiac\/wp-json\/wp\/v2\/types\/tribe_events"}],"author":[{"embeddable":true,"href":"https:\/\/catholiques17.fr\/archiac\/wp-json\/wp\/v2\/users\/39"}],"version-history":[{"count":3,"href":"https:\/\/catholiques17.fr\/archiac\/wp-json\/wp\/v2\/tribe_events\/7066\/revisions"}],"predecessor-version":[{"id":7069,"href":"https:\/\/catholiques17.fr\/archiac\/wp-json\/wp\/v2\/tribe_events\/7066\/revisions\/7069"}],"wp:attachment":[{"href":"https:\/\/catholiques17.fr\/archiac\/wp-json\/wp\/v2\/media?parent=7066"}],"wp:term":[{"taxonomy":"post_tag","embeddable":true,"href":"https:\/\/catholiques17.fr\/archiac\/wp-json\/wp\/v2\/tags?post=7066"},{"taxonomy":"tribe_events_cat","embeddable":true,"href":"https:\/\/catholiques17.fr\/archiac\/wp-json\/wp\/v2\/tribe_events_cat?post=7066"}],"curies":[{"name":"wp","href":"https:\/\/api.w.org\/{rel}","templated":true}]}}

Rencontre des Equipes Pastorales du Doyenné à Montendre

<p>Avec Marie DEVALLET, en charge de la communication pour notre Diocèse.</p>
