{"id":7029,"date":"2024-03-18T14:32:08","date_gmt":"2024-03-18T13:32:08","guid":{"rendered":"https:\/\/catholiques17.fr\/archiac\/?post_type=tribe_events&#038;p=7029"},"modified":"2024-03-18T14:32:08","modified_gmt":"2024-03-18T13:32:08","slug":"veillee-pascale-a-arthenac","status":"publish","type":"tribe_events","link":"https:\/\/catholiques17.fr\/archiac\/event\/veillee-pascale-a-arthenac\/","title":{"rendered":"Veill\u00e9e Pascale \u00e0 Arthenac"},"content":{"rendered":"<p><strong>Le Christ : premier-n\u00e9 d&rsquo;entre les morts<\/strong><\/p>\n","protected":false},"excerpt":{"rendered":"<p>Le Christ : premier-n\u00e9 d&rsquo;entre les morts<\/p>\n","protected":false},"author":39,"featured_media":0,"template":"","meta":{"_et_pb_use_builder":"","_et_pb_old_content":"","_et_gb_content_width":"","_tribe_events_status":"","_tribe_events_status_reason":"","footnotes":""},"tags":[],"tribe_events_cat":[25,35],"class_list":["post-7029","tribe_events","type-tribe_events","status-publish","hentry","tribe_events_cat-messes","tribe_events_cat-paroisse","cat_messes","cat_paroisse"],"_links":{"self":[{"href":"https:\/\/catholiques17.fr\/archiac\/wp-json\/wp\/v2\/tribe_events\/7029","targetHints":{"allow":["GET"]}}],"collection":[{"href":"https:\/\/catholiques17.fr\/archiac\/wp-json\/wp\/v2\/tribe_events"}],"about":[{"href":"https:\/\/catholiques17.fr\/archiac\/wp-json\/wp\/v2\/types\/tribe_events"}],"author":[{"embeddable":true,"href":"https:\/\/catholiques17.fr\/archiac\/wp-json\/wp\/v2\/users\/39"}],"version-history":[{"count":1,"href":"https:\/\/catholiques17.fr\/archiac\/wp-json\/wp\/v2\/tribe_events\/7029\/revisions"}],"predecessor-version":[{"id":7030,"href":"https:\/\/catholiques17.fr\/archiac\/wp-json\/wp\/v2\/tribe_events\/7029\/revisions\/7030"}],"wp:attachment":[{"href":"https:\/\/catholiques17.fr\/archiac\/wp-json\/wp\/v2\/media?parent=7029"}],"wp:term":[{"taxonomy":"post_tag","embeddable":true,"href":"https:\/\/catholiques17.fr\/archiac\/wp-json\/wp\/v2\/tags?post=7029"},{"taxonomy":"tribe_events_cat","embeddable":true,"href":"https:\/\/catholiques17.fr\/archiac\/wp-json\/wp\/v2\/tribe_events_cat?post=7029"}],"curies":[{"name":"wp","href":"https:\/\/api.w.org\/{rel}","templated":true}]}}

Veillée Pascale à Arthenac

<p><strong>Le Christ : premier-né d&rsquo;entre les morts</strong></p>

<p>Le Christ : premier-né d&rsquo;entre les morts</p>
