{"id":7026,"date":"2024-03-18T14:28:03","date_gmt":"2024-03-18T13:28:03","guid":{"rendered":"https:\/\/catholiques17.fr\/archiac\/?post_type=tribe_events&#038;p=7026"},"modified":"2024-03-18T14:28:03","modified_gmt":"2024-03-18T13:28:03","slug":"celebration-de-la-reconciliation","status":"publish","type":"tribe_events","link":"https:\/\/catholiques17.fr\/archiac\/event\/celebration-de-la-reconciliation\/","title":{"rendered":"C\u00e9l\u00e9bration de la R\u00e9conciliation"},"content":{"rendered":"<p>Le Car\u00eame est un moment propice \u00e0 une d\u00e9marche de pardon puisque c&rsquo;est un temps de p\u00e9nitence et de conversion, comme l&rsquo;oraison du Mercredi des Cendres l&rsquo;indiquait : \u00a0\u00bb en nous appliquant \u00e0 observer le Car\u00eame, puissions nous obtenir le pardon de nos p\u00e9ch\u00e9s et vivre de la vie nouvelle. \u00a0\u00bb<\/p>\n<p>Cette forme qui nous est propos\u00e9e invite \u00e0 la fois \u00e0 une d\u00e9marche commune et \u00e0 une rencontre individuelle d&rsquo;un pr\u00eatre pour recevoir l&rsquo;absolution.<\/p>\n<p>Le d\u00e9but de cette C\u00e9l\u00e9bration de la R\u00e9conciliation d\u00e9butera \u00e0 15 heures en l&rsquo;Eglise St Pierre d&rsquo;Archiac<\/p>\n","protected":false},"excerpt":{"rendered":"<p>Le Car\u00eame est un moment propice \u00e0 une d\u00e9marche de pardon puisque c&rsquo;est un temps de p\u00e9nitence et de conversion, comme l&rsquo;oraison du Mercredi des Cendres l&rsquo;indiquait : \u00a0\u00bb en [&hellip;]<\/p>\n","protected":false},"author":39,"featured_media":0,"template":"","meta":{"_et_pb_use_builder":"","_et_pb_old_content":"","_et_gb_content_width":"","_tribe_events_status":"","_tribe_events_status_reason":"","footnotes":""},"tags":[],"tribe_events_cat":[25,35],"class_list":["post-7026","tribe_events","type-tribe_events","status-publish","hentry","tribe_events_cat-messes","tribe_events_cat-paroisse","cat_messes","cat_paroisse"],"_links":{"self":[{"href":"https:\/\/catholiques17.fr\/archiac\/wp-json\/wp\/v2\/tribe_events\/7026","targetHints":{"allow":["GET"]}}],"collection":[{"href":"https:\/\/catholiques17.fr\/archiac\/wp-json\/wp\/v2\/tribe_events"}],"about":[{"href":"https:\/\/catholiques17.fr\/archiac\/wp-json\/wp\/v2\/types\/tribe_events"}],"author":[{"embeddable":true,"href":"https:\/\/catholiques17.fr\/archiac\/wp-json\/wp\/v2\/users\/39"}],"version-history":[{"count":2,"href":"https:\/\/catholiques17.fr\/archiac\/wp-json\/wp\/v2\/tribe_events\/7026\/revisions"}],"predecessor-version":[{"id":7028,"href":"https:\/\/catholiques17.fr\/archiac\/wp-json\/wp\/v2\/tribe_events\/7026\/revisions\/7028"}],"wp:attachment":[{"href":"https:\/\/catholiques17.fr\/archiac\/wp-json\/wp\/v2\/media?parent=7026"}],"wp:term":[{"taxonomy":"post_tag","embeddable":true,"href":"https:\/\/catholiques17.fr\/archiac\/wp-json\/wp\/v2\/tags?post=7026"},{"taxonomy":"tribe_events_cat","embeddable":true,"href":"https:\/\/catholiques17.fr\/archiac\/wp-json\/wp\/v2\/tribe_events_cat?post=7026"}],"curies":[{"name":"wp","href":"https:\/\/api.w.org\/{rel}","templated":true}]}}

Célébration de la Réconciliation

<p>Le Carême est un moment propice à une démarche de pardon puisque c&rsquo;est un temps de pénitence et de conversion, comme l&rsquo;oraison du Mercredi des Cendres l&rsquo;indiquait :  » en nous appliquant à observer le Carême, puissions nous obtenir le pardon de nos péchés et vivre de la vie nouvelle.  »</p>
<p>Cette forme qui nous est proposée invite à la fois à une démarche commune et à une rencontre individuelle d&rsquo;un prêtre pour recevoir l&rsquo;absolution.</p>
<p>Le début de cette Célébration de la Réconciliation débutera à 15 heures en l&rsquo;Eglise St Pierre d&rsquo;Archiac</p>

<p>Le Carême est un moment propice à une démarche de pardon puisque c&rsquo;est un temps de pénitence et de conversion, comme l&rsquo;oraison du Mercredi des Cendres l&rsquo;indiquait :  » en [&hellip;]</p>
