{"id":6832,"date":"2023-12-06T11:26:58","date_gmt":"2023-12-06T10:26:58","guid":{"rendered":"https:\/\/catholiques17.fr\/archiac\/?post_type=tribe_events&#038;p=6832"},"modified":"2023-12-06T11:26:58","modified_gmt":"2023-12-06T10:26:58","slug":"concert-a-ste-lheurine","status":"publish","type":"tribe_events","link":"https:\/\/catholiques17.fr\/archiac\/event\/concert-a-ste-lheurine\/","title":{"rendered":"Concert \u00e0 Ste Lheurine"},"content":{"rendered":"<p>Concert au profit du T\u00e9l\u00e9thon<\/p>\n","protected":false},"excerpt":{"rendered":"<p>Concert au profit du T\u00e9l\u00e9thon<\/p>\n","protected":false},"author":39,"featured_media":0,"template":"","meta":{"_et_pb_use_builder":"","_et_pb_old_content":"","_et_gb_content_width":"","_tribe_events_status":"","_tribe_events_status_reason":"","footnotes":""},"tags":[],"tribe_events_cat":[27,35],"class_list":["post-6832","tribe_events","type-tribe_events","status-publish","hentry","tribe_events_cat-concert","tribe_events_cat-paroisse","cat_concert","cat_paroisse"],"_links":{"self":[{"href":"https:\/\/catholiques17.fr\/archiac\/wp-json\/wp\/v2\/tribe_events\/6832","targetHints":{"allow":["GET"]}}],"collection":[{"href":"https:\/\/catholiques17.fr\/archiac\/wp-json\/wp\/v2\/tribe_events"}],"about":[{"href":"https:\/\/catholiques17.fr\/archiac\/wp-json\/wp\/v2\/types\/tribe_events"}],"author":[{"embeddable":true,"href":"https:\/\/catholiques17.fr\/archiac\/wp-json\/wp\/v2\/users\/39"}],"version-history":[{"count":1,"href":"https:\/\/catholiques17.fr\/archiac\/wp-json\/wp\/v2\/tribe_events\/6832\/revisions"}],"predecessor-version":[{"id":6833,"href":"https:\/\/catholiques17.fr\/archiac\/wp-json\/wp\/v2\/tribe_events\/6832\/revisions\/6833"}],"wp:attachment":[{"href":"https:\/\/catholiques17.fr\/archiac\/wp-json\/wp\/v2\/media?parent=6832"}],"wp:term":[{"taxonomy":"post_tag","embeddable":true,"href":"https:\/\/catholiques17.fr\/archiac\/wp-json\/wp\/v2\/tags?post=6832"},{"taxonomy":"tribe_events_cat","embeddable":true,"href":"https:\/\/catholiques17.fr\/archiac\/wp-json\/wp\/v2\/tribe_events_cat?post=6832"}],"curies":[{"name":"wp","href":"https:\/\/api.w.org\/{rel}","templated":true}]}}

Concert à Ste Lheurine

<p>Concert au profit du Téléthon</p>
