{"id":6816,"date":"2023-12-05T20:15:05","date_gmt":"2023-12-05T19:15:05","guid":{"rendered":"https:\/\/catholiques17.fr\/archiac\/?post_type=tribe_events&#038;p=6816"},"modified":"2023-12-05T20:17:46","modified_gmt":"2023-12-05T19:17:46","slug":"celebration-de-limmaculee-conception-de-la-vierge-marie","status":"publish","type":"tribe_events","link":"https:\/\/catholiques17.fr\/archiac\/event\/celebration-de-limmaculee-conception-de-la-vierge-marie\/","title":{"rendered":"C\u00e9l\u00e9bration de l&rsquo;Immacul\u00e9e Conception de la Vierge Marie \u00e0 Archiac"},"content":{"rendered":"","protected":false},"excerpt":{"rendered":"","protected":false},"author":39,"featured_media":0,"template":"","meta":{"_et_pb_use_builder":"","_et_pb_old_content":"","_et_gb_content_width":"","_tribe_events_status":"","_tribe_events_status_reason":"","footnotes":""},"tags":[],"tribe_events_cat":[26,35],"class_list":["post-6816","tribe_events","type-tribe_events","status-publish","hentry","tribe_events_cat-messe","tribe_events_cat-paroisse","cat_messe","cat_paroisse"],"_links":{"self":[{"href":"https:\/\/catholiques17.fr\/archiac\/wp-json\/wp\/v2\/tribe_events\/6816","targetHints":{"allow":["GET"]}}],"collection":[{"href":"https:\/\/catholiques17.fr\/archiac\/wp-json\/wp\/v2\/tribe_events"}],"about":[{"href":"https:\/\/catholiques17.fr\/archiac\/wp-json\/wp\/v2\/types\/tribe_events"}],"author":[{"embeddable":true,"href":"https:\/\/catholiques17.fr\/archiac\/wp-json\/wp\/v2\/users\/39"}],"version-history":[{"count":2,"href":"https:\/\/catholiques17.fr\/archiac\/wp-json\/wp\/v2\/tribe_events\/6816\/revisions"}],"predecessor-version":[{"id":6818,"href":"https:\/\/catholiques17.fr\/archiac\/wp-json\/wp\/v2\/tribe_events\/6816\/revisions\/6818"}],"wp:attachment":[{"href":"https:\/\/catholiques17.fr\/archiac\/wp-json\/wp\/v2\/media?parent=6816"}],"wp:term":[{"taxonomy":"post_tag","embeddable":true,"href":"https:\/\/catholiques17.fr\/archiac\/wp-json\/wp\/v2\/tags?post=6816"},{"taxonomy":"tribe_events_cat","embeddable":true,"href":"https:\/\/catholiques17.fr\/archiac\/wp-json\/wp\/v2\/tribe_events_cat?post=6816"}],"curies":[{"name":"wp","href":"https:\/\/api.w.org\/{rel}","templated":true}]}}

Célébration de l&rsquo;Immaculée Conception de la Vierge Marie à Archiac
