{"id":6600,"date":"2023-10-02T14:36:01","date_gmt":"2023-10-02T12:36:01","guid":{"rendered":"https:\/\/catholiques17.fr\/archiac\/?post_type=tribe_events&#038;p=6600"},"modified":"2023-10-30T15:47:20","modified_gmt":"2023-10-30T14:47:20","slug":"commemoration-des-defunts","status":"publish","type":"tribe_events","link":"https:\/\/catholiques17.fr\/archiac\/event\/commemoration-des-defunts\/","title":{"rendered":"Comm\u00e9moration des d\u00e9funts \u00e0 Archiac"},"content":{"rendered":"<p><strong>Je verrai les bont\u00e9s du Seigneur sur la terre des vivants.<\/strong><\/p>\n","protected":false},"excerpt":{"rendered":"<p>Je verrai les bont\u00e9s du Seigneur sur la terre des vivants.<\/p>\n","protected":false},"author":39,"featured_media":0,"template":"","meta":{"_et_pb_use_builder":"","_et_pb_old_content":"","_et_gb_content_width":"","_tribe_events_status":"","_tribe_events_status_reason":"","footnotes":""},"tags":[],"tribe_events_cat":[25,35],"class_list":["post-6600","tribe_events","type-tribe_events","status-publish","hentry","tribe_events_cat-messes","tribe_events_cat-paroisse","cat_messes","cat_paroisse"],"_links":{"self":[{"href":"https:\/\/catholiques17.fr\/archiac\/wp-json\/wp\/v2\/tribe_events\/6600","targetHints":{"allow":["GET"]}}],"collection":[{"href":"https:\/\/catholiques17.fr\/archiac\/wp-json\/wp\/v2\/tribe_events"}],"about":[{"href":"https:\/\/catholiques17.fr\/archiac\/wp-json\/wp\/v2\/types\/tribe_events"}],"author":[{"embeddable":true,"href":"https:\/\/catholiques17.fr\/archiac\/wp-json\/wp\/v2\/users\/39"}],"version-history":[{"count":2,"href":"https:\/\/catholiques17.fr\/archiac\/wp-json\/wp\/v2\/tribe_events\/6600\/revisions"}],"predecessor-version":[{"id":6772,"href":"https:\/\/catholiques17.fr\/archiac\/wp-json\/wp\/v2\/tribe_events\/6600\/revisions\/6772"}],"wp:attachment":[{"href":"https:\/\/catholiques17.fr\/archiac\/wp-json\/wp\/v2\/media?parent=6600"}],"wp:term":[{"taxonomy":"post_tag","embeddable":true,"href":"https:\/\/catholiques17.fr\/archiac\/wp-json\/wp\/v2\/tags?post=6600"},{"taxonomy":"tribe_events_cat","embeddable":true,"href":"https:\/\/catholiques17.fr\/archiac\/wp-json\/wp\/v2\/tribe_events_cat?post=6600"}],"curies":[{"name":"wp","href":"https:\/\/api.w.org\/{rel}","templated":true}]}}

Commémoration des défunts à Archiac

<p><strong>Je verrai les bontés du Seigneur sur la terre des vivants.</strong></p>

<p>Je verrai les bontés du Seigneur sur la terre des vivants.</p>
