{"id":6598,"date":"2023-10-02T14:33:20","date_gmt":"2023-10-02T12:33:20","guid":{"rendered":"https:\/\/catholiques17.fr\/archiac\/?post_type=tribe_events&#038;p=6598"},"modified":"2023-10-30T15:46:09","modified_gmt":"2023-10-30T14:46:09","slug":"fete-de-la-toussaint-2","status":"publish","type":"tribe_events","link":"https:\/\/catholiques17.fr\/archiac\/event\/fete-de-la-toussaint-2\/","title":{"rendered":"F\u00eate de la Toussaint \u00e0 Germignac"},"content":{"rendered":"<p><strong>Le Toussaint, f\u00eate de l&rsquo;esp\u00e9rance du monde.<\/strong><\/p>\n","protected":false},"excerpt":{"rendered":"<p>Le Toussaint, f\u00eate de l&rsquo;esp\u00e9rance du monde.<\/p>\n","protected":false},"author":39,"featured_media":0,"template":"","meta":{"_et_pb_use_builder":"","_et_pb_old_content":"","_et_gb_content_width":"","_tribe_events_status":"","_tribe_events_status_reason":"","footnotes":""},"tags":[],"tribe_events_cat":[25,35],"class_list":["post-6598","tribe_events","type-tribe_events","status-publish","hentry","tribe_events_cat-messes","tribe_events_cat-paroisse","cat_messes","cat_paroisse"],"_links":{"self":[{"href":"https:\/\/catholiques17.fr\/archiac\/wp-json\/wp\/v2\/tribe_events\/6598","targetHints":{"allow":["GET"]}}],"collection":[{"href":"https:\/\/catholiques17.fr\/archiac\/wp-json\/wp\/v2\/tribe_events"}],"about":[{"href":"https:\/\/catholiques17.fr\/archiac\/wp-json\/wp\/v2\/types\/tribe_events"}],"author":[{"embeddable":true,"href":"https:\/\/catholiques17.fr\/archiac\/wp-json\/wp\/v2\/users\/39"}],"version-history":[{"count":2,"href":"https:\/\/catholiques17.fr\/archiac\/wp-json\/wp\/v2\/tribe_events\/6598\/revisions"}],"predecessor-version":[{"id":6771,"href":"https:\/\/catholiques17.fr\/archiac\/wp-json\/wp\/v2\/tribe_events\/6598\/revisions\/6771"}],"wp:attachment":[{"href":"https:\/\/catholiques17.fr\/archiac\/wp-json\/wp\/v2\/media?parent=6598"}],"wp:term":[{"taxonomy":"post_tag","embeddable":true,"href":"https:\/\/catholiques17.fr\/archiac\/wp-json\/wp\/v2\/tags?post=6598"},{"taxonomy":"tribe_events_cat","embeddable":true,"href":"https:\/\/catholiques17.fr\/archiac\/wp-json\/wp\/v2\/tribe_events_cat?post=6598"}],"curies":[{"name":"wp","href":"https:\/\/api.w.org\/{rel}","templated":true}]}}

Fête de la Toussaint à Germignac

<p><strong>Le Toussaint, fête de l&rsquo;espérance du monde.</strong></p>

<p>Le Toussaint, fête de l&rsquo;espérance du monde.</p>
