{"id":6544,"date":"2023-08-22T10:16:13","date_gmt":"2023-08-22T08:16:13","guid":{"rendered":"https:\/\/catholiques17.fr\/archiac\/?post_type=tribe_events&#038;p=6544"},"modified":"2023-08-22T10:16:13","modified_gmt":"2023-08-22T08:16:13","slug":"reunion-de-rentree-du-catechisme","status":"publish","type":"tribe_events","link":"https:\/\/catholiques17.fr\/archiac\/event\/reunion-de-rentree-du-catechisme\/","title":{"rendered":"R\u00e9union de Rentr\u00e9e du Cat\u00e9chisme"},"content":{"rendered":"<p>Pr\u00e9sentation \u00e0 tous les parents de la nouvelle ann\u00e9e de Cat\u00e9.<\/p>\n","protected":false},"excerpt":{"rendered":"<p>Pr\u00e9sentation \u00e0 tous les parents de la nouvelle ann\u00e9e de Cat\u00e9.<\/p>\n","protected":false},"author":39,"featured_media":0,"template":"","meta":{"_et_pb_use_builder":"","_et_pb_old_content":"","_et_gb_content_width":"","_tribe_events_status":"","_tribe_events_status_reason":"","footnotes":""},"tags":[],"tribe_events_cat":[36,35],"class_list":["post-6544","tribe_events","type-tribe_events","status-publish","hentry","tribe_events_cat-catechisme","tribe_events_cat-paroisse","cat_catechisme","cat_paroisse"],"_links":{"self":[{"href":"https:\/\/catholiques17.fr\/archiac\/wp-json\/wp\/v2\/tribe_events\/6544","targetHints":{"allow":["GET"]}}],"collection":[{"href":"https:\/\/catholiques17.fr\/archiac\/wp-json\/wp\/v2\/tribe_events"}],"about":[{"href":"https:\/\/catholiques17.fr\/archiac\/wp-json\/wp\/v2\/types\/tribe_events"}],"author":[{"embeddable":true,"href":"https:\/\/catholiques17.fr\/archiac\/wp-json\/wp\/v2\/users\/39"}],"version-history":[{"count":1,"href":"https:\/\/catholiques17.fr\/archiac\/wp-json\/wp\/v2\/tribe_events\/6544\/revisions"}],"predecessor-version":[{"id":6545,"href":"https:\/\/catholiques17.fr\/archiac\/wp-json\/wp\/v2\/tribe_events\/6544\/revisions\/6545"}],"wp:attachment":[{"href":"https:\/\/catholiques17.fr\/archiac\/wp-json\/wp\/v2\/media?parent=6544"}],"wp:term":[{"taxonomy":"post_tag","embeddable":true,"href":"https:\/\/catholiques17.fr\/archiac\/wp-json\/wp\/v2\/tags?post=6544"},{"taxonomy":"tribe_events_cat","embeddable":true,"href":"https:\/\/catholiques17.fr\/archiac\/wp-json\/wp\/v2\/tribe_events_cat?post=6544"}],"curies":[{"name":"wp","href":"https:\/\/api.w.org\/{rel}","templated":true}]}}

Réunion de Rentrée du Catéchisme

<p>Présentation à tous les parents de la nouvelle année de Caté.</p>
