{"id":6497,"date":"2023-08-16T14:18:12","date_gmt":"2023-08-16T12:18:12","guid":{"rendered":"https:\/\/catholiques17.fr\/archiac\/?post_type=tribe_events&#038;p=6497"},"modified":"2023-08-16T14:28:05","modified_gmt":"2023-08-16T12:28:05","slug":"pelerinage-a-lile-madame","status":"publish","type":"tribe_events","link":"https:\/\/catholiques17.fr\/archiac\/event\/pelerinage-a-lile-madame\/","title":{"rendered":"P\u00e8lerinage \u00e0 l&rsquo;Ile Madame"},"content":{"rendered":"<p style=\"text-align: center\"><strong>Programme du P\u00e8lerinage<\/strong><\/p>\n<p><em>P\u00e8lerinage pr\u00e9sid\u00e9 par\u00a0<\/em><strong><em>Mgr Pascal WINTZER<\/em><\/strong><em>, archev\u00eaque de Poitiers et\u00a0<strong>Mgr Fran\u00e7ois JACOLIN<\/strong>, administrateur apostolique du dioc\u00e8se de La Rochelle<\/em>.<\/p>\n<ul>\n<li><strong>9h45<\/strong>: Accueil des p\u00e8lerins \u00e0 la Pointe de Port-des-Barques<\/li>\n<li><strong>10h<\/strong>: Ouverture du p\u00e8lerinage, temps de confession<\/li>\n<li><strong>11h<\/strong>: Messe<\/li>\n<li><strong>12h15<\/strong>: Pique-nique. Possibilit\u00e9 de restauration avec un food truck.<\/li>\n<li><strong>14h<\/strong>: Enseignement de Mgr Wintzer<\/li>\n<li><strong>14h45<\/strong>: Procession \u00e0 la Croix des galets<\/li>\n<li><strong>16h<\/strong>: C\u00e9l\u00e9bration \u00e0 la Croix des galets et envoi<\/li>\n<\/ul>\n","protected":false},"excerpt":{"rendered":"<p>Programme du P\u00e8lerinage P\u00e8lerinage pr\u00e9sid\u00e9 par\u00a0Mgr Pascal WINTZER, archev\u00eaque de Poitiers et\u00a0Mgr Fran\u00e7ois JACOLIN, administrateur apostolique du dioc\u00e8se de La Rochelle. 9h45: Accueil des p\u00e8lerins \u00e0 la Pointe de Port-des-Barques [&hellip;]<\/p>\n","protected":false},"author":39,"featured_media":0,"template":"","meta":{"_et_pb_use_builder":"","_et_pb_old_content":"","_et_gb_content_width":"","_tribe_events_status":"","_tribe_events_status_reason":"","footnotes":""},"tags":[],"tribe_events_cat":[28],"class_list":["post-6497","tribe_events","type-tribe_events","status-publish","hentry","tribe_events_cat-pelerinage","cat_pelerinage"],"_links":{"self":[{"href":"https:\/\/catholiques17.fr\/archiac\/wp-json\/wp\/v2\/tribe_events\/6497","targetHints":{"allow":["GET"]}}],"collection":[{"href":"https:\/\/catholiques17.fr\/archiac\/wp-json\/wp\/v2\/tribe_events"}],"about":[{"href":"https:\/\/catholiques17.fr\/archiac\/wp-json\/wp\/v2\/types\/tribe_events"}],"author":[{"embeddable":true,"href":"https:\/\/catholiques17.fr\/archiac\/wp-json\/wp\/v2\/users\/39"}],"version-history":[{"count":2,"href":"https:\/\/catholiques17.fr\/archiac\/wp-json\/wp\/v2\/tribe_events\/6497\/revisions"}],"predecessor-version":[{"id":6499,"href":"https:\/\/catholiques17.fr\/archiac\/wp-json\/wp\/v2\/tribe_events\/6497\/revisions\/6499"}],"wp:attachment":[{"href":"https:\/\/catholiques17.fr\/archiac\/wp-json\/wp\/v2\/media?parent=6497"}],"wp:term":[{"taxonomy":"post_tag","embeddable":true,"href":"https:\/\/catholiques17.fr\/archiac\/wp-json\/wp\/v2\/tags?post=6497"},{"taxonomy":"tribe_events_cat","embeddable":true,"href":"https:\/\/catholiques17.fr\/archiac\/wp-json\/wp\/v2\/tribe_events_cat?post=6497"}],"curies":[{"name":"wp","href":"https:\/\/api.w.org\/{rel}","templated":true}]}}

Pèlerinage à l&rsquo;Ile Madame

<p style="text-align: center"><strong>Programme du Pèlerinage</strong></p>
<p><em>Pèlerinage présidé par </em><strong><em>Mgr Pascal WINTZER</em></strong><em>, archevêque de Poitiers et <strong>Mgr François JACOLIN</strong>, administrateur apostolique du diocèse de La Rochelle</em>.</p>
<ul>
<li><strong>9h45</strong>: Accueil des pèlerins à la Pointe de Port-des-Barques</li>
<li><strong>10h</strong>: Ouverture du pèlerinage, temps de confession</li>
<li><strong>11h</strong>: Messe</li>
<li><strong>12h15</strong>: Pique-nique. Possibilité de restauration avec un food truck.</li>
<li><strong>14h</strong>: Enseignement de Mgr Wintzer</li>
<li><strong>14h45</strong>: Procession à la Croix des galets</li>
<li><strong>16h</strong>: Célébration à la Croix des galets et envoi</li>
</ul>

<p>Programme du Pèlerinage Pèlerinage présidé par Mgr Pascal WINTZER, archevêque de Poitiers et Mgr François JACOLIN, administrateur apostolique du diocèse de La Rochelle. 9h45: Accueil des pèlerins à la Pointe de Port-des-Barques [&hellip;]</p>
