{"id":6123,"date":"2023-01-05T15:52:46","date_gmt":"2023-01-05T14:52:46","guid":{"rendered":"https:\/\/catholiques17.fr\/archiac\/?post_type=tribe_events&#038;p=6123"},"modified":"2023-02-28T16:36:24","modified_gmt":"2023-02-28T15:36:24","slug":"catechisme-4","status":"publish","type":"tribe_events","link":"https:\/\/catholiques17.fr\/archiac\/event\/catechisme-4\/","title":{"rendered":"Une journ\u00e9e \u00e0 l&rsquo;Abbaye de Maumont"},"content":{"rendered":"<p>R\u00e9alisation d&rsquo;un projet men\u00e9 et organis\u00e9 par les enfants du Cat\u00e9chisme et de l&rsquo;Aumonerie de la Paroisse de la Petite Champagne.<\/p>\n<p>D\u00e9placement \u00e0 l&rsquo;Abbaye B\u00e9n\u00e9dictine de Maumont pour une rencontre avec les Soeurs et d\u00e9couvrie la vie monastique.<\/p>\n","protected":false},"excerpt":{"rendered":"<p>R\u00e9alisation d&rsquo;un projet men\u00e9 et organis\u00e9 par les enfants du Cat\u00e9chisme et de l&rsquo;Aumonerie de la Paroisse de la Petite Champagne. D\u00e9placement \u00e0 l&rsquo;Abbaye B\u00e9n\u00e9dictine de Maumont pour une rencontre [&hellip;]<\/p>\n","protected":false},"author":39,"featured_media":0,"template":"","meta":{"_et_pb_use_builder":"","_et_pb_old_content":"","_et_gb_content_width":"","_tribe_events_status":"","_tribe_events_status_reason":"","footnotes":""},"tags":[],"tribe_events_cat":[36,35],"class_list":["post-6123","tribe_events","type-tribe_events","status-publish","hentry","tribe_events_cat-catechisme","tribe_events_cat-paroisse","cat_catechisme","cat_paroisse"],"_links":{"self":[{"href":"https:\/\/catholiques17.fr\/archiac\/wp-json\/wp\/v2\/tribe_events\/6123","targetHints":{"allow":["GET"]}}],"collection":[{"href":"https:\/\/catholiques17.fr\/archiac\/wp-json\/wp\/v2\/tribe_events"}],"about":[{"href":"https:\/\/catholiques17.fr\/archiac\/wp-json\/wp\/v2\/types\/tribe_events"}],"author":[{"embeddable":true,"href":"https:\/\/catholiques17.fr\/archiac\/wp-json\/wp\/v2\/users\/39"}],"version-history":[{"count":4,"href":"https:\/\/catholiques17.fr\/archiac\/wp-json\/wp\/v2\/tribe_events\/6123\/revisions"}],"predecessor-version":[{"id":6216,"href":"https:\/\/catholiques17.fr\/archiac\/wp-json\/wp\/v2\/tribe_events\/6123\/revisions\/6216"}],"wp:attachment":[{"href":"https:\/\/catholiques17.fr\/archiac\/wp-json\/wp\/v2\/media?parent=6123"}],"wp:term":[{"taxonomy":"post_tag","embeddable":true,"href":"https:\/\/catholiques17.fr\/archiac\/wp-json\/wp\/v2\/tags?post=6123"},{"taxonomy":"tribe_events_cat","embeddable":true,"href":"https:\/\/catholiques17.fr\/archiac\/wp-json\/wp\/v2\/tribe_events_cat?post=6123"}],"curies":[{"name":"wp","href":"https:\/\/api.w.org\/{rel}","templated":true}]}}

Une journée à l&rsquo;Abbaye de Maumont

<p>Réalisation d&rsquo;un projet mené et organisé par les enfants du Catéchisme et de l&rsquo;Aumonerie de la Paroisse de la Petite Champagne.</p>
<p>Déplacement à l&rsquo;Abbaye Bénédictine de Maumont pour une rencontre avec les Soeurs et découvrie la vie monastique.</p>

<p>Réalisation d&rsquo;un projet mené et organisé par les enfants du Catéchisme et de l&rsquo;Aumonerie de la Paroisse de la Petite Champagne. Déplacement à l&rsquo;Abbaye Bénédictine de Maumont pour une rencontre [&hellip;]</p>
