{"id":5986,"date":"2022-12-28T15:24:59","date_gmt":"2022-12-28T14:24:59","guid":{"rendered":"https:\/\/catholiques17.fr\/archiac\/?post_type=tribe_events&#038;p=5986"},"modified":"2022-12-28T15:39:05","modified_gmt":"2022-12-28T14:39:05","slug":"messe-des-familles-a-brie-sous-archiac","status":"publish","type":"tribe_events","link":"https:\/\/catholiques17.fr\/archiac\/event\/messe-des-familles-a-brie-sous-archiac\/","title":{"rendered":"Messe des Familles \u00e0 Brie sous Archiac"},"content":{"rendered":"<p>2\u00b0 Dimanche du Temps Ordinaire\u00a0 \u00a0&#8211;\u00a0 \u00a0\u00a0\u00bb Destin\u00e9s \u00e0 \u00eatre l&rsquo;image du Fils \u00a0\u00bb<\/p>\n","protected":false},"excerpt":{"rendered":"<p>2\u00b0 Dimanche du Temps Ordinaire\u00a0 \u00a0&#8211;\u00a0 \u00a0\u00a0\u00bb Destin\u00e9s \u00e0 \u00eatre l&rsquo;image du Fils \u00a0\u00bb<\/p>\n","protected":false},"author":39,"featured_media":0,"template":"","meta":{"_et_pb_use_builder":"","_et_pb_old_content":"","_et_gb_content_width":"","_tribe_events_status":"","_tribe_events_status_reason":"","footnotes":""},"tags":[],"tribe_events_cat":[26],"class_list":["post-5986","tribe_events","type-tribe_events","status-publish","hentry","tribe_events_cat-messe","cat_messe"],"_links":{"self":[{"href":"https:\/\/catholiques17.fr\/archiac\/wp-json\/wp\/v2\/tribe_events\/5986","targetHints":{"allow":["GET"]}}],"collection":[{"href":"https:\/\/catholiques17.fr\/archiac\/wp-json\/wp\/v2\/tribe_events"}],"about":[{"href":"https:\/\/catholiques17.fr\/archiac\/wp-json\/wp\/v2\/types\/tribe_events"}],"author":[{"embeddable":true,"href":"https:\/\/catholiques17.fr\/archiac\/wp-json\/wp\/v2\/users\/39"}],"version-history":[{"count":2,"href":"https:\/\/catholiques17.fr\/archiac\/wp-json\/wp\/v2\/tribe_events\/5986\/revisions"}],"predecessor-version":[{"id":5998,"href":"https:\/\/catholiques17.fr\/archiac\/wp-json\/wp\/v2\/tribe_events\/5986\/revisions\/5998"}],"wp:attachment":[{"href":"https:\/\/catholiques17.fr\/archiac\/wp-json\/wp\/v2\/media?parent=5986"}],"wp:term":[{"taxonomy":"post_tag","embeddable":true,"href":"https:\/\/catholiques17.fr\/archiac\/wp-json\/wp\/v2\/tags?post=5986"},{"taxonomy":"tribe_events_cat","embeddable":true,"href":"https:\/\/catholiques17.fr\/archiac\/wp-json\/wp\/v2\/tribe_events_cat?post=5986"}],"curies":[{"name":"wp","href":"https:\/\/api.w.org\/{rel}","templated":true}]}}

Messe des Familles à Brie sous Archiac

<p>2° Dimanche du Temps Ordinaire   &#8211;    » Destinés à être l&rsquo;image du Fils  »</p>
