{"id":5946,"date":"2022-11-30T11:05:38","date_gmt":"2022-11-30T10:05:38","guid":{"rendered":"https:\/\/catholiques17.fr\/archiac\/?post_type=tribe_events&#038;p=5946"},"modified":"2022-11-30T11:06:13","modified_gmt":"2022-11-30T10:06:13","slug":"fete-de-limmaculee-conception-a-st-martial","status":"publish","type":"tribe_events","link":"https:\/\/catholiques17.fr\/archiac\/event\/fete-de-limmaculee-conception-a-st-martial\/","title":{"rendered":"F\u00eate de l&rsquo;Immacul\u00e9e Conception \u00e0 St Martial"},"content":{"rendered":"<p>L&rsquo;Eglise St Martial sera ouverte toute la journ\u00e9e \u00e0 partir de 8h30<\/p>\n<p>Temps de Pri\u00e8res de 13h30 \u00e0 14h30<\/p>\n","protected":false},"excerpt":{"rendered":"<p>L&rsquo;Eglise St Martial sera ouverte toute la journ\u00e9e \u00e0 partir de 8h30 Temps de Pri\u00e8res de 13h30 \u00e0 14h30<\/p>\n","protected":false},"author":39,"featured_media":0,"template":"","meta":{"_et_pb_use_builder":"","_et_pb_old_content":"","_et_gb_content_width":"","_tribe_events_status":"","_tribe_events_status_reason":"","footnotes":""},"tags":[],"tribe_events_cat":[26],"class_list":["post-5946","tribe_events","type-tribe_events","status-publish","hentry","tribe_events_cat-messe","cat_messe"],"_links":{"self":[{"href":"https:\/\/catholiques17.fr\/archiac\/wp-json\/wp\/v2\/tribe_events\/5946","targetHints":{"allow":["GET"]}}],"collection":[{"href":"https:\/\/catholiques17.fr\/archiac\/wp-json\/wp\/v2\/tribe_events"}],"about":[{"href":"https:\/\/catholiques17.fr\/archiac\/wp-json\/wp\/v2\/types\/tribe_events"}],"author":[{"embeddable":true,"href":"https:\/\/catholiques17.fr\/archiac\/wp-json\/wp\/v2\/users\/39"}],"version-history":[{"count":1,"href":"https:\/\/catholiques17.fr\/archiac\/wp-json\/wp\/v2\/tribe_events\/5946\/revisions"}],"predecessor-version":[{"id":5947,"href":"https:\/\/catholiques17.fr\/archiac\/wp-json\/wp\/v2\/tribe_events\/5946\/revisions\/5947"}],"wp:attachment":[{"href":"https:\/\/catholiques17.fr\/archiac\/wp-json\/wp\/v2\/media?parent=5946"}],"wp:term":[{"taxonomy":"post_tag","embeddable":true,"href":"https:\/\/catholiques17.fr\/archiac\/wp-json\/wp\/v2\/tags?post=5946"},{"taxonomy":"tribe_events_cat","embeddable":true,"href":"https:\/\/catholiques17.fr\/archiac\/wp-json\/wp\/v2\/tribe_events_cat?post=5946"}],"curies":[{"name":"wp","href":"https:\/\/api.w.org\/{rel}","templated":true}]}}

Fête de l&rsquo;Immaculée Conception à St Martial

<p>L&rsquo;Eglise St Martial sera ouverte toute la journée à partir de 8h30</p>
<p>Temps de Prières de 13h30 à 14h30</p>

<p>L&rsquo;Eglise St Martial sera ouverte toute la journée à partir de 8h30 Temps de Prières de 13h30 à 14h30</p>
