{"id":5922,"date":"2022-10-31T17:27:24","date_gmt":"2022-10-31T16:27:24","guid":{"rendered":"https:\/\/catholiques17.fr\/archiac\/?post_type=tribe_events&#038;p=5922"},"modified":"2022-10-31T17:27:24","modified_gmt":"2022-10-31T16:27:24","slug":"messe-a-st-germain-de-vibrac-3","status":"publish","type":"tribe_events","link":"https:\/\/catholiques17.fr\/archiac\/event\/messe-a-st-germain-de-vibrac-3\/","title":{"rendered":"Messe \u00e0 St Germain de Vibrac"},"content":{"rendered":"<p>33\u00b0 Dimanche du Temps Ordinaire<\/p>\n<p>&lsquo; Pers\u00e9v\u00e9rance et Fid\u00e9lit\u00e9 dans la Foi &lsquo;<\/p>\n","protected":false},"excerpt":{"rendered":"<p>33\u00b0 Dimanche du Temps Ordinaire &lsquo; Pers\u00e9v\u00e9rance et Fid\u00e9lit\u00e9 dans la Foi &lsquo;<\/p>\n","protected":false},"author":39,"featured_media":0,"template":"","meta":{"_et_pb_use_builder":"","_et_pb_old_content":"","_et_gb_content_width":"","_tribe_events_status":"","_tribe_events_status_reason":"","footnotes":""},"tags":[],"tribe_events_cat":[26],"class_list":["post-5922","tribe_events","type-tribe_events","status-publish","hentry","tribe_events_cat-messe","cat_messe"],"_links":{"self":[{"href":"https:\/\/catholiques17.fr\/archiac\/wp-json\/wp\/v2\/tribe_events\/5922","targetHints":{"allow":["GET"]}}],"collection":[{"href":"https:\/\/catholiques17.fr\/archiac\/wp-json\/wp\/v2\/tribe_events"}],"about":[{"href":"https:\/\/catholiques17.fr\/archiac\/wp-json\/wp\/v2\/types\/tribe_events"}],"author":[{"embeddable":true,"href":"https:\/\/catholiques17.fr\/archiac\/wp-json\/wp\/v2\/users\/39"}],"version-history":[{"count":1,"href":"https:\/\/catholiques17.fr\/archiac\/wp-json\/wp\/v2\/tribe_events\/5922\/revisions"}],"predecessor-version":[{"id":5923,"href":"https:\/\/catholiques17.fr\/archiac\/wp-json\/wp\/v2\/tribe_events\/5922\/revisions\/5923"}],"wp:attachment":[{"href":"https:\/\/catholiques17.fr\/archiac\/wp-json\/wp\/v2\/media?parent=5922"}],"wp:term":[{"taxonomy":"post_tag","embeddable":true,"href":"https:\/\/catholiques17.fr\/archiac\/wp-json\/wp\/v2\/tags?post=5922"},{"taxonomy":"tribe_events_cat","embeddable":true,"href":"https:\/\/catholiques17.fr\/archiac\/wp-json\/wp\/v2\/tribe_events_cat?post=5922"}],"curies":[{"name":"wp","href":"https:\/\/api.w.org\/{rel}","templated":true}]}}

Messe à St Germain de Vibrac

<p>33° Dimanche du Temps Ordinaire</p>
<p>&lsquo; Persévérance et Fidélité dans la Foi &lsquo;</p>

<p>33° Dimanche du Temps Ordinaire &lsquo; Persévérance et Fidélité dans la Foi &lsquo;</p>
