{"id":5879,"date":"2022-09-05T22:35:52","date_gmt":"2022-09-05T20:35:52","guid":{"rendered":"https:\/\/catholiques17.fr\/archiac\/?post_type=tribe_events&#038;p=5879"},"modified":"2022-09-05T22:35:52","modified_gmt":"2022-09-05T20:35:52","slug":"demarche-synodale-envoi-en-mission-du-doyenne-de-haute-saintonge","status":"publish","type":"tribe_events","link":"https:\/\/catholiques17.fr\/archiac\/event\/demarche-synodale-envoi-en-mission-du-doyenne-de-haute-saintonge\/","title":{"rendered":"D\u00e9marche Synodale &#8211; Envoi en Mission du Doyenn\u00e9 de Haute Saintonge"},"content":{"rendered":"<p>A l\u2019issue des Assembl\u00e9es Synodales, Mgr Georges Colomb avait annonc\u00e9 qu&rsquo;il se rendrait dans chaque Doyenn\u00e9, \u00e0 l\u2019automne prochain, afin de pr\u00e9sider une c\u00e9l\u00e9bration d\u2019Envoi en Mission<strong>.<\/strong><\/p>\n<p>L&rsquo;Envoi en Mission pour le Doyenn\u00e9 de Haute-Saintonge se fera le Dimanche 11 Septembre 2022 en l\u2019Eglise de Jonzac.<\/p>\n<p style=\"text-align: center\">Le programme de cette journ\u00e9e est le suivant :<\/p>\n<ul>\n<li>\u00a0 C\u00e9l\u00e9bration d&rsquo;Envoi en Mission pr\u00e9sid\u00e9e par Mgr Georges COLOMB en l&rsquo;Eglise de Jonzac \u00e0 10h30.<\/li>\n<li>\u00a0 Verre de l&rsquo;Amiti\u00e9 sur le parvis de l&rsquo;Eglise.<\/li>\n<li>\u00a0 Pique-nique partag\u00e9 dans le jardin du Presbyt\u00e8re.<\/li>\n<li>\u00a0 Concert d&rsquo;orgue donn\u00e9 par Matthieu EPIARD en l&rsquo;Eglise de Jonzac \u00e0 17h00\u00a0 &#8211;\u00a0 \u00a0 \u00a0 \u00a0 \u00a0 \u00a0 \u00a0 \u00a0 \u00a0 \u00a0 \u00a0 \u00a0 \u00a0 \u00a0 \u00a0 \u00a0 \u00a0 \u00a0 \u00a0 \u00a0 \u00a0 \u00a0 \u00a0 \u00a0 \u00a0 \u00a0 \u00a0 \u00a0 \u00a0 \u00a0 \u00a0 \u00a0 \u00a0 \u00a0 \u00a0 \u00a0 \u00a0 \u00a0 \u00a0 \u00a0 \u00a0 \u00a0 \u00a0Entr\u00e9e Libre et participation selon vos souhaits<\/li>\n<\/ul>\n<p>&nbsp;<\/p>\n<p><iframe loading=\"lazy\" title=\"3 questions \u00e0 Mgr Colomb\" width=\"1080\" height=\"608\" src=\"https:\/\/www.youtube.com\/embed\/Gnz_dspTh7c?feature=oembed\"  allow=\"accelerometer; autoplay; clipboard-write; encrypted-media; gyroscope; picture-in-picture\" allowfullscreen><\/iframe><\/p>\n<p>&nbsp;<\/p>\n<p>&nbsp;<\/p>\n<p>&nbsp;<\/p>\n","protected":false},"excerpt":{"rendered":"<p>A l\u2019issue des Assembl\u00e9es Synodales, Mgr Georges Colomb avait annonc\u00e9 qu&rsquo;il se rendrait dans chaque Doyenn\u00e9, \u00e0 l\u2019automne prochain, afin de pr\u00e9sider une c\u00e9l\u00e9bration d\u2019Envoi en Mission. L&rsquo;Envoi en Mission [&hellip;]<\/p>\n","protected":false},"author":39,"featured_media":0,"template":"","meta":{"_et_pb_use_builder":"","_et_pb_old_content":"","_et_gb_content_width":"","_tribe_events_status":"","_tribe_events_status_reason":"","footnotes":""},"tags":[],"tribe_events_cat":[27,26],"class_list":["post-5879","tribe_events","type-tribe_events","status-publish","hentry","tribe_events_cat-concert","tribe_events_cat-messe","cat_concert","cat_messe"],"_links":{"self":[{"href":"https:\/\/catholiques17.fr\/archiac\/wp-json\/wp\/v2\/tribe_events\/5879","targetHints":{"allow":["GET"]}}],"collection":[{"href":"https:\/\/catholiques17.fr\/archiac\/wp-json\/wp\/v2\/tribe_events"}],"about":[{"href":"https:\/\/catholiques17.fr\/archiac\/wp-json\/wp\/v2\/types\/tribe_events"}],"author":[{"embeddable":true,"href":"https:\/\/catholiques17.fr\/archiac\/wp-json\/wp\/v2\/users\/39"}],"version-history":[{"count":1,"href":"https:\/\/catholiques17.fr\/archiac\/wp-json\/wp\/v2\/tribe_events\/5879\/revisions"}],"predecessor-version":[{"id":5880,"href":"https:\/\/catholiques17.fr\/archiac\/wp-json\/wp\/v2\/tribe_events\/5879\/revisions\/5880"}],"wp:attachment":[{"href":"https:\/\/catholiques17.fr\/archiac\/wp-json\/wp\/v2\/media?parent=5879"}],"wp:term":[{"taxonomy":"post_tag","embeddable":true,"href":"https:\/\/catholiques17.fr\/archiac\/wp-json\/wp\/v2\/tags?post=5879"},{"taxonomy":"tribe_events_cat","embeddable":true,"href":"https:\/\/catholiques17.fr\/archiac\/wp-json\/wp\/v2\/tribe_events_cat?post=5879"}],"curies":[{"name":"wp","href":"https:\/\/api.w.org\/{rel}","templated":true}]}}

Démarche Synodale &#8211; Envoi en Mission du Doyenné de Haute Saintonge

<p>A l’issue des Assemblées Synodales, Mgr Georges Colomb avait annoncé qu&rsquo;il se rendrait dans chaque Doyenné, à l’automne prochain, afin de présider une célébration d’Envoi en Mission<strong>.</strong></p>
<p>L&rsquo;Envoi en Mission pour le Doyenné de Haute-Saintonge se fera le Dimanche 11 Septembre 2022 en l’Eglise de Jonzac.</p>
<p style="text-align: center">Le programme de cette journée est le suivant :</p>
<ul>
<li>  Célébration d&rsquo;Envoi en Mission présidée par Mgr Georges COLOMB en l&rsquo;Eglise de Jonzac à 10h30.</li>
<li>  Verre de l&rsquo;Amitié sur le parvis de l&rsquo;Eglise.</li>
<li>  Pique-nique partagé dans le jardin du Presbytère.</li>
<li>  Concert d&rsquo;orgue donné par Matthieu EPIARD en l&rsquo;Eglise de Jonzac à 17h00  &#8211;                                                                                     Entrée Libre et participation selon vos souhaits</li>
</ul>
<p>&nbsp;</p>
<p><iframe loading="lazy" title="3 questions à Mgr Colomb" width="1080" height="608" src="https://www.youtube.com/embed/Gnz_dspTh7c?feature=oembed"  allow="accelerometer; autoplay; clipboard-write; encrypted-media; gyroscope; picture-in-picture" allowfullscreen></iframe></p>
<p>&nbsp;</p>
<p>&nbsp;</p>
<p>&nbsp;</p>

<p>A l’issue des Assemblées Synodales, Mgr Georges Colomb avait annoncé qu&rsquo;il se rendrait dans chaque Doyenné, à l’automne prochain, afin de présider une célébration d’Envoi en Mission. L&rsquo;Envoi en Mission [&hellip;]</p>
