{"id":5722,"date":"2022-08-04T14:07:21","date_gmt":"2022-08-04T12:07:21","guid":{"rendered":"https:\/\/catholiques17.fr\/archiac\/?post_type=tribe_events&#038;p=5722"},"modified":"2022-08-04T14:07:21","modified_gmt":"2022-08-04T12:07:21","slug":"messe-a-st-maigrin-3","status":"publish","type":"tribe_events","link":"https:\/\/catholiques17.fr\/archiac\/event\/messe-a-st-maigrin-3\/","title":{"rendered":"Messe \u00e0 St Maigrin"},"content":{"rendered":"<p>23\u00b0 Dimanche de Septembre\u00a0 :\u00a0 <em>Pr\u00e9f\u00e9rer J\u00e9sus \u00e0 tout<\/em><\/p>\n","protected":false},"excerpt":{"rendered":"<p>23\u00b0 Dimanche de Septembre\u00a0 :\u00a0 Pr\u00e9f\u00e9rer J\u00e9sus \u00e0 tout<\/p>\n","protected":false},"author":39,"featured_media":0,"template":"","meta":{"_et_pb_use_builder":"","_et_pb_old_content":"","_et_gb_content_width":"","_tribe_events_status":"","_tribe_events_status_reason":"","footnotes":""},"tags":[],"tribe_events_cat":[26],"class_list":["post-5722","tribe_events","type-tribe_events","status-publish","hentry","tribe_events_cat-messe","cat_messe"],"_links":{"self":[{"href":"https:\/\/catholiques17.fr\/archiac\/wp-json\/wp\/v2\/tribe_events\/5722","targetHints":{"allow":["GET"]}}],"collection":[{"href":"https:\/\/catholiques17.fr\/archiac\/wp-json\/wp\/v2\/tribe_events"}],"about":[{"href":"https:\/\/catholiques17.fr\/archiac\/wp-json\/wp\/v2\/types\/tribe_events"}],"author":[{"embeddable":true,"href":"https:\/\/catholiques17.fr\/archiac\/wp-json\/wp\/v2\/users\/39"}],"version-history":[{"count":1,"href":"https:\/\/catholiques17.fr\/archiac\/wp-json\/wp\/v2\/tribe_events\/5722\/revisions"}],"predecessor-version":[{"id":5723,"href":"https:\/\/catholiques17.fr\/archiac\/wp-json\/wp\/v2\/tribe_events\/5722\/revisions\/5723"}],"wp:attachment":[{"href":"https:\/\/catholiques17.fr\/archiac\/wp-json\/wp\/v2\/media?parent=5722"}],"wp:term":[{"taxonomy":"post_tag","embeddable":true,"href":"https:\/\/catholiques17.fr\/archiac\/wp-json\/wp\/v2\/tags?post=5722"},{"taxonomy":"tribe_events_cat","embeddable":true,"href":"https:\/\/catholiques17.fr\/archiac\/wp-json\/wp\/v2\/tribe_events_cat?post=5722"}],"curies":[{"name":"wp","href":"https:\/\/api.w.org\/{rel}","templated":true}]}}

Messe à St Maigrin

<p>23° Dimanche de Septembre  :  <em>Préférer Jésus à tout</em></p>

<p>23° Dimanche de Septembre  :  Préférer Jésus à tout</p>
