{"id":5703,"date":"2022-08-04T12:24:06","date_gmt":"2022-08-04T10:24:06","guid":{"rendered":"https:\/\/catholiques17.fr\/archiac\/?post_type=tribe_events&#038;p=5703"},"modified":"2022-08-04T12:24:06","modified_gmt":"2022-08-04T10:24:06","slug":"repas-paroissial-a-st-maigrin","status":"publish","type":"tribe_events","link":"https:\/\/catholiques17.fr\/archiac\/event\/repas-paroissial-a-st-maigrin\/","title":{"rendered":"Repas Paroissial \u00e0 St Maigrin"},"content":{"rendered":"<p>A l&rsquo;issue de la c\u00e9l\u00e9bration de ce dimanche nous sommes tous convi\u00e9s \u00e0 partager un repas convivial en toute fraternit\u00e9.<\/p>\n<p>Une participation de 10 \u20ac est demand\u00e9e.<\/p>\n<p>Renseignements et Inscription au Secr\u00e9tariat de la Paroisse : 05 46 49 10 91<\/p>\n","protected":false},"excerpt":{"rendered":"<p>A l&rsquo;issue de la c\u00e9l\u00e9bration de ce dimanche nous sommes tous convi\u00e9s \u00e0 partager un repas convivial en toute fraternit\u00e9. Une participation de 10 \u20ac est demand\u00e9e. Renseignements et Inscription [&hellip;]<\/p>\n","protected":false},"author":39,"featured_media":0,"template":"","meta":{"_et_pb_use_builder":"","_et_pb_old_content":"","_et_gb_content_width":"","_tribe_events_status":"","_tribe_events_status_reason":"","footnotes":""},"tags":[],"tribe_events_cat":[],"class_list":["post-5703","tribe_events","type-tribe_events","status-publish","hentry"],"_links":{"self":[{"href":"https:\/\/catholiques17.fr\/archiac\/wp-json\/wp\/v2\/tribe_events\/5703","targetHints":{"allow":["GET"]}}],"collection":[{"href":"https:\/\/catholiques17.fr\/archiac\/wp-json\/wp\/v2\/tribe_events"}],"about":[{"href":"https:\/\/catholiques17.fr\/archiac\/wp-json\/wp\/v2\/types\/tribe_events"}],"author":[{"embeddable":true,"href":"https:\/\/catholiques17.fr\/archiac\/wp-json\/wp\/v2\/users\/39"}],"version-history":[{"count":1,"href":"https:\/\/catholiques17.fr\/archiac\/wp-json\/wp\/v2\/tribe_events\/5703\/revisions"}],"predecessor-version":[{"id":5704,"href":"https:\/\/catholiques17.fr\/archiac\/wp-json\/wp\/v2\/tribe_events\/5703\/revisions\/5704"}],"wp:attachment":[{"href":"https:\/\/catholiques17.fr\/archiac\/wp-json\/wp\/v2\/media?parent=5703"}],"wp:term":[{"taxonomy":"post_tag","embeddable":true,"href":"https:\/\/catholiques17.fr\/archiac\/wp-json\/wp\/v2\/tags?post=5703"},{"taxonomy":"tribe_events_cat","embeddable":true,"href":"https:\/\/catholiques17.fr\/archiac\/wp-json\/wp\/v2\/tribe_events_cat?post=5703"}],"curies":[{"name":"wp","href":"https:\/\/api.w.org\/{rel}","templated":true}]}}

Repas Paroissial à St Maigrin

<p>A l&rsquo;issue de la célébration de ce dimanche nous sommes tous conviés à partager un repas convivial en toute fraternité.</p>
<p>Une participation de 10 € est demandée.</p>
<p>Renseignements et Inscription au Secrétariat de la Paroisse : 05 46 49 10 91</p>

<p>A l&rsquo;issue de la célébration de ce dimanche nous sommes tous conviés à partager un repas convivial en toute fraternité. Une participation de 10 € est demandée. Renseignements et Inscription [&hellip;]</p>
