{"id":5701,"date":"2022-08-04T12:14:38","date_gmt":"2022-08-04T10:14:38","guid":{"rendered":"https:\/\/catholiques17.fr\/archiac\/?post_type=tribe_events&#038;p=5701"},"modified":"2022-08-04T12:14:38","modified_gmt":"2022-08-04T10:14:38","slug":"messe-a-la-chapelle-de-puychebrun","status":"publish","type":"tribe_events","link":"https:\/\/catholiques17.fr\/archiac\/event\/messe-a-la-chapelle-de-puychebrun\/","title":{"rendered":"Messe \u00e0 la Chapelle de Puychebrun"},"content":{"rendered":"<p><strong>19\u00b0 Dimanche du Temps Ordinaire<\/strong>\u00a0 \u00a0:\u00a0 \u00a0<em>Soyez Pr\u00eats<\/em><\/p>\n<p>Comme chaque Ann\u00e9e la Communaut\u00e9 Paroissiale de la Petite Champagne comm\u00e9more ce Dimanche la F\u00eate de St Laurent Martyr.<\/p>\n<p>La c\u00e9l\u00e9bration Eucharistique se d\u00e9roulera \u00e0 la Chapelle de Puychebrun, situ\u00e9e sur la commune de St Ciers Champagne \u00e0 10h30 sous les ch\u00eanes.<\/p>\n<p>Cette c\u00e9l\u00e9bration sera pr\u00e9sid\u00e9e par notre Cur\u00e9, le P\u00e8re Camille COLY.<\/p>\n","protected":false},"excerpt":{"rendered":"<p>19\u00b0 Dimanche du Temps Ordinaire\u00a0 \u00a0:\u00a0 \u00a0Soyez Pr\u00eats Comme chaque Ann\u00e9e la Communaut\u00e9 Paroissiale de la Petite Champagne comm\u00e9more ce Dimanche la F\u00eate de St Laurent Martyr. La c\u00e9l\u00e9bration Eucharistique [&hellip;]<\/p>\n","protected":false},"author":39,"featured_media":0,"template":"","meta":{"_et_pb_use_builder":"","_et_pb_old_content":"","_et_gb_content_width":"","_tribe_events_status":"","_tribe_events_status_reason":"","footnotes":""},"tags":[],"tribe_events_cat":[26],"class_list":["post-5701","tribe_events","type-tribe_events","status-publish","hentry","tribe_events_cat-messe","cat_messe"],"_links":{"self":[{"href":"https:\/\/catholiques17.fr\/archiac\/wp-json\/wp\/v2\/tribe_events\/5701","targetHints":{"allow":["GET"]}}],"collection":[{"href":"https:\/\/catholiques17.fr\/archiac\/wp-json\/wp\/v2\/tribe_events"}],"about":[{"href":"https:\/\/catholiques17.fr\/archiac\/wp-json\/wp\/v2\/types\/tribe_events"}],"author":[{"embeddable":true,"href":"https:\/\/catholiques17.fr\/archiac\/wp-json\/wp\/v2\/users\/39"}],"version-history":[{"count":1,"href":"https:\/\/catholiques17.fr\/archiac\/wp-json\/wp\/v2\/tribe_events\/5701\/revisions"}],"predecessor-version":[{"id":5702,"href":"https:\/\/catholiques17.fr\/archiac\/wp-json\/wp\/v2\/tribe_events\/5701\/revisions\/5702"}],"wp:attachment":[{"href":"https:\/\/catholiques17.fr\/archiac\/wp-json\/wp\/v2\/media?parent=5701"}],"wp:term":[{"taxonomy":"post_tag","embeddable":true,"href":"https:\/\/catholiques17.fr\/archiac\/wp-json\/wp\/v2\/tags?post=5701"},{"taxonomy":"tribe_events_cat","embeddable":true,"href":"https:\/\/catholiques17.fr\/archiac\/wp-json\/wp\/v2\/tribe_events_cat?post=5701"}],"curies":[{"name":"wp","href":"https:\/\/api.w.org\/{rel}","templated":true}]}}

Messe à la Chapelle de Puychebrun

<p><strong>19° Dimanche du Temps Ordinaire</strong>   :   <em>Soyez Prêts</em></p>
<p>Comme chaque Année la Communauté Paroissiale de la Petite Champagne commémore ce Dimanche la Fête de St Laurent Martyr.</p>
<p>La célébration Eucharistique se déroulera à la Chapelle de Puychebrun, située sur la commune de St Ciers Champagne à 10h30 sous les chênes.</p>
<p>Cette célébration sera présidée par notre Curé, le Père Camille COLY.</p>

<p>19° Dimanche du Temps Ordinaire   :   Soyez Prêts Comme chaque Année la Communauté Paroissiale de la Petite Champagne commémore ce Dimanche la Fête de St Laurent Martyr. La célébration Eucharistique [&hellip;]</p>
