{"id":5623,"date":"2022-06-21T15:25:04","date_gmt":"2022-06-21T13:25:04","guid":{"rendered":"https:\/\/catholiques17.fr\/archiac\/?post_type=tribe_events&#038;p=5623"},"modified":"2022-06-21T15:25:04","modified_gmt":"2022-06-21T13:25:04","slug":"concert-a-cierzac","status":"publish","type":"tribe_events","link":"https:\/\/catholiques17.fr\/archiac\/event\/concert-a-cierzac\/","title":{"rendered":"Concert \u00e0 Cierzac"},"content":{"rendered":"<p>Concert \u00e0 l&rsquo;Eglise de Cierzac \u00e0 \u00e0 18 h<\/p>\n","protected":false},"excerpt":{"rendered":"<p>Concert \u00e0 l&rsquo;Eglise de Cierzac \u00e0 \u00e0 18 h<\/p>\n","protected":false},"author":39,"featured_media":0,"template":"","meta":{"_et_pb_use_builder":"","_et_pb_old_content":"","_et_gb_content_width":"","_tribe_events_status":"","_tribe_events_status_reason":"","footnotes":""},"tags":[],"tribe_events_cat":[27],"class_list":["post-5623","tribe_events","type-tribe_events","status-publish","hentry","tribe_events_cat-concert","cat_concert"],"_links":{"self":[{"href":"https:\/\/catholiques17.fr\/archiac\/wp-json\/wp\/v2\/tribe_events\/5623","targetHints":{"allow":["GET"]}}],"collection":[{"href":"https:\/\/catholiques17.fr\/archiac\/wp-json\/wp\/v2\/tribe_events"}],"about":[{"href":"https:\/\/catholiques17.fr\/archiac\/wp-json\/wp\/v2\/types\/tribe_events"}],"author":[{"embeddable":true,"href":"https:\/\/catholiques17.fr\/archiac\/wp-json\/wp\/v2\/users\/39"}],"version-history":[{"count":1,"href":"https:\/\/catholiques17.fr\/archiac\/wp-json\/wp\/v2\/tribe_events\/5623\/revisions"}],"predecessor-version":[{"id":5624,"href":"https:\/\/catholiques17.fr\/archiac\/wp-json\/wp\/v2\/tribe_events\/5623\/revisions\/5624"}],"wp:attachment":[{"href":"https:\/\/catholiques17.fr\/archiac\/wp-json\/wp\/v2\/media?parent=5623"}],"wp:term":[{"taxonomy":"post_tag","embeddable":true,"href":"https:\/\/catholiques17.fr\/archiac\/wp-json\/wp\/v2\/tags?post=5623"},{"taxonomy":"tribe_events_cat","embeddable":true,"href":"https:\/\/catholiques17.fr\/archiac\/wp-json\/wp\/v2\/tribe_events_cat?post=5623"}],"curies":[{"name":"wp","href":"https:\/\/api.w.org\/{rel}","templated":true}]}}

Concert à Cierzac

<p>Concert à l&rsquo;Eglise de Cierzac à à 18 h</p>
