{"id":5620,"date":"2022-06-21T15:21:49","date_gmt":"2022-06-21T13:21:49","guid":{"rendered":"https:\/\/catholiques17.fr\/archiac\/?post_type=tribe_events&#038;p=5620"},"modified":"2022-06-21T15:21:49","modified_gmt":"2022-06-21T13:21:49","slug":"concert-la-boite-a-rythmes-a-st-eugene","status":"publish","type":"tribe_events","link":"https:\/\/catholiques17.fr\/archiac\/event\/concert-la-boite-a-rythmes-a-st-eugene\/","title":{"rendered":"Concert &lsquo; la Boite \u00e0 Rythmes &lsquo; \u00e0 St Eug\u00e8ne"},"content":{"rendered":"<p>Eglise de Ste Eug\u00e8ne \u00e0 20h30<\/p>\n","protected":false},"excerpt":{"rendered":"<p>Eglise de Ste Eug\u00e8ne \u00e0 20h30<\/p>\n","protected":false},"author":39,"featured_media":0,"template":"","meta":{"_et_pb_use_builder":"","_et_pb_old_content":"","_et_gb_content_width":"","_tribe_events_status":"","_tribe_events_status_reason":"","footnotes":""},"tags":[],"tribe_events_cat":[27],"class_list":["post-5620","tribe_events","type-tribe_events","status-publish","hentry","tribe_events_cat-concert","cat_concert"],"_links":{"self":[{"href":"https:\/\/catholiques17.fr\/archiac\/wp-json\/wp\/v2\/tribe_events\/5620","targetHints":{"allow":["GET"]}}],"collection":[{"href":"https:\/\/catholiques17.fr\/archiac\/wp-json\/wp\/v2\/tribe_events"}],"about":[{"href":"https:\/\/catholiques17.fr\/archiac\/wp-json\/wp\/v2\/types\/tribe_events"}],"author":[{"embeddable":true,"href":"https:\/\/catholiques17.fr\/archiac\/wp-json\/wp\/v2\/users\/39"}],"version-history":[{"count":1,"href":"https:\/\/catholiques17.fr\/archiac\/wp-json\/wp\/v2\/tribe_events\/5620\/revisions"}],"predecessor-version":[{"id":5621,"href":"https:\/\/catholiques17.fr\/archiac\/wp-json\/wp\/v2\/tribe_events\/5620\/revisions\/5621"}],"wp:attachment":[{"href":"https:\/\/catholiques17.fr\/archiac\/wp-json\/wp\/v2\/media?parent=5620"}],"wp:term":[{"taxonomy":"post_tag","embeddable":true,"href":"https:\/\/catholiques17.fr\/archiac\/wp-json\/wp\/v2\/tags?post=5620"},{"taxonomy":"tribe_events_cat","embeddable":true,"href":"https:\/\/catholiques17.fr\/archiac\/wp-json\/wp\/v2\/tribe_events_cat?post=5620"}],"curies":[{"name":"wp","href":"https:\/\/api.w.org\/{rel}","templated":true}]}}

Concert &lsquo; la Boite à Rythmes &lsquo; à St Eugène

<p>Eglise de Ste Eugène à 20h30</p>
