{"id":5310,"date":"2022-04-20T22:08:40","date_gmt":"2022-04-20T20:08:40","guid":{"rendered":"https:\/\/catholiques17.fr\/archiac\/?post_type=tribe_events&#038;p=5310"},"modified":"2022-05-19T16:06:46","modified_gmt":"2022-05-19T14:06:46","slug":"assemblee-synodale-du-doyenne","status":"publish","type":"tribe_events","link":"https:\/\/catholiques17.fr\/archiac\/event\/assemblee-synodale-du-doyenne\/","title":{"rendered":"Assembl\u00e9e Synodale du Doyenn\u00e9"},"content":{"rendered":"<p>l&rsquo;Equipe d&rsquo;Animation de l&rsquo;Assembl\u00e9e Synodale sera heureuse de vous accueillir, ainsi que toutes les \u00e9quipes fraternelles, de notre Doyenn\u00e9, le samedi 21 Mai de 9h30 \u00e0 17h00 au Presbyt\u00e8re et \u00e0 l&rsquo;Eglise de Montendre.<\/p>\n","protected":false},"excerpt":{"rendered":"<p>l&rsquo;Equipe d&rsquo;Animation de l&rsquo;Assembl\u00e9e Synodale sera heureuse de vous accueillir, ainsi que toutes les \u00e9quipes fraternelles, de notre Doyenn\u00e9, le samedi 21 Mai de 9h30 \u00e0 17h00 au Presbyt\u00e8re et [&hellip;]<\/p>\n","protected":false},"author":39,"featured_media":0,"template":"","meta":{"_et_pb_use_builder":"","_et_pb_old_content":"","_et_gb_content_width":"","_tribe_events_status":"","_tribe_events_status_reason":"","footnotes":""},"tags":[],"tribe_events_cat":[],"class_list":["post-5310","tribe_events","type-tribe_events","status-publish","hentry"],"_links":{"self":[{"href":"https:\/\/catholiques17.fr\/archiac\/wp-json\/wp\/v2\/tribe_events\/5310","targetHints":{"allow":["GET"]}}],"collection":[{"href":"https:\/\/catholiques17.fr\/archiac\/wp-json\/wp\/v2\/tribe_events"}],"about":[{"href":"https:\/\/catholiques17.fr\/archiac\/wp-json\/wp\/v2\/types\/tribe_events"}],"author":[{"embeddable":true,"href":"https:\/\/catholiques17.fr\/archiac\/wp-json\/wp\/v2\/users\/39"}],"version-history":[{"count":5,"href":"https:\/\/catholiques17.fr\/archiac\/wp-json\/wp\/v2\/tribe_events\/5310\/revisions"}],"predecessor-version":[{"id":5388,"href":"https:\/\/catholiques17.fr\/archiac\/wp-json\/wp\/v2\/tribe_events\/5310\/revisions\/5388"}],"wp:attachment":[{"href":"https:\/\/catholiques17.fr\/archiac\/wp-json\/wp\/v2\/media?parent=5310"}],"wp:term":[{"taxonomy":"post_tag","embeddable":true,"href":"https:\/\/catholiques17.fr\/archiac\/wp-json\/wp\/v2\/tags?post=5310"},{"taxonomy":"tribe_events_cat","embeddable":true,"href":"https:\/\/catholiques17.fr\/archiac\/wp-json\/wp\/v2\/tribe_events_cat?post=5310"}],"curies":[{"name":"wp","href":"https:\/\/api.w.org\/{rel}","templated":true}]}}

Assemblée Synodale du Doyenné

<p>l&rsquo;Equipe d&rsquo;Animation de l&rsquo;Assemblée Synodale sera heureuse de vous accueillir, ainsi que toutes les équipes fraternelles, de notre Doyenné, le samedi 21 Mai de 9h30 à 17h00 au Presbytère et à l&rsquo;Eglise de Montendre.</p>

<p>l&rsquo;Equipe d&rsquo;Animation de l&rsquo;Assemblée Synodale sera heureuse de vous accueillir, ainsi que toutes les équipes fraternelles, de notre Doyenné, le samedi 21 Mai de 9h30 à 17h00 au Presbytère et [&hellip;]</p>
